{"id":1185,"date":"2021-06-04T02:28:38","date_gmt":"2021-06-04T02:28:38","guid":{"rendered":"http:\/\/maudep.com.vn\/banhangnuocgiat\/?page_id=1185"},"modified":"2021-06-29T00:56:37","modified_gmt":"2021-06-29T00:56:37","slug":"qua-trinh-phat-trien","status":"publish","type":"page","link":"http:\/\/maudep.com.vn\/banhangnuocgiat\/?page_id=1185","title":{"rendered":"Qu\u00e1 tr\u00ecnh ph\u00e1t tri\u1ec3n"},"content":{"rendered":"<p><strong><span style=\"font-family: 'times new roman', times, serif;font-size: 100%\">C\u00f4ng ty TNHH PGCO v\u1edbi l\u0129nh v\u1ef1c ho\u1ea1t \u0111\u1ed9ng ch\u00ednh l\u00e0 nghi\u00ean c\u1ee9u ph\u00e1t tri\u1ec3n v\u00e0 s\u1ea3n xu\u1ea5t h\u00f3a m\u1ef9 ph\u1ea9m. <\/span><\/strong><\/p>\n<p><span style=\"font-family: 'times new roman', times, serif;font-size: 100%\">S\u1ee9 m\u1ec7nh mang t\u1edbi cho ng\u01b0\u1eddi Vi\u1ec7t Nam m\u1ed9t cu\u1ed9c s\u1ed1ng t\u1ed1t \u0111\u1eb9p h\u01a1n, ban l\u00e3nh \u0111\u1ea1o c\u00f4ng ty lu\u00f4n ch\u00fa tr\u1ecdng t\u1edbi ngu\u1ed3n nguy\u00ean li\u1ec7u nh\u1eadp kh\u1ea9u \u0111\u1ea1t ti\u00eau chu\u1ea9n qu\u1ed1c t\u1ebf, quy tr\u00ecnh s\u1ea3n xu\u1ea5t nghi\u00eam ng\u1eb7t, qu\u1ea3n l\u00fd ch\u1ea5t l\u01b0\u1ee3ng s\u1ea3n ph\u1ea9m ch\u1eb7t ch\u1ebd. <\/span><\/p>\n<p><span style=\"font-family: 'times new roman', times, serif;font-size: 100%\">\u0110\u1ed1i t\u00e1c nh\u00e0 cung c\u1ea5p nguy\u00ean li\u1ec7u th\u00e0nh ph\u1ea7n c\u1ee7a PGCO l\u00e0 c\u00e1c t\u1eadp \u0111o\u00e0n h\u00f3a ch\u1ea5t \u0111a qu\u1ed1c gia nh\u01b0 Mane( Ph\u00e1p ), Kao( Nh\u1eadt B\u1ea3n ), BASF ( \u0110\u1ee9c ), Gaudan( Th\u1ee5y S\u1ef9 ), Learth ( Malaysia ), &#8230; PGCO hi\u1ec7n \u0111ang s\u1ea3n xu\u1ea5t nhi\u1ec1u th\u01b0\u01a1ng hi\u1ec7u h\u00e0ng ti\u00eau d\u00f9ng, h\u00f3a m\u1ef9 ph\u1ea9m t\u1ea9y r\u1eeda nh\u01b0: N\u01b0\u1edbc gi\u1eb7t x\u1ea3 Hi5, n\u01b0\u1edbc gi\u1eb7t x\u1ea3 Surya, n\u01b0\u1edbc r\u1eeda b\u00e1t Fineday, n\u01b0\u1edbc lau s\u00e0n Fineday &#8230; <\/span><\/p>\n<p><span style=\"font-family: 'times new roman', times, serif;font-size: 100%\">C\u00e1c s\u1ea3n ph\u1ea9m c\u1ee7a PGCO hi\u1ec7n \u0111ang c\u00f3 m\u1eb7t tr\u00ean kh\u1eafp c\u00e1c t\u1ec9nh th\u00e0nh r\u1ea3i kh\u1eafp c\u00e1c t\u1ec9nh th\u00e0nh c\u1ea3 n\u01b0\u1edbc. T\u1eebng s\u1ea3n ph\u1ea9m hi\u1ec7n di\u1ec7n trong c\u00e1c gia \u0111\u00ecnh vi\u1ec7t, l\u00e0 tr\u1ee3 th\u1ee7 \u0111\u1eafc l\u1ef1c gi\u00fap c\u00e1c ch\u1ecb em ph\u1ee5 n\u1eef gi\u1ea3m thi\u1ec3u vi\u1ec7c nh\u00e0, t\u1eadn h\u01b0\u1edfng cu\u1ed9c s\u1ed1ng v\u00e0 n\u00e2ng cao gi\u00e1 tr\u1ecb s\u1ed1ng.<\/span><\/p>\n<p><span style=\"font-family: 'times new roman', times, serif;font-size: 100%\"> T\u1ea1i PGCO, ch\u00fang t\u00f4i hi\u1ec3u r\u1eb1ng con ng\u01b0\u1eddi l\u00e0 gi\u00e1 tr\u1ecb c\u1ed1t l\u00f5i c\u1ee7a doanh nghi\u1ec7p PGCO lu\u00f4n h\u01b0\u1edbng t\u1edbi m\u1ee5c ti\u00eau t\u1ea1o d\u1ef1ng m\u1ed9t m\u00f4i tr\u01b0\u1eddng l\u00e0m vi\u1ec7c n\u0103ng \u0111\u1ed9ng, \u0111o\u00e0n k\u1ebft, c\u1edfi m\u1edf v\u00e0 s\u00e1ng t\u1ea1o. <\/span><\/p>\n<p><span style=\"font-family: 'times new roman', times, serif;font-size: 100%\">V\u1edbi t\u1ea5t c\u1ea3 s\u1ef1 n\u1ed7 l\u1ef1c c\u1ee7a to\u00e0n th\u1ec3 ban l\u00e3nh \u0111\u1ea1o c\u00f9ng \u0111\u00f4ng \u0111\u1ea3o c\u00f4ng nh\u00e2n vi\u00ean, PGCO\u0111ang t\u1eebng ng\u00e0y kh\u1eb3ng \u0111\u1ecbnh th\u01b0\u01a1ng hi\u1ec7u Vi\u1ec7t, mang nh\u1eefng gi\u00e1 tr\u1ecb cao nh\u1ea5t \u0111\u1ebfn v\u1edbi ng\u01b0\u1eddi ti\u00eau d\u00f9ng, v\u00ec gia \u0111\u00ecnh Vi\u1ec7t .\u00a0<\/span><\/p>\n","protected":false},"excerpt":{"rendered":"<p>C\u00f4ng ty TNHH PGCO v\u1edbi l\u0129nh v\u1ef1c ho\u1ea1t \u0111\u1ed9ng ch\u00ednh l\u00e0 nghi\u00ean c\u1ee9u ph\u00e1t tri\u1ec3n v\u00e0 s\u1ea3n xu\u1ea5t h\u00f3a m\u1ef9 ph\u1ea9m. S\u1ee9 m\u1ec7nh mang t\u1edbi cho ng\u01b0\u1eddi Vi\u1ec7t Nam m\u1ed9t cu\u1ed9c s\u1ed1ng t\u1ed1t \u0111\u1eb9p h\u01a1n, ban l\u00e3nh \u0111\u1ea1o c\u00f4ng ty lu\u00f4n ch\u00fa tr\u1ecdng t\u1edbi ngu\u1ed3n nguy\u00ean li\u1ec7u nh\u1eadp kh\u1ea9u \u0111\u1ea1t ti\u00eau chu\u1ea9n qu\u1ed1c t\u1ebf, quy [&#8230;]\n","protected":false},"author":1,"featured_media":0,"parent":0,"menu_order":11,"comment_status":"closed","ping_status":"closed","template":"","meta":{"footnotes":""},"_links":{"self":[{"href":"http:\/\/maudep.com.vn\/banhangnuocgiat\/index.php?rest_route=\/wp\/v2\/pages\/1185"}],"collection":[{"href":"http:\/\/maudep.com.vn\/banhangnuocgiat\/index.php?rest_route=\/wp\/v2\/pages"}],"about":[{"href":"http:\/\/maudep.com.vn\/banhangnuocgiat\/index.php?rest_route=\/wp\/v2\/types\/page"}],"author":[{"embeddable":true,"href":"http:\/\/maudep.com.vn\/banhangnuocgiat\/index.php?rest_route=\/wp\/v2\/users\/1"}],"replies":[{"embeddable":true,"href":"http:\/\/maudep.com.vn\/banhangnuocgiat\/index.php?rest_route=%2Fwp%2Fv2%2Fcomments&post=1185"}],"version-history":[{"count":8,"href":"http:\/\/maudep.com.vn\/banhangnuocgiat\/index.php?rest_route=\/wp\/v2\/pages\/1185\/revisions"}],"predecessor-version":[{"id":1578,"href":"http:\/\/maudep.com.vn\/banhangnuocgiat\/index.php?rest_route=\/wp\/v2\/pages\/1185\/revisions\/1578"}],"wp:attachment":[{"href":"http:\/\/maudep.com.vn\/banhangnuocgiat\/index.php?rest_route=%2Fwp%2Fv2%2Fmedia&parent=1185"}],"curies":[{"name":"wp","href":"https:\/\/api.w.org\/{rel}","templated":true}]}}