{"id":1255,"date":"2021-06-07T08:28:10","date_gmt":"2021-06-07T08:28:10","guid":{"rendered":"http:\/\/maudep.com.vn\/banhangnuocgiat\/?post_type=product&#038;p=1255"},"modified":"2021-10-05T03:00:39","modified_gmt":"2021-10-05T03:00:39","slug":"nuoc-giat-huong-nuoc-hoa-38-lit","status":"publish","type":"product","link":"http:\/\/maudep.com.vn\/banhangnuocgiat\/?product=nuoc-giat-huong-nuoc-hoa-38-lit","title":{"rendered":"N\u01b0\u1edbc gi\u1eb7t H\u01b0\u01a1ng N\u01b0\u1edbc hoa 3,8 l\u00edt"},"content":{"rendered":"<p>+ Kh\u00e1ng khu\u1ea9n: Ph\u01b0\u01a1ng ph\u00e1p ch\u1ed1ng khu\u1ea9n hi\u1ec7u qu\u1ea3, mang l\u1ea1i c\u1ea3m gi\u00e1c y\u00ean t\u00e2m khi m\u1eb7c qu\u1ea7n \u00e1o.<\/p>\n<p>+D\u1ec5 gi\u1eb7t x\u1ea3: D\u1ec5 d\u00e0ng tan trong n\u01b0\u1edbc gi\u00fap l\u00e0m s\u1ea1ch c\u00e1c v\u1ebft b\u1ea9n nhanh ch\u00f3ng, kh\u00f4ng \u0111\u1ec3 l\u1ea1i b\u1ed9t c\u1eb7n tr\u00ean qu\u1ea7n \u00e1o, kh\u00f4ng g\u00e2y d\u1ecb \u1ee9ng da.<\/p>\n<p>+Trung t\u00ednh v\u00e0 m\u1ec1m m\u1ea1i: Trung t\u00ednh, b\u1ea3o v\u1ec7 m\u00e0u s\u1eafc, t\u0103ng \u0111\u1ed9 m\u1ec1m m\u1ea1i c\u1ee7a qu\u1ea7n \u00e1o, th\u00edch h\u1ee3p s\u1eed d\u1ee5ng cho c\u1ea3 qu\u1ea7n \u00e1o tr\u1ebb em v\u00e0 \u0111\u1ed3 l\u00f3t.<\/p>\n<p>+ L\u01b0u gi\u1eef h\u01b0\u01a1ng th\u01a1m: L\u01b0u l\u1ea1i h\u01b0\u01a1ng n\u01b0\u1edbc hoa, c\u00f3 hi\u1ec7u qu\u1ea3 kh\u1eed m\u00f9i h\u00f4i tr\u00ean c\u01a1 th\u1ec3.<\/p>\n<p>&nbsp;<\/p>\n","protected":false},"excerpt":{"rendered":"<p>+ Kh\u00e1ng khu\u1ea9n: Ph\u01b0\u01a1ng ph\u00e1p ch\u1ed1ng khu\u1ea9n hi\u1ec7u qu\u1ea3, mang l\u1ea1i c\u1ea3m gi\u00e1c y\u00ean t\u00e2m khi m\u1eb7c qu\u1ea7n \u00e1o. +D\u1ec5 gi\u1eb7t x\u1ea3: D\u1ec5 d\u00e0ng tan trong n\u01b0\u1edbc gi\u00fap l\u00e0m s\u1ea1ch c\u00e1c v\u1ebft b\u1ea9n nhanh ch\u00f3ng, kh\u00f4ng \u0111\u1ec3 l\u1ea1i b\u1ed9t c\u1eb7n tr\u00ean qu\u1ea7n \u00e1o, kh\u00f4ng g\u00e2y d\u1ecb \u1ee9ng da. +Trung t\u00ednh v\u00e0 m\u1ec1m m\u1ea1i: Trung t\u00ednh, [&#8230;]\n","protected":false},"featured_media":1256,"comment_status":"open","ping_status":"closed","template":"","meta":[],"_links":{"self":[{"href":"http:\/\/maudep.com.vn\/banhangnuocgiat\/index.php?rest_route=\/wp\/v2\/product\/1255"}],"collection":[{"href":"http:\/\/maudep.com.vn\/banhangnuocgiat\/index.php?rest_route=\/wp\/v2\/product"}],"about":[{"href":"http:\/\/maudep.com.vn\/banhangnuocgiat\/index.php?rest_route=\/wp\/v2\/types\/product"}],"replies":[{"embeddable":true,"href":"http:\/\/maudep.com.vn\/banhangnuocgiat\/index.php?rest_route=%2Fwp%2Fv2%2Fcomments&post=1255"}],"wp:featuredmedia":[{"embeddable":true,"href":"http:\/\/maudep.com.vn\/banhangnuocgiat\/index.php?rest_route=\/wp\/v2\/media\/1256"}],"wp:attachment":[{"href":"http:\/\/maudep.com.vn\/banhangnuocgiat\/index.php?rest_route=%2Fwp%2Fv2%2Fmedia&parent=1255"}],"curies":[{"name":"wp","href":"https:\/\/api.w.org\/{rel}","templated":true}]}}