{"id":121,"date":"2017-11-06T14:23:06","date_gmt":"2017-11-06T07:23:06","guid":{"rendered":"http:\/\/tuan.raothue.com\/theme\/Dec\/?page_id=121"},"modified":"2018-08-27T08:34:07","modified_gmt":"2018-08-27T01:34:07","slug":"gioi-thieu","status":"publish","type":"page","link":"http:\/\/maudep.com.vn\/chuyengiadienmay\/?page_id=121","title":{"rendered":"Gi\u1edbi thi\u1ec7u"},"content":{"rendered":"<p class=\"Normal\">K\u1ef3 v\u1ecdng lu\u00f4n \u0111i c\u00f9ng \u00e1p l\u1ef1c. \u0110\u00e2y l\u00e0 th\u1eddi \u0111i\u1ec3m nh\u00e0 c\u1ea7m qu\u00e2n ng\u01b0\u1eddi H\u00e0n Qu\u1ed1c ph\u1ea3i \u0111\u01b0a ra nh\u1eefng ph\u01b0\u01a1ng \u00e1n m\u1edbi, b\u1edfi Vi\u1ec7t Nam s\u1ebd b\u01b0\u1edbc v\u00e0o tr\u1eadn \u0111\u1ea5u lo\u1ea1i tr\u1ef1c ti\u1ebfp \u0111\u1ea7u ti\u00ean \u1edf t\u01b0 th\u1ebf c\u1eeda tr\u00ean. HLV Bahrain, Samir Chammam th\u1eeba nh\u1eadn \u0111\u1ed9i b\u00f3ng c\u1ee7a \u00f4ng y\u1ebfu h\u01a1n Vi\u1ec7t Nam. D\u00f9 \u0111\u00e2y l\u00e0 chi\u00eau b\u00e0i t\u00e2m l\u00fd hay th\u1eadt t\u00e2m, nh\u1eefng k\u1ebft qu\u1ea3 g\u1ea7n \u0111\u00e2y c\u0169ng kh\u00f4ng \u1ee7ng h\u1ed9 Bahrain.<\/p>\n<p class=\"Normal\">\u0110\u1ed9i b\u00f3ng T\u00e2y \u00c1 kh\u1edfi \u0111\u1ea7u gi\u1ea3i kh\u00f4ng th\u1ec3 t\u1ec7 h\u01a1n khi thua 0-6 tr\u01b0\u1edbc H\u00e0n Qu\u1ed1c, th\u1ea5t b\u1ea1i n\u1eb7ng n\u1ec1 nh\u1ea5t \u1edf l\u01b0\u1ee3t \u0111\u1ea5u \u0111\u1ea7u ti\u00ean v\u00f2ng b\u1ea3ng. \u1ede tr\u1eadn ti\u1ebfp theo, Bahrain h\u00f2a Kyrgyzstan v\u1edbi t\u1ef7 s\u1ed1 2-2 v\u00e0 ch\u1ec9 gi\u00e0nh quy\u1ec1n \u0111i ti\u1ebfp nh\u1edd chi\u1ebfn th\u1eafng 3-2 tr\u01b0\u1edbc Malaysia &#8211; \u0111\u1ed9i s\u1eed d\u1ee5ng \u0111\u1ed9i h\u00ecnh hai sau khi \u0111\u00e3 s\u1edbm gi\u00e0nh v\u00e9 \u0111i ti\u1ebfp.<\/p>\n<p class=\"Normal\">\u0110\u00e2y l\u00e0 l\u1ea7n \u0111\u1ea7u ti\u00ean Bahrain l\u1ecdt v\u00e0o v\u00f2ng 1\/8 Asiad k\u1ec3 t\u1eeb n\u0103m 2002. \u0110\u1ed9i b\u00f3ng c\u1ee7a HLV Chammam g\u1ed3m to\u00e0n c\u00e1c c\u1ea7u th\u1ee7 tr\u1ebb thu\u1ed9c l\u1ee9a U21, \u0111\u01b0\u1ee3c nh\u1eafm t\u1edbi Olympic 2020. C\u00e1c c\u1ea7u th\u1ee7 Bahrain kh\u00f4ng c\u00f3 nhi\u1ec1u kinh nghi\u1ec7m thi \u0111\u1ea5u \u0111\u1ec9nh cao, th\u1eadm ch\u00ed c\u00f2n kh\u00f4ng th\u1ec3 v\u01b0\u1ee3t qua v\u00f2ng lo\u1ea1i gi\u1ea3i U23 ch\u00e2u \u00c1 h\u1ed3i \u0111\u1ea7u n\u0103m.<\/p>\n<p class=\"Normal\">K\u1ef3 v\u1ecdng lu\u00f4n \u0111i c\u00f9ng \u00e1p l\u1ef1c. \u0110\u00e2y l\u00e0 th\u1eddi \u0111i\u1ec3m nh\u00e0 c\u1ea7m qu\u00e2n ng\u01b0\u1eddi H\u00e0n Qu\u1ed1c ph\u1ea3i \u0111\u01b0a ra nh\u1eefng ph\u01b0\u01a1ng \u00e1n m\u1edbi, b\u1edfi Vi\u1ec7t Nam s\u1ebd b\u01b0\u1edbc v\u00e0o tr\u1eadn \u0111\u1ea5u lo\u1ea1i tr\u1ef1c ti\u1ebfp \u0111\u1ea7u ti\u00ean \u1edf t\u01b0 th\u1ebf c\u1eeda tr\u00ean. HLV Bahrain, Samir Chammam th\u1eeba nh\u1eadn \u0111\u1ed9i b\u00f3ng c\u1ee7a \u00f4ng y\u1ebfu h\u01a1n Vi\u1ec7t Nam. D\u00f9 \u0111\u00e2y l\u00e0 chi\u00eau b\u00e0i t\u00e2m l\u00fd hay th\u1eadt t\u00e2m, nh\u1eefng k\u1ebft qu\u1ea3 g\u1ea7n \u0111\u00e2y c\u0169ng kh\u00f4ng \u1ee7ng h\u1ed9 Bahrain.<\/p>\n<p class=\"Normal\">\u0110\u1ed9i b\u00f3ng T\u00e2y \u00c1 kh\u1edfi \u0111\u1ea7u gi\u1ea3i kh\u00f4ng th\u1ec3 t\u1ec7 h\u01a1n khi thua 0-6 tr\u01b0\u1edbc H\u00e0n Qu\u1ed1c, th\u1ea5t b\u1ea1i n\u1eb7ng n\u1ec1 nh\u1ea5t \u1edf l\u01b0\u1ee3t \u0111\u1ea5u \u0111\u1ea7u ti\u00ean v\u00f2ng b\u1ea3ng. \u1ede tr\u1eadn ti\u1ebfp theo, Bahrain h\u00f2a Kyrgyzstan v\u1edbi t\u1ef7 s\u1ed1 2-2 v\u00e0 ch\u1ec9 gi\u00e0nh quy\u1ec1n \u0111i ti\u1ebfp nh\u1edd chi\u1ebfn th\u1eafng 3-2 tr\u01b0\u1edbc Malaysia &#8211; \u0111\u1ed9i s\u1eed d\u1ee5ng \u0111\u1ed9i h\u00ecnh hai sau khi \u0111\u00e3 s\u1edbm gi\u00e0nh v\u00e9 \u0111i ti\u1ebfp.<\/p>\n<p class=\"Normal\">\u0110\u00e2y l\u00e0 l\u1ea7n \u0111\u1ea7u ti\u00ean Bahrain l\u1ecdt v\u00e0o v\u00f2ng 1\/8 Asiad k\u1ec3 t\u1eeb n\u0103m 2002. \u0110\u1ed9i b\u00f3ng c\u1ee7a HLV Chammam g\u1ed3m to\u00e0n c\u00e1c c\u1ea7u th\u1ee7 tr\u1ebb thu\u1ed9c l\u1ee9a U21, \u0111\u01b0\u1ee3c nh\u1eafm t\u1edbi Olympic 2020. C\u00e1c c\u1ea7u th\u1ee7 Bahrain kh\u00f4ng c\u00f3 nhi\u1ec1u kinh nghi\u1ec7m thi \u0111\u1ea5u \u0111\u1ec9nh cao, th\u1eadm ch\u00ed c\u00f2n kh\u00f4ng th\u1ec3 v\u01b0\u1ee3t qua v\u00f2ng lo\u1ea1i gi\u1ea3i U23 ch\u00e2u \u00c1 h\u1ed3i \u0111\u1ea7u n\u0103m.<\/p>\n","protected":false},"excerpt":{"rendered":"<p>K\u1ef3 v\u1ecdng lu\u00f4n \u0111i c\u00f9ng \u00e1p l\u1ef1c. \u0110\u00e2y l\u00e0 th\u1eddi \u0111i\u1ec3m nh\u00e0 c\u1ea7m qu\u00e2n ng\u01b0\u1eddi H\u00e0n Qu\u1ed1c ph\u1ea3i \u0111\u01b0a ra &hellip; <a class=\"link-more\" href=\"http:\/\/maudep.com.vn\/chuyengiadienmay\/?page_id=121\" class=\"more-link\">\u0110\u1ecdc th\u00eam &raquo;<span class=\"screen-reader-text\"> &#8220;Gi\u1edbi thi\u1ec7u&#8221;<\/span><\/a><\/p>\n","protected":false},"author":1,"featured_media":0,"parent":0,"menu_order":0,"comment_status":"closed","ping_status":"closed","template":"","meta":[],"_links":{"self":[{"href":"http:\/\/maudep.com.vn\/chuyengiadienmay\/index.php?rest_route=\/wp\/v2\/pages\/121"}],"collection":[{"href":"http:\/\/maudep.com.vn\/chuyengiadienmay\/index.php?rest_route=\/wp\/v2\/pages"}],"about":[{"href":"http:\/\/maudep.com.vn\/chuyengiadienmay\/index.php?rest_route=\/wp\/v2\/types\/page"}],"author":[{"embeddable":true,"href":"http:\/\/maudep.com.vn\/chuyengiadienmay\/index.php?rest_route=\/wp\/v2\/users\/1"}],"replies":[{"embeddable":true,"href":"http:\/\/maudep.com.vn\/chuyengiadienmay\/index.php?rest_route=%2Fwp%2Fv2%2Fcomments&post=121"}],"version-history":[{"count":2,"href":"http:\/\/maudep.com.vn\/chuyengiadienmay\/index.php?rest_route=\/wp\/v2\/pages\/121\/revisions"}],"predecessor-version":[{"id":495,"href":"http:\/\/maudep.com.vn\/chuyengiadienmay\/index.php?rest_route=\/wp\/v2\/pages\/121\/revisions\/495"}],"wp:attachment":[{"href":"http:\/\/maudep.com.vn\/chuyengiadienmay\/index.php?rest_route=%2Fwp%2Fv2%2Fmedia&parent=121"}],"curies":[{"name":"wp","href":"https:\/\/api.w.org\/{rel}","templated":true}]}}