{"id":1454,"date":"2018-12-21T11:48:13","date_gmt":"2018-12-21T04:48:13","guid":{"rendered":"http:\/\/maudep.com.vn\/chuyengiadienmay\/?post_type=product&#038;p=1454"},"modified":"2019-05-30T13:59:36","modified_gmt":"2019-05-30T06:59:36","slug":"dieu-hoa-lg-12-000btu-1-chieu-v13ens","status":"publish","type":"product","link":"http:\/\/maudep.com.vn\/chuyengiadienmay\/?product=dieu-hoa-lg-12-000btu-1-chieu-v13ens","title":{"rendered":"\u0110i\u1ec1u h\u00f2a LG 1 chi\u1ec1u 12.000BTU inverter V13ENS"},"content":{"rendered":"<h3 class=\"pd-news-title\">\u0110i\u1ec1u h\u00f2a 1 chi\u1ec1u Inverter LG V13ENS 12.000BTU Dual Cool<\/h3>\n<div class=\"pd-news-content\">\n<h3>Thi\u1ebft k\u1ebf thanh l\u1ecbch, h\u1ee9a h\u1eb9n l\u00e0m h\u00e0i l\u00f2ng b\u1ea5t k\u1ef3 v\u1ecb gia ch\u1ee7 kh\u00f3 t\u00ednh n\u00e0o<\/h3>\n<p>M\u00e1y l\u1ea1nh LG Inverter 1.5 HP V13ENS\u00a0s\u1edf h\u1eefu thi\u1ebft k\u1ebf m\u00e0u tr\u1eafng trung t\u00ednh, \u0111i c\u00f9ng ki\u1ec3u d\u00e1ng \u0111\u01a1n gi\u1ea3n, thanh l\u1ecbch, h\u1ee9a h\u1eb9n s\u1ebd l\u00e0m h\u00e0i l\u00f2ng b\u1ea5t k\u1ef3 v\u1ecb gia ch\u1ee7 kh\u00f3 t\u00ednh n\u00e0o. V\u1edbi\u00a0c\u00f4ng su\u1ea5t 1.5 HP, m\u00e1y l\u1ea1nh l\u00e0 s\u1ef1 l\u1ef1a ch\u1ecdn \u0111\u00e1ng c\u00e2n nh\u1eafc cho ph\u00f2ng 15-20 m2.<\/p>\n<p><img class=\"lazy\" src=\"https:\/\/cdn.mediamart.vn\/Upload\/download\/2018-2-News\/Dhjz44p76PpcQyi.jpg\" data-original=\"https:\/\/cdn.mediamart.vn\/Upload\/download\/2018-2-News\/Dhjz44p76PpcQyi.jpg\" \/><\/p>\n<h3>Kh\u1ea3 n\u0103ng ti\u1ebft ki\u1ec7m \u0111i\u1ec7n n\u0103ng \u0111\u00e1ng kinh ng\u1ea1c, gi\u1ea3m chi ph\u00ed \u0111i\u1ec7n h\u1eb1ng th\u00e1ng<\/h3>\n<p>Kh\u00f4ng ch\u1ec9 c\u00f3 c\u00f4ng ngh\u1ec7\u00a0Smart Inverter, chi\u1ebfc m\u00e1y l\u1ea1nh\u00a0LG\u00a0n\u00e0y c\u00f2n \u0111\u01b0\u1ee3c trang b\u1ecb\u00a0n\u00fat WATT Option\u00a0c\u00f3 kh\u1ea3 n\u0103ng \u0111i\u1ec1u ch\u1ec9nh 4 m\u1ee9c \u0111i\u1ec7n n\u0103ng ti\u00eau th\u1ee5 (100%, 80%, 60%, 40%.) t\u00f9y theo nhu c\u1ea7u s\u1eed d\u1ee5ng c\u1ee7a b\u1ea1n. T\u1eeb \u0111\u00f3 ti\u1ebft ki\u1ec7m chi ph\u00ed \u0111i\u1ec7n n\u0103ng v\u00f4 c\u00f9ng hi\u1ec7u qu\u1ea3 cho gia \u0111\u00ecnh.<\/p>\n<p><img class=\"lazy\" src=\"https:\/\/cdn.mediamart.vn\/Upload\/download\/2018-2-News\/kfCwX9cYQnc3hZ4.jpg\" data-original=\"https:\/\/cdn.mediamart.vn\/Upload\/download\/2018-2-News\/kfCwX9cYQnc3hZ4.jpg\" \/><\/p>\n<h3>T\u1ea5m l\u1ecdc kh\u00e1ng khu\u1ea9n c\u00f3 th\u1ec3 ng\u0103n ch\u1eb7n b\u1ee5i v\u00e0 vi khu\u1ea9n k\u00edch th\u01b0\u1edbc c\u1ef1c nh\u1ecf, b\u1ea3o v\u1ec7 s\u1ee9c kh\u1ecfe cho gia \u0111\u00ecnh<\/h3>\n<p>V\u1edbi\u00a0t\u1ea5m vi l\u1ecdc b\u1ee5i\u00a0c\u00f3 kh\u1ea3 n\u0103ng l\u1ecdc s\u1ea1ch m\u1ecdi b\u1ee5i b\u1ea9n v\u00e0 vi khu\u1ea9n c\u00f3 k\u00edch th\u01b0\u1edbc si\u00eau nh\u1ecf (l\u00ean \u0111\u1ebfn 0.3 nm), m\u00e1y l\u1ea1nh s\u1ebd g\u00f3p ph\u1ea7n ch\u0103m s\u00f3c cho gia \u0111\u00ecnh b\u1ea1n tr\u00e1nh xa nh\u1eefng vi khu\u1ea9n g\u00e2y h\u1ea1i v\u00e0 t\u00e1c nh\u00e2n d\u1ecb \u1ee9ng c\u00f3 trong kh\u00f4ng kh\u00ed, g\u00f3p ph\u1ea7n b\u1ea3o v\u1ec7 \u0111\u01b0\u1eddng h\u00f4 h\u1ea5p cho b\u1ea1n v\u00e0 ng\u01b0\u1eddi th\u00e2n.<\/p>\n<p><img class=\"lazy\" src=\"https:\/\/cdn.mediamart.vn\/Upload\/download\/2018-2-News\/Clo03hmZ97WwUCp.jpg\" data-original=\"https:\/\/cdn.mediamart.vn\/Upload\/download\/2018-2-News\/Clo03hmZ97WwUCp.jpg\" \/><\/p>\n<h3>Nhanh ch\u00f3ng l\u00e0m l\u1ea1nh c\u0103n ph\u00f2ng ch\u1ec9 trong v\u00f2ng 3 ph\u00fat v\u1edbi ch\u1ebf \u0111\u1ed9 Jet Cool ti\u1ec7n l\u1ee3i<\/h3>\n<p>Gi\u1edd \u0111\u00e2y v\u1edbi\u00a0ch\u1ebf \u0111\u1ed9 Jet Cool\u00a0b\u1ea1n s\u1ebd nhanh ch\u00f3ng \u0111\u01b0\u1ee3c t\u1eadn h\u01b0\u1edfng b\u1ea7u kh\u00f4ng gian m\u00e1t l\u1ea1nh, th\u01b0 gi\u00e3n ch\u1ec9 trong v\u00f2ng 3 ph\u00fat m\u00e0 kh\u00f4ng ph\u1ea3i ch\u1edd \u0111\u1ee3i qu\u00e1 l\u00e2u nh\u01b0 nh\u1eefng d\u00f2ng m\u00e1y l\u1ea1nh th\u00f4ng th\u01b0\u1eddng kh\u00e1c. Qu\u00e1 tuy\u1ec7t v\u1eddi ph\u1ea3i kh\u00f4ng n\u00e0o?<\/p>\n<p><img class=\"lazy\" src=\"https:\/\/cdn.mediamart.vn\/Upload\/download\/2018-2-News\/9X8yAHLMqOTLmNZ.jpg\" data-original=\"https:\/\/cdn.mediamart.vn\/Upload\/download\/2018-2-News\/9X8yAHLMqOTLmNZ.jpg\" \/><\/p>\n<h3>Ch\u1ebf \u0111\u1ed9 gi\u00f3 d\u1ec5 ch\u1ecbu ph\u00f9 h\u1ee3p cho gia \u0111\u00ecnh c\u00f3 ng\u01b0\u1eddi gi\u00e0 v\u00e0 tr\u1ebb nh\u1ecf<\/h3>\n<p>N\u1ebfu nh\u01b0 b\u1ea1n d\u1ef1 \u0111\u1ecbnh l\u1eafp\u00a0m\u00e1y l\u1ea1nh\u00a0cho ph\u00f2ng c\u00f3 ng\u01b0\u1eddi gi\u00e0 v\u00e0 tr\u1ebb nh\u1ecf th\u00ec\u00a0m\u00e1y l\u1ea1nh LG V13ENS v\u1edbi t\u00ednh n\u0103ng\u00a0th\u1ed5i gi\u00f3 d\u1ec5 ch\u1ecbu\u00a0s\u1ebd l\u00e0 m\u1ed9t \u0111i\u1ec3m c\u1ed9ng l\u1edbn. V\u1edbi t\u00ednh n\u0103ng n\u00e0y, h\u01a1i l\u1ea1nh s\u1ebd h\u01b0\u1edbng l\u00ean tr\u1ea7n nh\u00e0, kh\u00f4ng ph\u1ea3 tr\u1ef1c ti\u1ebfp v\u00e0o ng\u01b0\u1eddi, gi\u00fap ng\u01b0\u1eddi gi\u00e0 v\u00e0 tr\u1ebb nh\u1ecf kh\u00f4ng b\u1ecb c\u1ea3m l\u1ea1nh.<\/p>\n<p><img class=\"lazy\" src=\"https:\/\/cdn.mediamart.vn\/Upload\/download\/2018-2-News\/Yoy0uO275n2r5KV.jpg\" data-original=\"https:\/\/cdn.mediamart.vn\/Upload\/download\/2018-2-News\/Yoy0uO275n2r5KV.jpg\" \/><\/p>\n<h3>Mang l\u1ea1i gi\u1ea5c ng\u1ee7 s\u00e2u v\u00e0 \u00eam \u00e1i cho ng\u01b0\u1eddi s\u1eed d\u1ee5ng nh\u1edd kh\u1ea3 n\u0103ng t\u1ef1 \u0111i\u1ec1u ch\u1ec9nh nhi\u1ec7t \u0111\u1ed9<\/h3>\n<p>V\u00e0o ban \u0111\u00eam, m\u00e1y l\u1ea1nh s\u1ebd\u00a0t\u1ef1 \u0111i\u1ec1u ch\u1ec9nh nhi\u1ec7t \u0111\u1ed9 (ch\u1ebf \u0111\u1ed9 ng\u1ee7 \u0111\u00eam)\u00a0sao cho ph\u00f9 h\u1ee3p v\u1edbi nhi\u1ec7t \u0111\u1ed9 c\u01a1 th\u1ec3 c\u1ee7a b\u1ea1n, kh\u00f4ng ch\u1ec9 gi\u00fap b\u1ea1n tr\u00e1nh \u0111\u01b0\u1ee3c c\u1ea3m gi\u00e1c qu\u00e1 l\u1ea1nh v\u00e0o ban \u0111\u00eam m\u00e0 n\u00f3 c\u00f2n mang \u0111\u1ebfn cho b\u1ea1n m\u1ed9t gi\u1ea5c ng\u1ee7 ngon, \u00eam \u00e1i sau m\u1ed9t ng\u00e0y l\u00e0m vi\u1ec7c m\u1ec7t m\u1ecfi.<\/p>\n<p><img class=\"lazy\" src=\"https:\/\/cdn.mediamart.vn\/Upload\/download\/2018-2-News\/bLd9805H0NtLH2L.jpg\" data-original=\"https:\/\/cdn.mediamart.vn\/Upload\/download\/2018-2-News\/bLd9805H0NtLH2L.jpg\" \/><\/p>\n<div class=\"cl\"><\/div>\n<\/div>\n<div class=\"nav-news-epx\"><\/div>\n","protected":false},"excerpt":{"rendered":"<ul class=\"l pr-des-featured\">\n<li>\u0110i\u1ec1u h\u00f2a LG inverter V13ENS<\/li>\n<li>1 chi\u1ec1u &#8211; 12000BTU (1.5HP) &#8211; Gas R32<\/li>\n<li>Ti\u1ebft ki\u1ec7m \u0111i\u1ec7n, l\u00e0m l\u1ea1nh nhanh<\/li>\n<li>DI\u1ec7t khu\u1ea9n, kh\u1eed m\u00f9i hi\u1ec7u qu\u1ea3<\/li>\n<li>Xu\u1ea5t x\u1ee9: Ch\u00ednh h\u00e3ng Th\u00e1i Lan<\/li>\n<li>B\u1ea3o h\u00e0nh: M\u00e1y 2 n\u0103m, m\u00e1y n\u00e9n 10 n\u0103m<\/li>\n<\/ul>\n","protected":false},"featured_media":1453,"comment_status":"open","ping_status":"closed","template":"","meta":[],"_links":{"self":[{"href":"http:\/\/maudep.com.vn\/chuyengiadienmay\/index.php?rest_route=\/wp\/v2\/product\/1454"}],"collection":[{"href":"http:\/\/maudep.com.vn\/chuyengiadienmay\/index.php?rest_route=\/wp\/v2\/product"}],"about":[{"href":"http:\/\/maudep.com.vn\/chuyengiadienmay\/index.php?rest_route=\/wp\/v2\/types\/product"}],"replies":[{"embeddable":true,"href":"http:\/\/maudep.com.vn\/chuyengiadienmay\/index.php?rest_route=%2Fwp%2Fv2%2Fcomments&post=1454"}],"wp:featuredmedia":[{"embeddable":true,"href":"http:\/\/maudep.com.vn\/chuyengiadienmay\/index.php?rest_route=\/wp\/v2\/media\/1453"}],"wp:attachment":[{"href":"http:\/\/maudep.com.vn\/chuyengiadienmay\/index.php?rest_route=%2Fwp%2Fv2%2Fmedia&parent=1454"}],"curies":[{"name":"wp","href":"https:\/\/api.w.org\/{rel}","templated":true}]}}