{"id":1467,"date":"2018-12-21T15:02:38","date_gmt":"2018-12-21T08:02:38","guid":{"rendered":"http:\/\/maudep.com.vn\/chuyengiadienmay\/?post_type=product&#038;p=1467"},"modified":"2019-05-30T13:52:54","modified_gmt":"2019-05-30T06:52:54","slug":"dieu-hoa-lg-2-chieu-24-000btu-inverter-b24end","status":"publish","type":"product","link":"http:\/\/maudep.com.vn\/chuyengiadienmay\/?product=dieu-hoa-lg-2-chieu-24-000btu-inverter-b24end","title":{"rendered":"\u0110i\u1ec1u h\u00f2a LG 2 chi\u1ec1u 24.000BTU inverter B24END"},"content":{"rendered":"<h3 class=\"pd-news-title\">\u0110i\u1ec1u h\u00f2a 2 chi\u1ec1u inverter LG B24END 21.500BTU Dual Cool<\/h3>\n<div class=\"pd-news-content\">\n<p><strong>M\u00e1y n\u00e9n DUAL Inverter\u00a0<\/strong><\/p>\n<p>Motor m\u00e1y n\u00e9n v\u1edbi d\u1ea3i t\u1ea7n s\u1ed1 ho\u1ea1t \u0111\u1ed9ng r\u1ed9ng h\u01a1n gi\u00fap ti\u1ebft ki\u1ec7m n\u0103ng l\u01b0\u1ee3ng nhi\u1ec1u h\u01a1n v\u00e0 l\u00e0m m\u00e1t nhanh h\u01a1n m\u00e1y n\u00e9n th\u00f4ng th\u01b0\u1eddng.<\/p>\n<p><img class=\"lazy\" src=\"https:\/\/cdn.mediamart.vn\/Upload\/download\/2018-2-News\/l0UI1n3j27rO0D0.jpg\" data-original=\"https:\/\/cdn.mediamart.vn\/Upload\/download\/2018-2-News\/l0UI1n3j27rO0D0.jpg\" \/><\/p>\n<h3>T\u1ea5m l\u1ecdc kh\u00e1ng khu\u1ea9n<\/h3>\n<p>T\u1ea5m l\u1ecdc kh\u00e1ng khu\u1ea9n l\u00e0 l\u1edbp b\u1ea3o v\u1ec7 ngo\u00e0i c\u00f9ng, b\u1eaft gi\u1eef v\u00e0 lo\u1ea1i b\u1ecf nh\u1eefng b\u1ee5i th\u00f4, b\u1ee5i k\u00edch th\u01b0\u1edbc l\u1edbn h\u01a1n 10 nm ti\u1ec1m \u1ea9n trong kh\u00f4ng kh\u00ed.<\/p>\n<p><img class=\"lazy\" src=\"https:\/\/cdn.mediamart.vn\/Upload\/download\/2018-2-News\/8uzUlH5tyGOMzfm.jpg\" data-original=\"https:\/\/cdn.mediamart.vn\/Upload\/download\/2018-2-News\/8uzUlH5tyGOMzfm.jpg\" \/><\/p>\n<h3>T\u1ef1 \u0111\u1ed9ng l\u00e0m s\u1ea1ch<\/h3>\n<p>Ch\u1ee9c n\u0103ng t\u1ef1 \u0111\u1ed9ng l\u00e0m s\u1ea1ch kh\u00f4ng kh\u00ed b\u1eb1ng c\u00e1ch lo\u1ea1i b\u1ecf c\u00e1c vi khu\u1ea9n v\u00e0 n\u1ea5m m\u1ed1c \u1ea9n ch\u1ee9a trong c\u00e1c v\u1eadt d\u1ee5ng trong nh\u00e0.<\/p>\n<p><img class=\"lazy\" src=\"https:\/\/cdn.mediamart.vn\/Upload\/download\/2018-2-News\/2vJIH3XTV750MaF.jpg\" data-original=\"https:\/\/cdn.mediamart.vn\/Upload\/download\/2018-2-News\/2vJIH3XTV750MaF.jpg\" \/><\/p>\n<h3>L\u00e0m l\u1ea1nh nhanh<\/h3>\n<p>Lu\u1ed3ng kh\u00ed l\u1ea1nh nhanh ch\u00f3ng lan t\u1ecfa \u0111\u1ec1u kh\u1eafp ph\u00f2ng,gi\u1eef cho kh\u00f4ng gian tho\u00e1ng m\u00e1t v\u00e0 tho\u1ea3i m\u00e1i.<\/p>\n<p><img class=\"lazy\" src=\"https:\/\/cdn.mediamart.vn\/Upload\/download\/2018-2-News\/M82HP5wR95wdC8O.jpg\" data-original=\"https:\/\/cdn.mediamart.vn\/Upload\/download\/2018-2-News\/M82HP5wR95wdC8O.jpg\" \/><\/p>\n<h3>V\u1eacN H\u00c0NH \u00caM \u00c1I<\/h3>\n<p>\u0110\u1ed9ng c\u01a1 BLDC v\u00e0 thi\u1ebft k\u1ebf c\u00e1nh qu\u1ea1t xi\u00ean \u0111\u1ed9c quy\u1ec1n gi\u00fap lo\u1ea1i b\u1ecf nh\u1eefng ti\u1ebfng \u1ed3n do \u0111\u1ed9ng c\u01a1 g\u00e2y ra, t\u1eeb \u0111\u00f3 v\u1eadn h\u00e0nh si\u00eau \u00eam. Ngo\u00e0i ra, ch\u1ebf \u0111\u1ed9 ng\u1ee7 \u0111\u00eam c\u00f2n mang l\u1ea1i cho b\u1ea1n gi\u1ea5c ng\u1ee7 tho\u1ea3i m\u00e1i nh\u1ea5t.<\/p>\n<p><img class=\"lazy\" src=\"https:\/\/cdn.mediamart.vn\/Upload\/download\/2018-2-News\/ieoZ9RNVMn3XYqj.jpg\" data-original=\"https:\/\/cdn.mediamart.vn\/Upload\/download\/2018-2-News\/ieoZ9RNVMn3XYqj.jpg\" \/><\/p>\n<h3>H\u01b0\u1edbng gi\u00f3 d\u1ec5 ch\u1ecbu<\/h3>\n<p>Ch\u1ebf \u0111\u1ed9 h\u01b0\u1edbng gi\u00f3 d\u1ec5 ch\u1ecbu gi\u00fap b\u1ea1n tr\u00e1nh kh\u1ecfi lu\u1ed3ng gi\u00f3 th\u1ed5i tr\u1ef1c ti\u1ebfp v\u00e0o c\u01a1 th\u1ec3, \u0111em \u0111\u1ebfn cho b\u1ea1n gi\u1ea5c ng\u1ee7 th\u01b0 gi\u00e3n h\u01a1n<\/p>\n<p><img class=\"lazy\" src=\"https:\/\/cdn.mediamart.vn\/Upload\/download\/2018-2-News\/hRrYA61gA1905Kt.jpg\" data-original=\"https:\/\/cdn.mediamart.vn\/Upload\/download\/2018-2-News\/hRrYA61gA1905Kt.jpg\" \/><\/p>\n<h3>D\u00e0n t\u1ea3n nhi\u1ec7t m\u1ea1 v\u00e0ng<\/h3>\n<p>L\u1edbp ph\u1ee7 \u0111\u1eb7c bi\u1ec7t m\u00e0u v\u00e0ng, b\u1ea3o v\u1ec7 b\u1ec1 m\u1eb7t d\u00e0n t\u1ea3n nhi\u1ec7t, h\u1ea1n ch\u1ebf qu\u00e1 tr\u00ecnh \u0103n m\u00f2n, n\u00e2ng cao tu\u1ed5i th\u1ecd s\u1ea3n ph\u1ea9m.<\/p>\n<p><img class=\"lazy\" src=\"https:\/\/cdn.mediamart.vn\/Upload\/download\/2018-2-News\/RrGU73BWToQvX5V.jpg\" data-original=\"https:\/\/cdn.mediamart.vn\/Upload\/download\/2018-2-News\/RrGU73BWToQvX5V.jpg\" \/><\/p>\n<h3>L\u1eaeP \u0110\u1eb6T NHANH CH\u00d3NG, TI\u1ec6N L\u1ee2I<\/h3>\n<p>\u0110i\u1ec1u h\u00f2a kh\u00f4ng kh\u00ed LG \u0111\u01b0\u1ee3c thi\u1ebft k\u1ebf \u0111\u1ec3 d\u1ec5 d\u00e0ng v\u00e0 hi\u1ec7u qu\u1ea3 h\u01a1n cho qu\u00e1 tr\u00ecnh c\u00e0i \u0111\u1eb7t, kh\u00f4ng ph\u1ee5 thu\u1ed9c v\u00e0o \u0111i\u1ec1u ki\u1ec7n xung quanh v\u00e0 s\u1ed1 l\u01b0\u1ee3ng nh\u00e2n vi\u00ean l\u1eafp \u0111\u1eb7t. B\u1eb1ng vi\u1ec7c gi\u1ea3m th\u1eddi gian v\u00e0 s\u1ed1 l\u01b0\u1ee3ng k\u1ef9 thu\u1eadt vi\u00ean thao t\u00e1c, gi\u1edd \u0111\u00e2y t\u1ed1c \u0111\u1ed9 l\u1eafp m\u00e1y \u0111\u00e3 d\u1ec5 d\u00e0ng &amp; nhanh h\u01a1n.<\/p>\n<p><img class=\"lazy\" src=\"https:\/\/cdn.mediamart.vn\/Upload\/download\/2018-2-News\/JkXfIpW5JzHvWtR.jpg\" data-original=\"https:\/\/cdn.mediamart.vn\/Upload\/download\/2018-2-News\/JkXfIpW5JzHvWtR.jpg\" \/><\/p>\n<div class=\"cl\"><\/div>\n<\/div>\n<div class=\"nav-news-epx\"><\/div>\n","protected":false},"excerpt":{"rendered":"<ul class=\"l pr-des-featured\">\n<li>\u0110i\u1ec1u h\u00f2a LG c\u00f4ng ngh\u1ec7 inverter<\/li>\n<li>2 chi\u1ec1u &#8211; 24.000BTU &#8211; Gas R410A<\/li>\n<li>Thi\u1ebft k\u1ebf tinh t\u1ebf, hi\u1ec7u su\u1ea5t v\u01b0\u1ee3t tr\u1ed9i<\/li>\n<li>T\u1ea5m vi l\u1ecdc b\u1ea3o v\u1ec7 \u0111a n\u0103ng 3M<\/li>\n<li>Xu\u1ea5t x\u1ee9: Ch\u00ednh h\u00e3ng Th\u00e1i Lan<\/li>\n<li>B\u1ea3o h\u00e0nh: Ch\u00ednh h\u00e3ng 24 th\u00e1ng, M\u00e1y n\u00e9n 10 n\u0103m<\/li>\n<\/ul>\n","protected":false},"featured_media":1462,"comment_status":"open","ping_status":"closed","template":"","meta":[],"_links":{"self":[{"href":"http:\/\/maudep.com.vn\/chuyengiadienmay\/index.php?rest_route=\/wp\/v2\/product\/1467"}],"collection":[{"href":"http:\/\/maudep.com.vn\/chuyengiadienmay\/index.php?rest_route=\/wp\/v2\/product"}],"about":[{"href":"http:\/\/maudep.com.vn\/chuyengiadienmay\/index.php?rest_route=\/wp\/v2\/types\/product"}],"replies":[{"embeddable":true,"href":"http:\/\/maudep.com.vn\/chuyengiadienmay\/index.php?rest_route=%2Fwp%2Fv2%2Fcomments&post=1467"}],"wp:featuredmedia":[{"embeddable":true,"href":"http:\/\/maudep.com.vn\/chuyengiadienmay\/index.php?rest_route=\/wp\/v2\/media\/1462"}],"wp:attachment":[{"href":"http:\/\/maudep.com.vn\/chuyengiadienmay\/index.php?rest_route=%2Fwp%2Fv2%2Fmedia&parent=1467"}],"curies":[{"name":"wp","href":"https:\/\/api.w.org\/{rel}","templated":true}]}}