{"id":1855,"date":"2018-12-31T12:38:17","date_gmt":"2018-12-31T05:38:17","guid":{"rendered":"http:\/\/maudep.com.vn\/chuyengiadienmay\/?post_type=product&#038;p=1855"},"modified":"2018-12-31T12:38:17","modified_gmt":"2018-12-31T05:38:17","slug":"tu-lanh-sbs-hitachi-r-s700pgv2-gs-605-lit-bac","status":"publish","type":"product","link":"http:\/\/maudep.com.vn\/chuyengiadienmay\/?product=tu-lanh-sbs-hitachi-r-s700pgv2-gs-605-lit-bac","title":{"rendered":"T\u1ee6 L\u1ea0NH SBS HITACHI R-S700PGV2 (GS) &#8211; 605 L\u00edt (B\u1ea1c)"},"content":{"rendered":"<h3 class=\"pd-news-title\">T\u1ee6 L\u1ea0NH SBS HITACHI R-S700PGV2 (GS) &#8211; 605 L\u00edt (B\u1ea1c)<\/h3>\n<div class=\"pd-news-content\">\n<p><strong>\u0110\u1eb7c \u0111i\u1ec3m n\u1ed5i b\u1eadt<\/strong><\/p>\n<p><strong>L\u00e0m l\u1ea1nh kh\u00f4ng \u0111\u00f3ng tuy\u1ebft<\/strong><br \/>\nT\u1ee7 l\u1ea1nh HITACHI th\u1ebf h\u1ec7 c\u0169 th\u01b0\u1eddng \u0111\u00f3ng tuy\u1ebft, g\u00e2y nhi\u1ec1u h\u1ea1n ch\u1ebf trong qu\u00e1 tr\u00ecnh s\u1eed d\u1ee5ng nh\u01b0 t\u1ed1n \u0111i\u1ec7n, l\u00e0m l\u1ea1nh kh\u00f4ng hi\u1ec7u qu\u1ea3 b\u1edfi nh\u1eefng l\u1edbp tuy\u1ebft d\u1ea7y. Th\u1ebf n\u00ean t\u1ee7 l\u1ea1nh kh\u00f4ng \u0111\u00f3ng tuy\u1ebft \u0111ang d\u1ea7n thay th\u1ebf th\u1ebf h\u1ec7 t\u1ee7 l\u1ea1nh c\u0169 \u0111\u00f3.<br \/>\nTh\u1ef1c ch\u1ea5t d\u00f2ng t\u1ee7 l\u00e0m l\u1ea1nh kh\u00f4ng \u0111\u00f3ng tuy\u1ebft l\u00e0 \u0111\u01b0\u1ee3c thi\u1ebft k\u1ebf th\u00eam ch\u1ebf \u0111\u1ed9 x\u1ea3 tuy\u1ebft t\u1ef1 \u0111\u1ed9ng n\u00ean khi c\u00f3 hi\u1ec7n t\u01b0\u1ee3ng \u0111\u00f3ng tuy\u1ebft, b\u1ed9 ph\u1eadn c\u1ea3m \u1ee9ng s\u1ebd t\u1ef1 \u0111\u1ed9ng kh\u00f4ng cung c\u1ea5p h\u01a1i l\u1ea1nh cho ng\u0103n \u0111\u00e1 \u0111\u1ec3 tuy\u1ebft tan b\u1edbt gi\u00fap t\u1ee7 tr\u1edf l\u1ea1i ho\u1ea1t \u0111\u1ed9ng v\u1edbi c\u00f4ng su\u1ea5t b\u00ecnh th\u01b0\u1eddng . C\u00f4ng ngh\u1ec7 kh\u00f4ng \u0111\u00f3ng tuy\u1ebft c\u00f2n gi\u00fap b\u1ea1n ti\u1ebft ki\u1ec7m r\u1ea5t nhi\u1ec1u th\u1eddi gian v\u1ec1 vi\u1ec7c x\u1ea3 tuy\u1ebft cho t\u1ee7 l\u1ea1nh.<\/p>\n<p><img class=\"lazy\" src=\"https:\/\/cdn.mediamart.vn\/Upload\/download\/2015-6\/tu-lanh-sbs-hitachi-r-s700pgv2-gs-589l-2-cua_029a3fdc-f3d8-4d2a-b69a-e0bf4f0463f2.png\" data-original=\"https:\/\/cdn.mediamart.vn\/Upload\/download\/2015-6\/tu-lanh-sbs-hitachi-r-s700pgv2-gs-589l-2-cua_029a3fdc-f3d8-4d2a-b69a-e0bf4f0463f2.png\" \/><\/p>\n<p>&nbsp;<\/p>\n<p><strong>\u0110\u00e8n LED ti\u1ebft ki\u1ec7m n\u0103ng l\u01b0\u1ee3ng<\/strong><br \/>\n\u00c1nh s\u00e1ng t\u1eeb \u0111\u00e8n LED l\u00e0m kh\u00f4ng gian t\u1ee7 s\u00e1ng s\u1ee7a h\u01a1n v\u00e0 ti\u1ebft ki\u1ec7m \u0111i\u1ec7n hi\u1ec7u qu\u1ea3.<\/p>\n<p><strong>Ng\u0103n rau qu\u1ea3 duy tr\u00ec d\u01b0\u1ee1ng ch\u1ea5t<\/strong><br \/>\nT\u1ee7 l\u1ea1nh thi\u1ebft k\u1ebf h\u1ed9c rau qu\u1ea3 lu\u00f4n duy tr\u00ec \u0111i\u1ec1u ki\u1ec7n l\u00fd t\u01b0\u1edfng nh\u1ea5t cho rau qu\u1ea3 lu\u00f4n t\u01b0\u01a1i ngon, gi\u1eef vitamin nguy\u00ean v\u1eb9n.<br \/>\n<img class=\"lazy\" src=\"https:\/\/cdn.mediamart.vn\/Upload\/download\/2015-6\/tu-lanh-sbs-hitachi-r-s700pgv2-gs-589l-2-cua_94b661db-1efe-46a0-a6aa-565b99009590.png\" data-original=\"https:\/\/cdn.mediamart.vn\/Upload\/download\/2015-6\/tu-lanh-sbs-hitachi-r-s700pgv2-gs-589l-2-cua_94b661db-1efe-46a0-a6aa-565b99009590.png\" \/><\/p>\n<p>&nbsp;<\/p>\n<p><img class=\"lazy\" src=\"https:\/\/cdn.mediamart.vn\/Upload\/download\/2015-6\/tu-lanh-sbs-hitachi-r-s700pgv2-gs-589l-2-cua_990a8233-ebd7-406e-ba0b-800868eb3c2e.png\" data-original=\"https:\/\/cdn.mediamart.vn\/Upload\/download\/2015-6\/tu-lanh-sbs-hitachi-r-s700pgv2-gs-589l-2-cua_990a8233-ebd7-406e-ba0b-800868eb3c2e.png\" \/><\/p>\n<p>&nbsp;<\/p>\n<p><strong>Ph\u00e2n b\u1ed5 kh\u00ed l\u1ea1nh \u0111\u1ed3ng \u0111\u1ec1u v\u00e0 hi\u1ec7u qu\u1ea3<\/strong><br \/>\nB\u1eb1ng c\u00e1ch ph\u1ea9n b\u1ed5 nhi\u1ec7t \u0111\u1ed3ng \u0111\u1ec1u, gi\u1ea3m thi\u1ec3u s\u1ef1 t\u0103ng \u0111\u1ed5i nhi\u1ec7t \u0111\u1ed9 b\u1ea5t th\u01b0\u1eddng va 2tr\u00e1nh lu\u1ed3ng kh\u00edl\u1ea1nh th\u1ed5i tr\u1ef1c ti\u1ebfp v\u00e0o th\u1ef1c ph\u1ea9m, h\u1ec7 th\u1ed1ng l\u00e0m l\u1ea1nh Minus-Zero gi\u00fap th\u1ef1c ph\u1ea9m kh\u00f4ng b\u1ecb kh\u00f4, kh\u00f4ng b\u1ecb \u0111\u00f4ng \u0111\u00e1 v\u00ec v\u1eady lu\u00f4n gi\u1eef \u0111\u01b0\u1ee3c s\u1ef1 t\u01b0\u01a1i ngon v\u00e0 m\u00f9i v\u1ecb c\u1ee7a th\u1ef1c ph\u1ea9m.<\/p>\n<p><strong>K\u1ec7 k\u00ednh ch\u1ecbu l\u1ef1c<\/strong><br \/>\nKhay k\u00ednh trong su\u1ed1t b\u1eb1ng ch\u1ea5t li\u1ec7u ch\u1ecbu l\u1ef1c cao, vi\u1ec1n ch\u1ed1ng tr\u00e0n gi\u00fap b\u1ea1n ch\u1ee9a \u0111\u01b0\u1ee3c nhi\u1ec1u th\u1ef1c ph\u1ea9m v\u00e0 d\u1ec5 d\u00e0ng v\u1ec7 sinh k\u1ec7.<br \/>\n<img class=\"lazy\" src=\"https:\/\/cdn.mediamart.vn\/Upload\/download\/2015-6\/tu-lanh-sbs-hitachi-r-s700pgv2-gs-589l-2-cua_4e9b5cf9-d548-4a7d-bb3b-084aec41ba77.png\" data-original=\"https:\/\/cdn.mediamart.vn\/Upload\/download\/2015-6\/tu-lanh-sbs-hitachi-r-s700pgv2-gs-589l-2-cua_4e9b5cf9-d548-4a7d-bb3b-084aec41ba77.png\" \/><\/p>\n<\/div>\n","protected":false},"excerpt":{"rendered":"<p>&#8211; Lo\u1ea1i t\u1ee7: 2 c\u00e1nh, Side by Side<br \/>\n&#8211; Dung t\u00edch: 605 L\u00edt<br \/>\n&#8211; C\u00f4ng su\u1ea5t: 195W &#8211; 230W<br \/>\n&#8211; K\u00edch th\u01b0\u1edbc: 920 x 765 x 1.775mm<\/p>\n<p>&nbsp;<\/p>\n","protected":false},"featured_media":1857,"comment_status":"open","ping_status":"closed","template":"","meta":[],"_links":{"self":[{"href":"http:\/\/maudep.com.vn\/chuyengiadienmay\/index.php?rest_route=\/wp\/v2\/product\/1855"}],"collection":[{"href":"http:\/\/maudep.com.vn\/chuyengiadienmay\/index.php?rest_route=\/wp\/v2\/product"}],"about":[{"href":"http:\/\/maudep.com.vn\/chuyengiadienmay\/index.php?rest_route=\/wp\/v2\/types\/product"}],"replies":[{"embeddable":true,"href":"http:\/\/maudep.com.vn\/chuyengiadienmay\/index.php?rest_route=%2Fwp%2Fv2%2Fcomments&post=1855"}],"wp:featuredmedia":[{"embeddable":true,"href":"http:\/\/maudep.com.vn\/chuyengiadienmay\/index.php?rest_route=\/wp\/v2\/media\/1857"}],"wp:attachment":[{"href":"http:\/\/maudep.com.vn\/chuyengiadienmay\/index.php?rest_route=%2Fwp%2Fv2%2Fmedia&parent=1855"}],"curies":[{"name":"wp","href":"https:\/\/api.w.org\/{rel}","templated":true}]}}