{"id":1880,"date":"2018-12-31T15:16:25","date_gmt":"2018-12-31T08:16:25","guid":{"rendered":"http:\/\/maudep.com.vn\/chuyengiadienmay\/?post_type=product&#038;p=1880"},"modified":"2018-12-31T15:16:26","modified_gmt":"2018-12-31T08:16:26","slug":"tu-lanh-hitachi-3-cua-r-sg38fpgv-gbw-375l-inverter","status":"publish","type":"product","link":"http:\/\/maudep.com.vn\/chuyengiadienmay\/?product=tu-lanh-hitachi-3-cua-r-sg38fpgv-gbw-375l-inverter","title":{"rendered":"T\u1ee7 l\u1ea1nh Hitachi 3 c\u1eeda R-SG38FPGV (GBW) 375L Inverter"},"content":{"rendered":"<h3 class=\"pd-news-title\">T\u1ee7 l\u1ea1nh Hitachi 3 c\u1eeda R-SG38FPGV (GBW) 375L Inverter<\/h3>\n<div class=\"pd-news-content\">\n<h3>T\u1ee7 l\u1ea1nh Hitachi R-SG38FPGV (GBW) 375L Inverter<\/h3>\n<p><strong>Thi\u1ebft k\u1ebf sang tr\u1ecdng, \u0111\u1eb9p m\u1eaft<\/strong><br \/>\nT\u1ee7 l\u1ea1nh Hitachi\u00a0R-SG38FPGV(GBW)\u00a0thu\u1ed9c d\u00f2ng t\u1ee7 l\u1ea1nh ba c\u1eeda \u0111\u01b0\u1ee3c thi\u1ebft k\u1ebf v\u1edbi ki\u1ec3u d\u00e1ng sang tr\u1ecdng, m\u00e0u s\u1eafc n\u1ed5i b\u1eadt mang t\u1edbi v\u1ebb hi\u1ec7n \u0111\u1ea1i cho ph\u00f2ng b\u1ebfp c\u1ee7a b\u1ea1n. S\u1ea3n ph\u1ea9m c\u00f3 nhi\u1ec1u ng\u0103n, dung t\u00edch l\u1edbn gi\u00fap b\u1ea1n nhi\u1ec1u s\u1ef1 l\u1ef1a ch\u1ecdn \u0111\u1ec3 l\u01b0u tr\u1eef c\u00e1c lo\u1ea1i th\u1ef1c ph\u1ea9m kh\u00e1c nhau.<\/p>\n<p><img class=\"lazy\" src=\"https:\/\/cdn02.static-adayroi.com\/0\/2017\/03\/02\/148844726478_7402118.jpg\" data-original=\"https:\/\/cdn02.static-adayroi.com\/0\/2017\/03\/02\/148844726478_7402118.jpg\" \/><\/p>\n<p><strong>H\u1ec7 th\u1ed1ng l\u00e0m l\u1ea1nh k\u00e9p l\u00e0m l\u1ea1nh nhanh<\/strong><br \/>\nT\u1ee7 l\u1ea1nh Hitachi\u00a0R-SG38FPGV(GBW) trang b\u1ecb h\u1ec7 th\u1ed1ng qu\u1ea1t k\u00e9p gi\u00fap t\u1eebng ng\u0103n t\u1ee7 \u0111\u01b0\u1ee3c l\u00e0m l\u1ea1nh m\u1ed9t c\u00e1ch \u0111\u1ed9c l\u1eadp, n\u00e2ng cao hi\u1ec7u su\u1ea5t l\u00e0m l\u1ea1nh nhanh\u00a0v\u00e0 ti\u1ebft ki\u1ec7m \u0111i\u1ec7n n\u0103ng s\u1eed d\u1ee5ng hi\u1ec7u qu\u1ea3.\u00a0V\u1edbi t\u00ednh n\u0103ng n\u00e0y, c\u00e1c th\u1ef1c ph\u1ea9m s\u1ebd \u0111\u01b0\u1ee3c b\u1ea3o qu\u1ea3n m\u1ed9t c\u00e1ch t\u1ed1t h\u01a1n.<\/p>\n<p><img class=\"lazy\" src=\"https:\/\/cdn02.static-adayroi.com\/0\/2015\/12\/29\/1451368410285_3948398.jpg\" data-original=\"https:\/\/cdn02.static-adayroi.com\/0\/2015\/12\/29\/1451368410285_3948398.jpg\" \/><br \/>\n<strong>C\u00f4ng ngh\u1ec7 inverter ti\u1ebft ki\u1ec7m \u0111i\u1ec7n n\u0103ng<\/strong><br \/>\nT\u1ee7 l\u1ea1nh Hitachi\u00a0R-SG38FPGV(GBW) s\u1eed d\u1ee5ng m\u00e1y n\u00e9n\u00a0bi\u1ebfn t\u1ea7n inverter\u00a0c\u00f3 kh\u1ea3 n\u0103ng \u0111i\u1ec1u ch\u1ec9nh ch\u1ebf \u0111\u1ed9 l\u00e0m l\u1ea1nh theo nhi\u1ec1u c\u1ea5p \u0111\u1ed9 kh\u00e1c nhau, ti\u1ebft ki\u1ec7n \u0111i\u1ec7n n\u0103ng hi\u1ec7u qu\u1ea3, l\u00e0m l\u1ea1nh c\u1ef1c m\u1ea1nh, ho\u1ea1t \u0111\u1ed9ng \u1ed5n \u0111\u1ecbnh. M\u00e1y l\u1ea1nh\u00a0ti\u1ebft ki\u1ec7m n\u0103ng l\u01b0\u1ee3ng nh\u1edd kh\u1ea3 n\u0103ng gi\u1ea3m ma s\u00e1t khi ho\u1ea1t \u0111\u1ed9ng, linh ho\u1ea1t \u0111i\u1ec1u ch\u1ec9nh ho\u1ea1t \u0111\u1ed9ng th\u00edch h\u1ee3p \u0111\u1ed3ng th\u1eddi gi\u00fap m\u00e1y ho\u1ea1t \u0111\u1ed9ng \u00eam \u00e1i v\u00e0 b\u1ec1n b\u1ec9.<\/p>\n<p><img class=\"lazy\" src=\"https:\/\/cdn02.static-adayroi.com\/0\/2015\/12\/29\/1451368423626_4467742.jpg\" data-original=\"https:\/\/cdn02.static-adayroi.com\/0\/2015\/12\/29\/1451368423626_4467742.jpg\" \/><br \/>\n<strong>H\u1ec7 th\u1ed1ng kh\u1eed m\u00f9i ho\u00e0n h\u1ea3o\u00a0Nano Titanium<\/strong><br \/>\nT\u1ee7 l\u1ea1nh Hitachi\u00a0R-SG38FPGV(GBW) s\u1eed d\u1ee5ng c\u00f4ng ngh\u1ec7 kh\u1eed m\u00f9i kh\u00e1ng khu\u1ea9n Nano Titanium gi\u00fap l\u1ecdc s\u1ea1ch vi khu\u1ea9n, n\u1ea5m m\u1ed1c v\u00e0 kh\u1eed m\u00f9i h\u00f4i c\u1ee7a th\u1ef1c ph\u1ea9m. Qua \u0111\u00f3, th\u1ef1c ph\u1ea9m s\u1ebd gi\u1eef \u0111\u01b0\u1ee3c s\u1ef1 t\u01b0\u01a1i, ngon v\u00e0 c\u00e1c ch\u1ea5t dinh d\u01b0\u1ee1ng l\u00e2u h\u01a1n c\u00e1c lo\u1ea1i t\u1ee7 l\u1ea1nh kh\u00e1c.<\/p>\n<p><img class=\"lazy\" src=\"https:\/\/cdn02.static-adayroi.com\/0\/2017\/03\/02\/1488446724422_5881360.jpg\" data-original=\"https:\/\/cdn02.static-adayroi.com\/0\/2017\/03\/02\/1488446724422_5881360.jpg\" \/><\/p>\n<p><strong>C\u1ea3m bi\u1ebfn nhi\u1ec7t Eco th\u00f4ng minh\u00a0<\/strong><br \/>\nT\u1ee7 l\u1ea1nh 3 c\u00e1nh\u00a0Hitachi\u00a0R-SG38FPGV(GBW) c\u00f3 kh\u1ea3 n\u0103ng ghi nh\u1eadn thay \u0111\u1ed5i v\u1ec1 nhi\u1ec7t \u0111\u1ed9 b\u00ean trong t\u1ee7 v\u00e0 m\u00f4i tr\u01b0\u1eddng xung quanh, t\u1eeb \u0111\u00f3 l\u1ef1a ch\u1ecdn ch\u1ebf \u0111\u1ed9 l\u00e0m l\u1ea1nh hi\u1ec7u qu\u1ea3, gi\u00fap th\u1ef1c ph\u1ea9m lu\u00f4n \u0111\u01b0\u1ee3c gi\u1eef t\u01b0\u01a1i ngon v\u00e0 ti\u1ebft ki\u1ec7m \u0111i\u1ec7n hi\u1ec7u qu\u1ea3.<\/p>\n<p><img class=\"lazy\" src=\"https:\/\/cdn02.static-adayroi.com\/0\/2017\/03\/02\/148844675089_8930550.jpg\" data-original=\"https:\/\/cdn02.static-adayroi.com\/0\/2017\/03\/02\/148844675089_8930550.jpg\" \/><\/p>\n<div class=\"cl\"><\/div>\n<\/div>\n<div class=\"nav-news-epx\"><\/div>\n","protected":false},"excerpt":{"rendered":"<p>&#8211; Lo\u1ea1i: 3\u00a0c\u00e1nh\/ D\u00f2ng c\u1eeda g\u01b0\u01a1ng\/ C\u00f4ng ngh\u1ec7 Inverter<br \/>\n&#8211; T\u1ed5ng dung t\u00edch: 375 L\u00edt<br \/>\n&#8211; D\u00f2ng c\u1eeda g\u01b0\u01a1ng\/ C\u00f4ng su\u1ea5t: 125W<br \/>\n&#8211; Kh\u1eed m\u00f9i v\u00e0 di\u1ec7t khu\u1ea9n NANO Titanium<\/p>\n<p>&nbsp;<\/p>\n","protected":false},"featured_media":1881,"comment_status":"open","ping_status":"closed","template":"","meta":[],"_links":{"self":[{"href":"http:\/\/maudep.com.vn\/chuyengiadienmay\/index.php?rest_route=\/wp\/v2\/product\/1880"}],"collection":[{"href":"http:\/\/maudep.com.vn\/chuyengiadienmay\/index.php?rest_route=\/wp\/v2\/product"}],"about":[{"href":"http:\/\/maudep.com.vn\/chuyengiadienmay\/index.php?rest_route=\/wp\/v2\/types\/product"}],"replies":[{"embeddable":true,"href":"http:\/\/maudep.com.vn\/chuyengiadienmay\/index.php?rest_route=%2Fwp%2Fv2%2Fcomments&post=1880"}],"wp:featuredmedia":[{"embeddable":true,"href":"http:\/\/maudep.com.vn\/chuyengiadienmay\/index.php?rest_route=\/wp\/v2\/media\/1881"}],"wp:attachment":[{"href":"http:\/\/maudep.com.vn\/chuyengiadienmay\/index.php?rest_route=%2Fwp%2Fv2%2Fmedia&parent=1880"}],"curies":[{"name":"wp","href":"https:\/\/api.w.org\/{rel}","templated":true}]}}