{"id":1940,"date":"2019-01-01T14:08:14","date_gmt":"2019-01-01T07:08:14","guid":{"rendered":"http:\/\/maudep.com.vn\/chuyengiadienmay\/?post_type=product&#038;p=1940"},"modified":"2019-01-01T14:08:14","modified_gmt":"2019-01-01T07:08:14","slug":"tu-lanh-mitsubishi-electric-mr-f62eh-brw-v-510-lit","status":"publish","type":"product","link":"http:\/\/maudep.com.vn\/chuyengiadienmay\/?product=tu-lanh-mitsubishi-electric-mr-f62eh-brw-v-510-lit","title":{"rendered":"T\u1ee7 l\u1ea1nh Mitsubishi Electric MR-F62EH-BRW-V &#8211; 510 L\u00edt"},"content":{"rendered":"<h3 class=\"pd-news-title\">T\u1ee7 l\u1ea1nh Mitsubishi Electric MR-F62EH-BRW-V &#8211; 510 L\u00edt<\/h3>\n<div class=\"pd-news-content\">\n<p><strong>\u0110\u1eb7c \u0111i\u1ec3m n\u1ed5i b\u1eadt<\/strong><\/p>\n<p>&nbsp;<\/p>\n<p><img class=\"lazy\" src=\"https:\/\/cdn.mediamart.vn\/Upload\/download\/2015-5\/mr-f62eh-sw-v_8ae7bc52-5267-4306-9974-4bb2f85a8da5.png\" data-original=\"https:\/\/cdn.mediamart.vn\/Upload\/download\/2015-5\/mr-f62eh-sw-v_8ae7bc52-5267-4306-9974-4bb2f85a8da5.png\" \/><\/p>\n<p>&nbsp;<\/p>\n<p><strong>T\u00ednh n\u0103ng kh\u1eed m\u00f9i b\u1eb1ng \u0111\u00e8n V-LED<\/strong><br \/>\nT\u1ee7 l\u1ea1nh MITSUBISHI MR-F62EH-BRW-V\u00a0c\u00f3 \u0111\u00e8n V-LED\u00a0gi\u00fap t\u1ee7 l\u1ea1nh t\u0103ng kh\u1ea3 n\u0103ng kh\u1eed m\u00f9i, m\u00f9i t\u1eeb c\u00e1c th\u1ef1c ph\u1ea9m n\u1eb7ng m\u00f9i kh\u00f3 c\u00f3 th\u1ec3 lan sang c\u00e1c th\u1ef1c ph\u1ea9m kh\u00e1c.<\/p>\n<p>&nbsp;<\/p>\n<p><img class=\"lazy\" src=\"https:\/\/cdn.mediamart.vn\/Upload\/download\/2015-5\/mr-f62eh-sw-v_918f29d9-c876-4bed-8030-6a9b8b4f9f83.png\" data-original=\"https:\/\/cdn.mediamart.vn\/Upload\/download\/2015-5\/mr-f62eh-sw-v_918f29d9-c876-4bed-8030-6a9b8b4f9f83.png\" \/><\/p>\n<p>&nbsp;<\/p>\n<p><strong>Khay \u0111\u00e1 xoay l\u1ea5y \u0111\u00e1 nhanh ch\u00f3ng, ti\u1ec7n l\u1ee3i<\/strong><br \/>\nT\u1ee7 l\u1ea1nh MITSUBISHI MR-F62EH-BRW-V\u00a0\u0111\u01b0\u1ee3c trang b\u1ecb\u00a0khay \u0111\u00e1 xoay v\u1eeba gi\u00fap l\u00e0m \u0111\u00e1 nhanh v\u1eeba c\u00f3 th\u1ec3 d\u1ec5 d\u00e0ng l\u1ea5y \u0111\u00e1\u00a0ch\u1ec9 sau m\u1ed9t thao t\u00e1c \u0111\u01a1n gi\u1ea3n, nhanh ch\u00f3ng, ti\u1ec7n l\u1ee3i.<\/p>\n<p>&nbsp;<\/p>\n<p><img class=\"lazy\" src=\"https:\/\/cdn.mediamart.vn\/Upload\/download\/2015-5\/mr-f62eh-sw-v_678ca458-57f7-42c2-9286-514ef33f2378.png\" data-original=\"https:\/\/cdn.mediamart.vn\/Upload\/download\/2015-5\/mr-f62eh-sw-v_678ca458-57f7-42c2-9286-514ef33f2378.png\" \/><\/p>\n<p>&nbsp;<\/p>\n<p><strong>Ch\u1ee9c n\u0103ng t\u1ea1o vitamin cho th\u1ef1c ph\u1ea9m lu\u00f4n t\u01b0\u01a1i ngon<\/strong><br \/>\n\u00c1nh s\u00e1ng \u0111\u00e8n LED m\u00e0u cam trong t\u1ee7 l\u1ea1nh \u0111\u00f3ng vai tr\u00f2 nh\u01b0 ngu\u1ed3n \u00e1nh s\u00e1ng m\u1eb7t tr\u1eddi\u00a0\u0111\u1ec3 t\u1ea1o m\u00f4i tr\u01b0\u1eddng quang h\u1ee3p cho th\u1ef1c ph\u1ea9m, gi\u00fap th\u1ef1c ph\u1ea9m t\u01b0\u01a1i ngon h\u01a1n.<\/p>\n<p>&nbsp;<\/p>\n<p><img class=\"lazy\" src=\"https:\/\/cdn.mediamart.vn\/Upload\/download\/2015-5\/mr-f62eh-sw-v_fd8524c1-1edb-4586-8633-fb8bc85d6ff0.png\" data-original=\"https:\/\/cdn.mediamart.vn\/Upload\/download\/2015-5\/mr-f62eh-sw-v_fd8524c1-1edb-4586-8633-fb8bc85d6ff0.png\" \/><\/p>\n<p>&nbsp;<\/p>\n<p>&nbsp;<\/p>\n<p><strong>B\u1ea3o v\u1ec7 th\u1ef1c ph\u1ea9m v\u1edbi h\u1ec7 th\u1ed1ng l\u00e0m l\u1ea1nh xung quanh<\/strong><br \/>\nH\u1ec7 th\u1ed1ng l\u00e0m l\u1ea1nh xung quanh \u0111\u01b0a kh\u00ed l\u1ea1nh c\u00f9ng c\u00e1c h\u1ea1t ion \u00e2m \u0111\u1ebfn kh\u1eafp n\u01a1i trong t\u1ee7, kh\u00ed l\u1ea1nh l\u00e0m l\u1ea1nh \u2013 Ion \u00e2m\u00a0di\u1ec7t khu\u1ea9n kh\u1eed m\u00f9i gi\u00fap th\u1ef1c ph\u1ea9m t\u01b0\u01a1i ngon l\u00e2u h\u01a1n.<\/p>\n<p>&nbsp;<\/p>\n<p><img class=\"lazy\" src=\"https:\/\/cdn.mediamart.vn\/Upload\/download\/2015-5\/mr-f62eh-sw-v_e9d3fe8c-2658-4e80-a575-31ba00ccc76a.png\" data-original=\"https:\/\/cdn.mediamart.vn\/Upload\/download\/2015-5\/mr-f62eh-sw-v_e9d3fe8c-2658-4e80-a575-31ba00ccc76a.png\" \/><\/p>\n<p>&nbsp;<\/p>\n<p><strong>Ion \u00e2m \u0111\u01b0\u1ee3c gi\u1ea3i ph\u00f3ng, ng\u0103n ng\u1eeba vi khu\u1ea9n<\/strong><br \/>\nT\u1ee7 l\u1ea1nh MITSUBISHI MR-F62EH-BRW-V\u00a0c\u00f3 Ion \u00e2m \u0111\u01b0\u1ee3c gi\u1ea3i ph\u00f3ng,\u00a0v\u1eadn chuy\u1ec3n \u0111\u1ebfn kh\u1eafp t\u1ee7 l\u1ea1nh c\u00f9ng lu\u1ed3ng kh\u00ed l\u00e0m l\u1ea1nh ph\u00e1t t\u00e1n kh\u1eafp t\u1ee7 gi\u00fap ng\u0103n ng\u1eeba s\u1ef1 ph\u00e1t tri\u1ec3n c\u1ee7a vi khu\u1ea9n.<\/p>\n<p>&nbsp;<\/p>\n<p><img class=\"lazy\" src=\"https:\/\/cdn.mediamart.vn\/Upload\/download\/2015-5\/mr-f62eh-sw-v_2a7708e4-0cf3-4cd7-826f-ddfd9685a907.png\" data-original=\"https:\/\/cdn.mediamart.vn\/Upload\/download\/2015-5\/mr-f62eh-sw-v_2a7708e4-0cf3-4cd7-826f-ddfd9685a907.png\" \/><\/p>\n<p>&nbsp;<\/p>\n<p><strong>Khay k\u00ednh ch\u1ecbu l\u1ef1c<\/strong><br \/>\nT\u1ee7 l\u1ea1nh MITSUBISHI MR-F62EH-BRW-V\u00a0c\u00f3 n\u1ed9i th\u1ea5t b\u00ean trong t\u1ee7 l\u1ea1nh s\u1eed d\u1ee5ng khay k\u00ednh ch\u1ecbu l\u1ef1c\u00a0v\u00e0 h\u1ec7 th\u1ed1ng chi\u1ebfu s\u00e1ng l\u00e0 th\u00e1p \u0111\u00e8n l\u1edbn gi\u00fap b\u1ea1n d\u1ef1 tr\u1eef \u0111\u01b0\u1ee3c nhi\u1ec1u th\u1ef1c ph\u1ea9m m\u00e0 kh\u00f4ng c\u00f2n ph\u1ea3i lo ng\u1ea1i.<\/p>\n<p>&nbsp;<\/p>\n<p><img class=\"lazy\" src=\"https:\/\/cdn.mediamart.vn\/Upload\/download\/2015-5\/mr-f62eh-sw-v_cd12b4f6-66fe-4d6e-900a-dd829618c566.png\" data-original=\"https:\/\/cdn.mediamart.vn\/Upload\/download\/2015-5\/mr-f62eh-sw-v_cd12b4f6-66fe-4d6e-900a-dd829618c566.png\" \/><\/p>\n<p>&nbsp;<\/p>\n<p>&nbsp;<\/p>\n<p><strong>Ti\u1ebft ki\u1ec7m \u0111i\u1ec7n<\/strong><br \/>\nT\u1ee7 l\u1ea1nh MITSUBISHI MR-F62EH-BRW-V gi\u00fap b\u1ea1n ti\u1ebft ki\u1ec7m \u0111i\u1ec7n n\u0103ng\u00a0v\u1edbi c\u00f4ng su\u1ea5t th\u1ea5p, b\u1ea3o v\u1ec7 t\u00fai ti\u1ec1n cho gia \u0111\u00ecnh b\u1ea1n v\u00e0 th\u00e2n thi\u1ec7n h\u01a1n v\u1edbi m\u00f4i tr\u01b0\u1eddng.<\/p>\n<p>&nbsp;<\/p>\n<p>&nbsp;<\/p>\n<p><img class=\"lazy\" src=\"https:\/\/cdn.mediamart.vn\/Upload\/download\/2015-5\/mr-f62eh-sw-v_ebd6b824-2b47-43eb-8cb0-113d87bbd492.png\" data-original=\"https:\/\/cdn.mediamart.vn\/Upload\/download\/2015-5\/mr-f62eh-sw-v_ebd6b824-2b47-43eb-8cb0-113d87bbd492.png\" \/><\/p>\n<p>&nbsp;<\/p>\n<p><strong>Dung t\u00edch 510\u00a0l\u00edt ph\u00f9 h\u1ee3p gia \u0111\u00ecnh \u0111\u00f4ng\u00a0ng\u01b0\u1eddi<\/strong><br \/>\nT\u1ee7 l\u1ea1nh MITSUBISHI MR-F62EH-BRW-V \u00a0510L\u00a0cho ng\u01b0\u1eddi d\u00f9ng\u00a0tho\u1ea3i m\u00e1i\u00a0t\u00edch tr\u1eef th\u1ef1c ph\u1ea9m\u00a0cho b\u1ea1n s\u1eed d\u1ee5ng ch\u1ee9a \u0111\u1ef1ng, b\u1ea3o qu\u1ea3n c\u00e1c lo\u1ea1i th\u1ef1c ph\u1ea9m \u0111\u00f4ng l\u1ea1nh kh\u00e1c nhau.<\/p>\n<\/div>\n","protected":false},"excerpt":{"rendered":"<p>&#8211; Ki\u1ec3u t\u1ee7 Ng\u0103n \u0111\u00e1 tr\u00ean<\/p>\n<p>&#8211; Dung t\u00edch s\u1eed d\u1ee5ng 510 L\u00edt<\/p>\n<p>&#8211; C\u00f4ng ngh\u1ec7 l\u00e0m l\u1ea1nh \u0110a chi\u1ec1u<\/p>\n<p>&#8211; Ch\u1ed1ng \u0111\u00f3ng tuy\u1ebft<\/p>\n<p>&nbsp;<\/p>\n","protected":false},"featured_media":1942,"comment_status":"open","ping_status":"closed","template":"","meta":[],"_links":{"self":[{"href":"http:\/\/maudep.com.vn\/chuyengiadienmay\/index.php?rest_route=\/wp\/v2\/product\/1940"}],"collection":[{"href":"http:\/\/maudep.com.vn\/chuyengiadienmay\/index.php?rest_route=\/wp\/v2\/product"}],"about":[{"href":"http:\/\/maudep.com.vn\/chuyengiadienmay\/index.php?rest_route=\/wp\/v2\/types\/product"}],"replies":[{"embeddable":true,"href":"http:\/\/maudep.com.vn\/chuyengiadienmay\/index.php?rest_route=%2Fwp%2Fv2%2Fcomments&post=1940"}],"wp:featuredmedia":[{"embeddable":true,"href":"http:\/\/maudep.com.vn\/chuyengiadienmay\/index.php?rest_route=\/wp\/v2\/media\/1942"}],"wp:attachment":[{"href":"http:\/\/maudep.com.vn\/chuyengiadienmay\/index.php?rest_route=%2Fwp%2Fv2%2Fmedia&parent=1940"}],"curies":[{"name":"wp","href":"https:\/\/api.w.org\/{rel}","templated":true}]}}