{"id":1946,"date":"2019-01-01T14:41:54","date_gmt":"2019-01-01T07:41:54","guid":{"rendered":"http:\/\/maudep.com.vn\/chuyengiadienmay\/?post_type=product&#038;p=1946"},"modified":"2019-01-15T14:59:39","modified_gmt":"2019-01-15T07:59:39","slug":"may-giat-inverter-7-5-kg-electrolux-ewf10744-trang","status":"publish","type":"product","link":"http:\/\/maudep.com.vn\/chuyengiadienmay\/?product=may-giat-inverter-7-5-kg-electrolux-ewf10744-trang","title":{"rendered":"M\u00e1y gi\u1eb7t Inverter 7.5 Kg Electrolux EWF10744 (Tr\u1eafng)"},"content":{"rendered":"<p><strong>Thi\u1ebft k\u1ebf \u0111\u1eb7c bi\u1ec7t v\u00e0 tinh t\u1ebf<\/strong><\/p>\n<p>M\u00e1y gi\u1eb7t Electrolux EWF10744\u00a0c\u00f3 thi\u1ebft k\u1ebf tinh t\u1ebf v\u00e0 \u0111\u1eb9p m\u1eaft, v\u1edbi nhi\u1ec1u c\u00f4ng ngh\u1ec7 kh\u00e1c nhau, c\u00f3 th\u1ec3 \u0111em \u0111\u1ebfn cho gia \u0111\u00ecnh b\u1ea1n kh\u1ea3 n\u0103ng gi\u1eb7t gi\u0169 hi\u1ec7u qu\u1ea3 t\u1ed1i \u01b0u. C\u00f3 kh\u1ed1i l\u01b0\u1ee3ng gi\u1eb7t \u0111\u01b0\u1ee3c l\u00e0\u00a07.5 kg, chi\u1ebfc\u00a0m\u00e1y gi\u1eb7t Electrolux\u00a0n\u00e0y s\u1ebd ph\u00f9 h\u1ee3p cho c\u00e1c gia \u0111\u00ecnh c\u00f3 t\u1eeb 4 \u0111\u1ebfn 5 th\u00e0nh vi\u00ean.<\/p>\n<p><img class=\"lazy\" src=\"https:\/\/cdn.mediamart.vn\/Upload\/download\/2016-10\/may-giat-electrolux-ewf10744-75kg-trang-3qKtbf.jpg\" data-original=\"https:\/\/cdn.mediamart.vn\/Upload\/download\/2016-10\/may-giat-electrolux-ewf10744-75kg-trang-3qKtbf.jpg\" \/><\/p>\n<p><strong>C\u00f4ng ngh\u1ec7 Inverter ti\u1ebft ki\u1ec7m \u0111i\u1ec7n, ho\u1ea1t \u0111\u1ed9ng \u00eam \u00e1i<\/strong><\/p>\n<p>M\u00e1y gi\u1eb7t l\u1ed3ng ngang Electrolux EWF10744 \u0111\u01b0\u1ee3c trang b\u1ecb c\u1ea3m bi\u1ebfn Inverter c\u00f9ng v\u1edbi c\u00e1c ch\u01b0\u01a1ng tr\u00ecnh gi\u1eb7t Energy Saving v\u00e0 ch\u01b0\u01a1nng tr\u00ecnh gi\u1eb7t nhanh 20 ph\u00fat gi\u00fap ti\u1ebft ki\u1ec7m \u0111i\u1ec7n n\u0103ng t\u1ed1i \u01b0u cho gia \u0111\u00ecnh b\u1ea1n. Ngo\u00e0i ra s\u1eed d\u1ee5ng m\u00e1y n\u00e9n Inverter c\u0169ng gi\u00fap s\u1ea3n ph\u1ea9m ho\u1ea1t \u0111\u1ed9ng \u00eam \u00e1i \u0111\u1ed3ng th\u1eddi t\u0103ng tu\u1ed5i th\u1ecd c\u1ee7a s\u1ea3n ph\u1ea9m.<\/p>\n<p><img class=\"lazy\" src=\"https:\/\/cdn.mediamart.vn\/Upload\/images\/may-giat-electrolux-ewf10744-3.jpg\" data-original=\"https:\/\/cdn.mediamart.vn\/Upload\/images\/may-giat-electrolux-ewf10744-3.jpg\" \/><\/p>\n<p><strong>L\u1ed3ng gi\u1eb7t HIVE t\u1ed5 ong<\/strong><\/p>\n<p>V\u1edbi l\u1ed3ng gi\u1eb7t HIVE t\u1ed5 ong, m\u00e1y gi\u1eb7t Electrolux EWF10744 c\u00f3 th\u1ec3 h\u1ea1n ch\u1ebf s\u1ef1 m\u00f2n x\u01b0\u1edbc qu\u1ea7n \u00e1o. \u0110\u1ed3ng th\u1eddi, l\u1ed3ng gi\u1eb7t \u0111\u1ed9c \u0111\u00e1o n\u00e0y c\u00f2n \u0111em l\u1ea1i kh\u1ea3 n\u0103ng gi\u1eb7t gi\u0169 t\u1ed1i \u01b0u \u0111\u00e1nh tan m\u1ecdi v\u1ebft b\u1ea9n c\u1ee9ng \u0111\u1ea7u, b\u1ea3o v\u1ec7 s\u1ee9c kh\u1ecfe cho gia \u0111\u00ecnh b\u1ea1n.<\/p>\n<p><img class=\"lazy\" src=\"https:\/\/cdn.mediamart.vn\/Upload\/download\/2016-10\/may-giat-electrolux-ewf10744-75kg-trang-wGir6a.jpg\" data-original=\"https:\/\/cdn.mediamart.vn\/Upload\/download\/2016-10\/may-giat-electrolux-ewf10744-75kg-trang-wGir6a.jpg\" \/><\/p>\n<p><strong>C\u00f4ng ngh\u1ec7 gi\u1eb7t phun ShowerSpray<\/strong><\/p>\n<p>C\u00f4ng ngh\u1ec7 gi\u1eb7t ShowerSpray ti\u00ean ti\u1ebfn nh\u1ea5t hi\u1ec7n nay \u0111\u01b0\u1ee3c trang b\u1ecb tr\u00ean m\u00e1y gi\u1eb7t n\u00e0y. Theo \u0111\u00f3, n\u01b0\u1edbc s\u1ebd \u0111\u01b0\u1ee3c phun tr\u1ef1c ti\u1ebfp v\u00e0o qu\u1ea7n \u00e1o gi\u00fap ph\u00e2n t\u00e1n \u0111\u1ec1u l\u01b0\u1ee3ng b\u1ed9t gi\u1eb7t \u0111\u1ec3 d\u1ec5 d\u00e0ng \u0111\u00e1nh b\u1eadt c\u00e1c v\u1ebft b\u1ea9n m\u00e0 kh\u00f4ng l\u00e0m nh\u00e0u n\u00e1t v\u1ea3i.<\/p>\n<p><img class=\"lazy\" src=\"https:\/\/cdn.mediamart.vn\/Upload\/images\/may-giat-electrolux-ewf10744-6.jpg\" data-original=\"https:\/\/cdn.mediamart.vn\/Upload\/images\/may-giat-electrolux-ewf10744-6.jpg\" \/><\/p>\n<p><strong>\u0110a d\u1ea1ng ch\u01b0\u01a1ng tr\u00ecnh gi\u1eb7t<\/strong><\/p>\n<p>M\u00e1y gi\u1eb7t Electrolux EWF10744 c\u00f3 nhi\u1ec1u ch\u01b0\u01a1ng tr\u00ecnh gi\u1eb7t kh\u00e1c nhau, gi\u00fap b\u1ea1n d\u1ec5 d\u00e0ng h\u01a1n trong vi\u1ec7c t\u00f9y ch\u1ecdn ch\u1ebf \u0111\u1ed9 ph\u00f9 h\u1ee3p v\u1edbi m\u1ed7i l\u1ea7n gi\u1eb7t.<\/p>\n<p><img class=\"lazy\" src=\"https:\/\/cdn.mediamart.vn\/Upload\/download\/2016-10\/may-giat-electrolux-ewf10744-75kg-trang-4nzg7H.jpg\" data-original=\"https:\/\/cdn.mediamart.vn\/Upload\/download\/2016-10\/may-giat-electrolux-ewf10744-75kg-trang-4nzg7H.jpg\" \/><\/p>\n<p><strong>Kh\u1ea3 n\u0103ng ti\u1ebft ki\u1ec7m \u0111i\u1ec7n cao<\/strong><\/p>\n<p>Kh\u1ea3 n\u0103ng ti\u1ebft ki\u1ec7m \u0111i\u1ec7n v\u00e0 n\u01b0\u1edbc c\u1ee7a m\u00e1y gi\u1eb7t Electrolux EWF10744 mang l\u1ea1i s\u1ebd gi\u00fap cho gia \u0111\u00ecnh b\u1ea1n c\u00f3 \u0111\u01b0\u1ee3c kh\u1ea3 n\u0103ng ti\u1ebft ki\u1ec7m ti\u1ec1n t\u1ed1i \u01b0u, nh\u1edd \u0111\u00f3 c\u00f3 \u0111\u01b0\u1ee3c kho\u1ea3n ti\u1ebft ki\u1ec7m nho nh\u1ecf cho gia \u0111\u00ecnh m\u00ecnh.<\/p>\n<p><img class=\"lazy\" src=\"https:\/\/cdn.mediamart.vn\/Upload\/download\/2016-10\/may-giat-electrolux-ewf10744-75kg-trang-8J0cyv.jpg\" data-original=\"https:\/\/cdn.mediamart.vn\/Upload\/download\/2016-10\/may-giat-electrolux-ewf10744-75kg-trang-8J0cyv.jpg\" \/><\/p>\n<p><strong>B\u1ea3ng \u0111i\u1ec1u khi\u1ec3n c\u1ea3m \u1ee9ng IQ Touch<\/strong><\/p>\n<p>V\u1edbi b\u1ea3ng \u0111i\u1ec1u khi\u1ec3n IQ Touch, m\u00e1y gi\u1eb7t Electrolux EWF10744 gi\u00fap ng\u01b0\u1eddi d\u00f9ng d\u1ec5 s\u1eed d\u1ee5ng v\u00e0 t\u00f9y ch\u1ec9nh ch\u1ebf \u0111\u1ed9 nh\u1edd b\u00e0n ph\u00edm c\u1ea3m \u1ee9ng c\u1ee7a n\u00f3.<\/p>\n<p><img class=\"lazy\" src=\"https:\/\/cdn.mediamart.vn\/Upload\/download\/2016-10\/may-giat-electrolux-ewf10744-75kg-trang-t75T75.jpg\" data-original=\"https:\/\/cdn.mediamart.vn\/Upload\/download\/2016-10\/may-giat-electrolux-ewf10744-75kg-trang-t75T75.jpg\" \/><\/p>\n<p><strong>T\u1ed1c \u0111\u1ed9 quay v\u1eaft 1000 v\u00f2ng\/ph\u00fat<\/strong><\/p>\n<p>M\u00e1y gi\u1eb7t \u0111\u01b0\u1ee3c trang b\u1ecb t\u1ed1c v\u1eaft m\u1ea1nh m\u1ebd l\u00ean \u0111\u1ebfn 1000 v\u00f2ng\/ph\u00fat gi\u00fap v\u1eaft kh\u00f4 hi\u1ec7u qu\u1ea3 v\u00e0 gi\u00fap b\u1ea1n r\u00fat ng\u1eafn \u0111\u01b0\u1ee3c th\u1eddi gian ph\u01a1i \u0111\u1ed3. Qu\u1ea7n \u00e1o s\u1ebd kh\u00f4 nhanh h\u01a1n, trong nh\u1eefng ng\u00e0y m\u01b0a \u1ea9m b\u1ea1n c\u0169ng kh\u00f4ng c\u00f2n qu\u00e1 lo l\u1eafng v\u1ec1 v\u1ea5n \u0111\u1ec1 qu\u1ea7n \u00e1o cho c\u1ea3 nh\u00e0.<\/p>\n<p><img class=\"lazy\" src=\"https:\/\/cdn.mediamart.vn\/Upload\/images\/1g(1).jpg\" data-original=\"https:\/\/cdn.mediamart.vn\/Upload\/images\/1g(1).jpg\" \/><\/p>\n<p><strong>C\u1eeda v\u00e0 ng\u0103n ch\u1ee9a ti\u1ec7n d\u1ee5ng<\/strong><\/p>\n<p>M\u00e1y gi\u1eb7t l\u1ed3ng ngang Electrolux EWF10744 c\u00f3 \u00a0c\u1eeda r\u1ed9ng h\u01a1n gi\u00fap cho qu\u1ea7n \u00e1o v\u00e0o \/ l\u1ea5y \u0111\u1ed3 ra d\u1ec5 d\u00e0ng h\u01a1n. B\u00ean c\u1ea1nh \u0111\u00f3 s\u1ea3n ph\u1ea9m c\u0169ng c\u00f3 ng\u0103n ch\u1ee9a ch\u1ea5t t\u1ea9y linh ho\u1ea1t v\u00e0 ti\u1ec7n d\u1ee5ng cho ng\u01b0\u1eddi s\u1eed d\u1ee5ng.<\/p>\n<p><strong>An to\u00e0n tuy\u1ec7t \u0111\u1ed1i<\/strong><\/p>\n<p>Mua m\u00e1y gi\u1eb7t l\u1ed3ng ngang Electrolux EWF10744 c\u00f3 trang b\u1ecb ch\u1ebf \u0111\u1ed9 Vapour Action (gi\u1eb7t h\u01a1i n\u01b0\u1edbc) ch\u1ed1ng c\u00e1c t\u00e1c nh\u00e2n d\u1ecb \u1ee9ng, an to\u00e0n cho s\u1ee9c kh\u1ecfe nh\u1ea5t l\u00e0 v\u1edbi gia \u0111\u00ecnh c\u00f3 tr\u1ebb nh\u1ecf.<\/p>\n<p>&nbsp;<\/p>\n","protected":false},"excerpt":{"rendered":"<p>&#8211;\u00a0M\u00e1y gi\u1eb7t l\u1ed3ng ngang 7.5kg, c\u00f4ng ngh\u1ec7 Inverter ti\u1ebft ki\u1ec7m \u0111i\u1ec7n<br \/>\n&#8211; L\u1ed3ng gi\u1eb7t HIVE t\u1ed5 ong gi\u00fap \u0111\u00e1nh tan m\u1ecdi v\u1ebft b\u1ea9n c\u1ee9ng \u0111\u1ea7u<br \/>\n&#8211; 9 ch\u01b0\u01a1ng tr\u00ecnh gi\u1eb7t, c\u00f3 ch\u1ee9c n\u0103ng gi\u1eb7t n\u01b0\u1edbc n\u00f3ng<br \/>\n&#8211;\u00a0K\u00edch th\u01b0\u1edbc s\u1ea3n ph\u1ea9m (RxCxS): 600 x 850 x 568mm<\/p>\n<p>&nbsp;<\/p>\n","protected":false},"featured_media":1948,"comment_status":"open","ping_status":"closed","template":"","meta":[],"_links":{"self":[{"href":"http:\/\/maudep.com.vn\/chuyengiadienmay\/index.php?rest_route=\/wp\/v2\/product\/1946"}],"collection":[{"href":"http:\/\/maudep.com.vn\/chuyengiadienmay\/index.php?rest_route=\/wp\/v2\/product"}],"about":[{"href":"http:\/\/maudep.com.vn\/chuyengiadienmay\/index.php?rest_route=\/wp\/v2\/types\/product"}],"replies":[{"embeddable":true,"href":"http:\/\/maudep.com.vn\/chuyengiadienmay\/index.php?rest_route=%2Fwp%2Fv2%2Fcomments&post=1946"}],"wp:featuredmedia":[{"embeddable":true,"href":"http:\/\/maudep.com.vn\/chuyengiadienmay\/index.php?rest_route=\/wp\/v2\/media\/1948"}],"wp:attachment":[{"href":"http:\/\/maudep.com.vn\/chuyengiadienmay\/index.php?rest_route=%2Fwp%2Fv2%2Fmedia&parent=1946"}],"curies":[{"name":"wp","href":"https:\/\/api.w.org\/{rel}","templated":true}]}}