{"id":1959,"date":"2019-01-01T16:04:05","date_gmt":"2019-01-01T09:04:05","guid":{"rendered":"http:\/\/maudep.com.vn\/chuyengiadienmay\/?post_type=product&#038;p=1959"},"modified":"2019-01-15T14:49:25","modified_gmt":"2019-01-15T07:49:25","slug":"may-giat-9kg-electrolux-ewf12944-inverter","status":"publish","type":"product","link":"http:\/\/maudep.com.vn\/chuyengiadienmay\/?product=may-giat-9kg-electrolux-ewf12944-inverter","title":{"rendered":"M\u00e1y gi\u1eb7t 9Kg Electrolux EWF12944 Inverter"},"content":{"rendered":"<h3 class=\"pd-news-title\">M\u00e1y gi\u1eb7t 9Kg Electrolux EWF12944 Inverter<\/h3>\n<div class=\"pd-news-content\">\n<h5>Thi\u1ebft k\u1ebf l\u1ed3ng ngang hi\u1ec7n \u0111\u1ea1i<\/h5>\n<p><strong>M\u00e1y Gi\u1eb7t C\u1eeda Tr\u01b0\u1edbc Inverter Electrolux EWF12944<\/strong>\u00a0s\u1edf h\u1eefu thi\u1ebft k\u1ebf l\u1ed3ng ngang hi\u1ec7n \u0111\u1ea1i k\u1ebft h\u1ee3p v\u1edbi m\u00e0u s\u1eafc tinh t\u1ebf, s\u1ea3n ph\u1ea9m ph\u00f9 h\u1ee3p l\u1eafp \u0111\u1eb7t trong m\u1ecdi kh\u00f4ng gian n\u1ed9i th\u1ea5t. M\u00e1y gi\u1eb7t kh\u00f4ng nh\u1eefng \u0111\u00e1p \u1ee9ng nhu c\u1ea7u gi\u1eb7t gi\u0169 \u00e1o qu\u1ea7n h\u00e0ng ng\u00e0y cho gia \u0111\u00ecnh b\u1ea1n, c\u00f2n g\u00f3p ph\u1ea7n l\u00e0m cho ng\u00f4i nh\u00e0 th\u00eam ti\u1ec7n nghi.<\/p>\n<p><img class=\"lazy\" src=\"https:\/\/cdn.tgdd.vn\/Products\/Images\/1944\/141777\/may-giat-electrolux-ewf12944-5-org.jpg\" data-original=\"https:\/\/cdn.tgdd.vn\/Products\/Images\/1944\/141777\/may-giat-electrolux-ewf12944-5-org.jpg\" \/><\/p>\n<h5>C\u00f4ng ngh\u1ec7 Inverter ti\u1ebft ki\u1ec7m \u0111i\u1ec7n<\/h5>\n<p>M\u00e1y gi\u1eb7t Electrolux EWF12944\u00a0s\u1eed d\u1ee5ng c\u00f4ng ngh\u1ec7 Inverter\u00a0gi\u00fap n\u00e2ng cao hi\u1ec7u qu\u1ea3 gi\u1eb7t t\u1ea9y, ti\u1ebft ki\u1ec7m vi\u1ec7c s\u1eed d\u1ee5ng \u0111i\u1ec7n n\u01b0\u1edbc c\u1ee7a gia \u0111\u00ecnh b\u1ea1n h\u00e0ng th\u00e1ng.<\/p>\n<p><img class=\"lazy\" src=\"https:\/\/cdn.tgdd.vn\/Products\/Images\/1944\/141777\/may-giat-electrolux-ewf12944-1-org.jpg\" data-original=\"https:\/\/cdn.tgdd.vn\/Products\/Images\/1944\/141777\/may-giat-electrolux-ewf12944-1-org.jpg\" \/><\/p>\n<h5>8 Ch\u01b0\u01a1ng tr\u00ecnh gi\u1eb7t t\u1ef1 \u0111\u1ed9ng<\/h5>\n<p>Electrolux EWF12944\u00a0t\u00edch h\u1ee3p s\u1eb5n 8 ch\u01b0\u01a1ng tr\u00ecnh gi\u1eb7t t\u1ef1 \u0111\u1ed9ng th\u00f4ng minh cho ph\u00e9p ng\u01b0\u1eddi d\u00f9ng ch\u1ecdn l\u1ef1a d\u1ec5 d\u00e0ng. Ngo\u00e0i ra, m\u00e1y c\u00f2n nhi\u1ec1u ti\u1ec7n \u00edch kh\u00e1c nh\u01b0: Ch\u1ee9c n\u0103ng kh\u00f3a an to\u00e0n tr\u1ebb em, gi\u1eb7t n\u01b0\u1edbc n\u00f3ng gi\u00fap l\u00e0m s\u1ea1ch s\u00e2u v\u00e0 gi\u1eb7t h\u01a1i n\u01b0\u1edbc gi\u00fap \u0111\u00e1nh bay m\u1ecdi v\u1ebft b\u1ea9n d\u00f9 c\u1ee9ng \u0111\u1ea7u nh\u1ea5t.<\/p>\n<p><img class=\"lazy\" src=\"https:\/\/cdn.tgdd.vn\/Products\/Images\/1944\/141777\/may-giat-electrolux-ewf12944-4-org.jpg\" data-original=\"https:\/\/cdn.tgdd.vn\/Products\/Images\/1944\/141777\/may-giat-electrolux-ewf12944-4-org.jpg\" \/><\/p>\n<h5>Kh\u1ed1i l\u01b0\u1ee3ng gi\u1eb7t l\u00ean \u0111\u1ebfn 9kg<\/h5>\n<p>M\u00e1y gi\u1eb7t Electrolux trang b\u1ecb l\u1ed3ng gi\u1eb7t b\u1eb1ng th\u00e9p kh\u00f4ng g\u1ec9, s\u00e1ng b\u00f3ng v\u1eefng ch\u1eafc, tu\u1ed5i th\u1ecd s\u1eed d\u1ee5ng b\u1ec1n l\u00e2u. L\u1ed3ng gi\u1eb7t v\u1edbi dung t\u00edch l\u1edbn cho kh\u1ea3 n\u0103ng gi\u1eb7t gi\u0169 \u00e1o qu\u1ea7n l\u00ean \u0111\u1ebfn 9kg, r\u1ea5t ph\u00f9 h\u1ee3p v\u1edbi gia \u0111\u00ecnh \u0111\u00f4ng ng\u01b0\u1eddi, c\u00f3 tr\u00ean 6 th\u00e0nh vi\u00ean.<\/p>\n<p><img class=\"lazy\" src=\"https:\/\/cdn.tgdd.vn\/Products\/Images\/1944\/141777\/may-giat-electrolux-ewf12944-2-org.jpg\" data-original=\"https:\/\/cdn.tgdd.vn\/Products\/Images\/1944\/141777\/may-giat-electrolux-ewf12944-2-org.jpg\" \/><\/p>\n<\/div>\n","protected":false},"excerpt":{"rendered":"<p>&#8211; M\u00e1y gi\u1eb7t l\u1ed3ng ngang c\u00f3 thi\u1ebft k\u1ebf c\u1ee7a tr\u01b0\u1edbc ti\u1ec7n d\u1ee5ng.<br \/>\n&#8211; \u0110\u1ed9ng c\u01a1 Inverter ti\u1ebft ki\u1ec7m n\u0103ng l\u01b0\u1ee3ng.<br \/>\n&#8211; B\u1ea3ng \u0111i\u1ec1u khi\u1ec3n th\u00f4ng minh v\u1edbi m\u00e0n h\u00ecnh hi\u1ec3n th\u1ecb.<\/p>\n<p>&nbsp;<\/p>\n","protected":false},"featured_media":1961,"comment_status":"open","ping_status":"closed","template":"","meta":[],"_links":{"self":[{"href":"http:\/\/maudep.com.vn\/chuyengiadienmay\/index.php?rest_route=\/wp\/v2\/product\/1959"}],"collection":[{"href":"http:\/\/maudep.com.vn\/chuyengiadienmay\/index.php?rest_route=\/wp\/v2\/product"}],"about":[{"href":"http:\/\/maudep.com.vn\/chuyengiadienmay\/index.php?rest_route=\/wp\/v2\/types\/product"}],"replies":[{"embeddable":true,"href":"http:\/\/maudep.com.vn\/chuyengiadienmay\/index.php?rest_route=%2Fwp%2Fv2%2Fcomments&post=1959"}],"wp:featuredmedia":[{"embeddable":true,"href":"http:\/\/maudep.com.vn\/chuyengiadienmay\/index.php?rest_route=\/wp\/v2\/media\/1961"}],"wp:attachment":[{"href":"http:\/\/maudep.com.vn\/chuyengiadienmay\/index.php?rest_route=%2Fwp%2Fv2%2Fmedia&parent=1959"}],"curies":[{"name":"wp","href":"https:\/\/api.w.org\/{rel}","templated":true}]}}