{"id":1963,"date":"2019-01-01T16:22:40","date_gmt":"2019-01-01T09:22:40","guid":{"rendered":"http:\/\/maudep.com.vn\/chuyengiadienmay\/?post_type=product&#038;p=1963"},"modified":"2019-01-15T14:48:07","modified_gmt":"2019-01-15T07:48:07","slug":"may-giat-9kg-electrolux-ewf12938-inverter","status":"publish","type":"product","link":"http:\/\/maudep.com.vn\/chuyengiadienmay\/?product=may-giat-9kg-electrolux-ewf12938-inverter","title":{"rendered":"M\u00e1y gi\u1eb7t 9Kg Electrolux EWF12938 Inverter"},"content":{"rendered":"<h3 class=\"pd-news-title\">M\u00e1y gi\u1eb7t 9Kg Electrolux EWF12938 Inverter<\/h3>\n<div class=\"pd-news-content\">\n<h3><strong>Thi\u1ebft k\u1ebf l\u1ed3ng ngang hi\u1ec7n \u0111\u1ea1i<\/strong><\/h3>\n<p><strong>M\u00e1y gi\u1eb7t Electrolux EWF12938\u00a0<\/strong>s\u1edf h\u1eefu thi\u1ebft k\u1ebf l\u1ed3ng ngang hi\u1ec7n \u0111\u1ea1i, k\u1ebft h\u1ee3p m\u00e0u s\u1eafc tinh t\u1ebf ph\u00f9 h\u1ee3p trong m\u1ecdi kh\u00f4ng gian l\u1eafp \u0111\u1eb7t c\u1ee7a gia \u0111\u00ecnh b\u1ea1n. S\u1ea3n ph\u1ea9m kh\u00f4ng nh\u1eefng \u0111\u00e1p \u1ee9ng nhu c\u1ea7u gi\u1eb7t gi\u0169 \u00e1o qu\u1ea7n h\u00e0ng ng\u00e0y cho gia \u0111\u00ecnh b\u1ea1n, c\u00f2n g\u00f3p ph\u1ea7n l\u00e0m \u0111i\u1ec3m nh\u1ea5n cho c\u0103n nh\u00e0 th\u00eam v\u1ebb ti\u1ec7n nghi, sang tr\u1ecdng.<\/p>\n<p><img class=\"lazy\" src=\"https:\/\/mediamart.vn\/Lib\/Plugins\/LazyLoad\/lazy-bg.png\" data-original=\"https:\/\/hc.com.vn\/media\/catalog\/product\/cache\/4\/image\/9df78eab33525d08d6e5fb8d27136e95\/m\/a\/may-giat-long-ngang-electrolux-ewf12938-a.jpg\" \/><\/p>\n<h3><strong>\u0110\u1ed9ng c\u01a1 Eco Inverter ho\u1ea1t \u0111\u1ed9ng si\u00eau \u00eam, ti\u1ebft ki\u1ec7m \u0111i\u1ec7n<\/strong><\/h3>\n<p><strong>M\u00e1y gi\u1eb7t Electrolux EWF12938\u00a0<\/strong>trang b\u1ecb \u0111\u1ed9ng c\u01a1 Eco Inverter gi\u00fap m\u00e1y v\u1eadn h\u00e0nh \u00eam \u00e1i, kh\u00f4ng g\u00e2y rung l\u1eafc m\u1ea1nh, \u1ed3n \u00e0o \u1ea3nh h\u01b0\u1edfng \u0111\u1ebfn ho\u1ea1t \u0111\u1ed9ng xung quanh c\u1ee7a b\u1ea1n v\u00e0 gia \u0111\u00ecnh. \u0110\u1ed3ng th\u1eddi \u0111\u1ed9ng c\u01a1 n\u00e0y c\u00f2n cho hi\u1ec7u qu\u1ea3 ti\u1ebft ki\u1ec7m \u0111i\u1ec7n n\u0103ng r\u1ea5t t\u1ed1t v\u1edbi nh\u00e3n n\u0103ng l\u01b0\u1ee3ng \u0111\u01b0\u1ee3c \u0111\u00e1nh gi\u00e1 l\u00ean \u0111\u1ebfn 5 sao.<\/p>\n<h3><img class=\"lazy\" src=\"https:\/\/mediamart.vn\/Lib\/Plugins\/LazyLoad\/lazy-bg.png\" data-original=\"https:\/\/cdn.mediamart.vn\/Upload\/download\/2017-12-News\/1VK3JER00V5RTC0.jpg\" \/><\/h3>\n<p><strong>B\u1ea3ng \u0111i\u1ec1u khi\u1ec3n IQ Touch\u00a0<\/strong><\/p>\n<p><strong>M\u00e1y gi\u1eb7t Electrolux EWF12938\u00a0<\/strong>s\u1eed d\u1ee5ng b\u1ea3ng \u0111i\u1ec1u khi\u1ec3n IQ Touch k\u1ebft h\u1ee3p m\u00e0n h\u00ecnh LCD r\u1ed9ng, gi\u00fap hi\u1ec3n th\u1ecb m\u1ecdi n\u1ed9i dung v\u00e0 ch\u01b0\u01a1ng tr\u00ecnh cho b\u1ea1n l\u1ef1a ch\u1ecdn. C\u00e1c thao t\u00e1c v\u1eadn h\u00e0nh \u0111\u01a1n gi\u1ea3n ch\u1ec9 g\u1ed3m: Xoay n\u00fam \u0111\u1ec3 ch\u1ecdn ch\u01b0\u01a1ng tr\u00ecnh v\u00e0 ch\u1ea1m nh\u1eb9 \u0111\u1ec3 thi\u1ebft b\u1ecb ho\u1ea1t \u0111\u1ed9ng.<\/p>\n<h3><img class=\"lazy\" src=\"https:\/\/mediamart.vn\/Lib\/Plugins\/LazyLoad\/lazy-bg.png\" data-original=\"https:\/\/cdn.mediamart.vn\/Upload\/download\/2017-12-News\/OGo1E2NJpdujct4.jpg\" \/><\/h3>\n<p><strong>9 ch\u01b0\u01a1ng tr\u00ecnh gi\u1eb7t th\u00f4ng minh<\/strong><\/p>\n<p><strong>M\u00e1y gi\u1eb7t Electrolux EWF12938\u00a0<\/strong>t\u00edch h\u1ee3p s\u1eb5n 9 ch\u01b0\u01a1ng tr\u00ecnh gi\u1eb7t th\u00f4ng minh cho ng\u01b0\u1eddi d\u00f9ng tho\u1ea3i m\u00e1i l\u1ef1a ch\u1ecdn, d\u1ef1a tr\u00ean t\u1eebng lo\u1ea1i v\u1ea3i, m\u00e0u s\u1eafc kh\u00e1c nhau. Nh\u1edd \u0111\u00f3 m\u00e0 \u00e1o qu\u1ea7n c\u1ee7a b\u1ea1n s\u1ebd \u0111\u01b0\u1ee3c b\u1ec1n m\u00e0u c\u0169ng nh\u01b0 c\u00f3 tu\u1ed5i th\u1ecd s\u1eed d\u1ee5ng l\u00e2u h\u01a1n so v\u1edbi vi\u1ec7c s\u1eed d\u1ee5ng m\u00e1y gi\u1eb7t th\u00f4ng th\u01b0\u1eddng, kh\u00f4ng c\u00f3 c\u00e1c ch\u01b0\u01a1ng tr\u00ecnh gi\u1eb7t chuy\u00ean d\u1ee5ng.<\/p>\n<h3><strong>Ch\u1ee9c n\u0103ng gi\u1eb7t h\u01a1i n\u01b0\u1edbc Vapour Action<\/strong><\/h3>\n<p>Ch\u1ee9c n\u0103ng gi\u1eb7t h\u01a1i n\u01b0\u1edbc Vapour Action tr\u00ean\u00a0<strong>m\u00e1y gi\u1eb7t<\/strong>\u00a0<strong>Electrolux EWF12938\u00a0<\/strong>s\u1ebd gi\u00fap qu\u1ea7n \u00e1o c\u1ee7a b\u1ea1n v\u00e0 gia \u0111\u00ecnh lu\u00f4n \u0111\u01b0\u1ee3c gi\u1eb7t s\u1ea1ch. Nh\u1edd v\u00e0o vi\u1ec7c th\u1ea9m th\u1ea5u h\u01a1i n\u01b0\u1edbc, gi\u00fap s\u1ee3i v\u1ea3i n\u1edf to h\u01a1n, t\u1eeb \u0111\u00f3 c\u00e1c ch\u1ea5t ph\u1ee5 gia gi\u1eb7t t\u1ea9y d\u1ec5 d\u00e0ng len l\u1ecfi v\u00e0o b\u00ean trong t\u1eebng s\u1ee3i v\u1ea3i \u0111\u1ec3 \u0111\u00e1nh b\u1eadt ngay c\u1ea3 nh\u1eefng v\u1ebft b\u1ea9n d\u00f9 l\u00e0 c\u1ee9ng \u0111\u1ea7u nh\u1ea5t. H\u01a1n n\u1eefa, ngo\u00e0i kh\u1ea3 n\u0103ng gi\u1eb7t s\u1ea1ch m\u1ecdi v\u1ebft b\u1ea9n d\u00f9 kh\u00f3 t\u1ea9y nh\u1ea5t, c\u00f4ng ngh\u1ec7 gi\u1eb7t h\u01a1i n\u01b0\u1edbc c\u00f2n gi\u1eef cho \u00e1o qu\u1ea7n th\u1eadt m\u1ec1m m\u1ea1i \u0111\u1ed3ng th\u1eddi gi\u00fap gi\u1ea3m thi\u1ec3u \u0111\u1ebfn 99.9% c\u00e1c t\u00e1c nh\u00e2n g\u00e2y d\u1ecb \u1ee9ng c\u00f3 tr\u00ean b\u1ec1 m\u1eb7t v\u1ea3i, b\u1ea3o v\u1ec7 cho l\u00e0n da v\u00e0 s\u1ee9c kh\u1ecfe c\u1ee7a c\u1ea3 gia \u0111\u00ecnh.<\/p>\n<h3><strong>Th\u00eam qu\u1ea7n \u00e1o ngay c\u1ea3 khi m\u00e1y \u0111ang ho\u1ea1t \u0111\u1ed9ng<\/strong><\/h3>\n<p>V\u1edbi t\u00ednh n\u0103ng Add Cloths, ng\u01b0\u1eddi d\u00f9ng ho\u00e0n to\u00e0n c\u00f3 th\u1ec3 d\u1ec5 d\u00e0ng th\u00eam v\u00e0o qu\u1ea7n \u00e1o b\u1ea9n, hay \u0111\u1ed3 gi\u1eb7t b\u1ecb b\u1ecf qu\u00ean v\u00e0o gi\u1eb7t c\u00f9ng v\u1edbi nh\u1eefng chi\u1ebfc \u00e1o qu\u1ea7n \u0111ang gi\u1eb7t m\u00e0 kh\u00f4ng c\u1ea7n ph\u1ea3i ch\u1edd \u0111\u1ee3i \u0111\u1ebfn l\u1ea7n gi\u1eb7t m\u1edbi. Do \u0111\u00f3 b\u1ea1n kh\u00f4ng nh\u1eefng ti\u1ebft ki\u1ec7m \u0111\u01b0\u1ee3c l\u01b0\u1ee3ng n\u01b0\u1edbc v\u00e0 \u0111i\u1ec7n ti\u00eau th\u1ee5 \u0111\u00e1ng k\u1ec3, m\u00e0 c\u00f2n ti\u1ebft ki\u1ec7m \u0111\u01b0\u1ee3c th\u1eddi gian c\u1ee7a ch\u00ednh b\u1ea3n th\u00e2n m\u00ecnh.<\/p>\n<h3><img class=\"lazy\" src=\"https:\/\/mediamart.vn\/Lib\/Plugins\/LazyLoad\/lazy-bg.png\" data-original=\"https:\/\/cdn.mediamart.vn\/Upload\/download\/2017-12-News\/5I0vh4xyKwM15f7.jpg\" \/><\/h3>\n<h3><strong>T\u1ed1c \u0111\u1ed9 quay v\u1eaft m\u1ea1nh m\u1ebd 1200 v\u00f2ng\/ph\u00fat<\/strong><\/h3>\n<p><strong>M\u00e1y gi\u1eb7t Electrolux EWF12938\u00a0<\/strong>c\u00f3 t\u1ed1c \u0111\u1ed9 quay v\u1eaft m\u1ea1nh m\u1ebd l\u00ean \u0111\u1ebfn 1200 v\u00f2ng\/ph\u00fat gi\u00fap b\u1ea1n r\u00fat ng\u1eafn th\u1eddi gian ph\u01a1i \u0111\u1ed3 sau khi gi\u1eb7t xong. M\u00e1y gi\u1eb7t cho ph\u00e9p ng\u01b0\u1eddi d\u00f9ng t\u00f9y ch\u1ecdn c\u00e1c t\u1ed1c \u0111\u1ed9 v\u1eaft ph\u00f9 h\u1ee3p v\u1edbi nhu c\u1ea7u s\u1eed d\u1ee5ng\u00a0nh\u01b0: 1200\/1000\/800\/600\/400.<\/p>\n<h3><img class=\"lazy\" src=\"https:\/\/mediamart.vn\/Lib\/Plugins\/LazyLoad\/lazy-bg.png\" data-original=\"https:\/\/cdn.mediamart.vn\/Upload\/download\/2017-12-News\/y1x1H4sRud38c12.jpg\" \/><\/h3>\n<p><strong>Kh\u1ed1i l\u01b0\u1ee3ng gi\u1eb7t \u00e1o qu\u1ea7n 9kg<\/strong><\/p>\n<p><strong>M\u00e1y gi\u1eb7t Electrolux EWF12938\u00a0<\/strong>trang b\u1ecb l\u1ed3ng gi\u1eb7t b\u1eb1ng th\u00e9p kh\u00f4ng g\u1ec9 v\u1edbi dung t\u00edch l\u1edbn, cho s\u1ee9c ch\u1ee9a \u00e1o qu\u1ea7n gi\u1eb7t gi\u0169 l\u00ean \u0111\u1ebfn 9kg. M\u00e1y gi\u1eb7t ph\u00f9 h\u1ee3p s\u1eed d\u1ee5ng cho gia \u0111\u00ecnh \u0111\u00f4ng ng\u01b0\u1eddi, c\u00f3 kho\u1ea3ng 6 th\u00e0nh vi\u00ean. Gi\u1edd \u0111\u00e2y, b\u1ea1n s\u1ebd kh\u00f4ng ph\u1ea3i lo l\u1eafng chuy\u1ec7n gi\u1eb7t gi\u0169 \u00e1o qu\u1ea7n cho c\u1ea3 \u0111\u1ea1i gia \u0111\u00ecnh, ch\u1ec9 c\u1ea7n b\u1ecf qu\u1ea7n \u00e1o b\u1ea9n v\u00e0o m\u00e1y v\u00e0 l\u1ef1a ch\u1ecdn ch\u01b0\u01a1ng tr\u00ecnh th\u00edch h\u1ee3p, gi\u1ea3i tr\u00ed\/th\u01b0 gi\u00e3n hay l\u00e0m c\u00e1c c\u00f4ng vi\u1ec7c y\u00eau th\u00edch c\u1ee7a m\u00ecnh r\u1ed3i ch\u1edd \u0111\u1ed3 gi\u1eb7t xong \u0111em ph\u01a1i l\u00e0 \u0111\u00e3 ho\u00e0n th\u00e0nh nhi\u1ec7m v\u1ee5.<\/p>\n<\/div>\n","protected":false},"excerpt":{"rendered":"<p>&#8211; M\u00e1y gi\u1eb7t l\u1ed3ng ngang c\u00f3 thi\u1ebft k\u1ebf c\u1ee7a tr\u01b0\u1edbc ti\u1ec7n d\u1ee5ng.<br \/>\n&#8211; \u0110\u1ed9ng c\u01a1 Inverter ti\u1ebft ki\u1ec7m n\u0103ng l\u01b0\u1ee3ng.<br \/>\n&#8211; B\u1ea3ng \u0111i\u1ec1u khi\u1ec3n th\u00f4ng minh v\u1edbi m\u00e0n h\u00ecnh hi\u1ec3n th\u1ecb<\/p>\n<p>&nbsp;<\/p>\n","protected":false},"featured_media":1965,"comment_status":"open","ping_status":"closed","template":"","meta":[],"_links":{"self":[{"href":"http:\/\/maudep.com.vn\/chuyengiadienmay\/index.php?rest_route=\/wp\/v2\/product\/1963"}],"collection":[{"href":"http:\/\/maudep.com.vn\/chuyengiadienmay\/index.php?rest_route=\/wp\/v2\/product"}],"about":[{"href":"http:\/\/maudep.com.vn\/chuyengiadienmay\/index.php?rest_route=\/wp\/v2\/types\/product"}],"replies":[{"embeddable":true,"href":"http:\/\/maudep.com.vn\/chuyengiadienmay\/index.php?rest_route=%2Fwp%2Fv2%2Fcomments&post=1963"}],"wp:featuredmedia":[{"embeddable":true,"href":"http:\/\/maudep.com.vn\/chuyengiadienmay\/index.php?rest_route=\/wp\/v2\/media\/1965"}],"wp:attachment":[{"href":"http:\/\/maudep.com.vn\/chuyengiadienmay\/index.php?rest_route=%2Fwp%2Fv2%2Fmedia&parent=1963"}],"curies":[{"name":"wp","href":"https:\/\/api.w.org\/{rel}","templated":true}]}}