{"id":1982,"date":"2019-01-01T18:06:31","date_gmt":"2019-01-01T11:06:31","guid":{"rendered":"http:\/\/maudep.com.vn\/chuyengiadienmay\/?post_type=product&#038;p=1982"},"modified":"2019-01-15T15:02:37","modified_gmt":"2019-01-15T08:02:37","slug":"may-giat-inverter-8-kg-electrolux-ewf8025eqwa","status":"publish","type":"product","link":"http:\/\/maudep.com.vn\/chuyengiadienmay\/?product=may-giat-inverter-8-kg-electrolux-ewf8025eqwa","title":{"rendered":"M\u00e1y gi\u1eb7t Inverter 8 Kg Electrolux EWF8025EQWA"},"content":{"rendered":"<h3 class=\"pd-news-title\">M\u00e1y gi\u1eb7t Inverter 8 Kg Electrolux EWF8025EQWA<\/h3>\n<div class=\"pd-news-content\">\n<h3>Gi\u1ea3m thi\u1ec3u n\u1ebfp nh\u0103n, v\u1ea3i v\u00f3c lu\u00f4n m\u1ec1m m\u1ea1i<\/h3>\n<p>C\u00f4ng ngh\u1ec7 gi\u1eb7t b\u1eb1ng h\u01a1i n\u01b0\u1edbc \u1edf giai \u0111o\u1ea1n gi\u1eb7t cu\u1ed1i c\u00f9ng gi\u00fap gi\u1ea3m thi\u1ec3u c\u00e1c v\u1ebft nh\u0103n tr\u00ean qu\u1ea7n \u00e1o l\u00ean \u0111\u1ebfn 22% v\u00e0 gi\u00fap qu\u1ea7n \u00e1o ph\u1eb3ng phiu. \u1ede nhi\u1ec7t \u0111\u1ed9 40C, m\u00e1y gi\u1eb7t gi\u00fap lo\u1ea1i b\u1ecf 99.9% t\u00e1c nh\u00e2n g\u00e2y d\u1ecb \u1ee9ng v\u00e0 vi khu\u1ea9n t\u1eeb b\u1ee5i b\u1ea9n hay v\u1eadt nu\u00f4i. B\u1ea1n kh\u00f4ng nh\u1eefng th\u1ea5y r\u00f5 m\u00e0 c\u00f2n c\u1ea3m nh\u1eadn \u0111\u01b0\u1ee3c s\u1ef1 tuy\u1ec7t v\u1eddi n\u00e0y.<\/p>\n<p><img src=\"https:\/\/www.electrolux.vn\/remote.jpg.ashx?urlb64=aHR0cHM6Ly93d3cuZWxlY3Ryb2x1eC5pbS9wcm9kdWN0cy9YTUxQSUNUVVJFL3ZhcG91ci1jYXJlLXF1YXJ0ei01NDR4MzA2LnBuZw&amp;hmac=oHx6xA34dWo&amp;mode=crop&amp;preset=large\" \/><\/p>\n<h3>Gi\u1eb7t \u0111\u1ed3 len m\u1ed9t c\u00e1ch d\u1ec5 d\u00e0ng<\/h3>\n<p>\u0110\u1ed3 len cao c\u1ea5p c\u1ee7a b\u1ea1n s\u1ebd \u0111\u01b0\u1ee3c gi\u1eb7t m\u1ed9t c\u00e1ch an to\u00e0n v\u1edbi ch\u1ee9c n\u0103ng gi\u1eb7t \u0111\u1ed3 len \u0111\u00e3 \u0111\u01b0\u1ee3c c\u1ea5p ch\u1ee9ng nh\u1eadn Woolmark. Ch\u1ee9c n\u0103ng chuy\u00ean d\u1ee5ng n\u00e0y gi\u00fap \u0111\u1ea1t \u0111\u01b0\u1ee3c hi\u1ec7u qu\u1ea3 l\u00e0m s\u1ea1ch \u0111\u1ed3 len t\u1ed1i \u01b0u m\u00e0 v\u1eabn kh\u00f4ng g\u00e2y b\u1ebft khi gi\u1eb7t, nh\u1edd v\u1eady \u00e1o qu\u1ea7n c\u1ee7a b\u1ea1n lu\u00f4n m\u1edbi.<\/p>\n<p><img src=\"https:\/\/www.electrolux.vn\/remote.jpg.ashx?urlb64=aHR0cHM6Ly93d3cuZWxlY3Ryb2x1eC5pbS9wcm9kdWN0cy9YTUxQSUNUVVJFL1dvb2xtYXJrX0FwcGFyZWxfQ2FyZV81NDR4MzA2LmpwZw&amp;hmac=8AlcpbY8dbI&amp;mode=crop&amp;preset=large\" \/><\/p>\n<h3>V\u1eadn h\u00e0nh \u00eam \u00e1i, b\u1ec1n b\u1ec9 v\u00e0 ti\u1ebft ki\u1ec7m n\u0103ng l\u01b0\u1ee3ng<\/h3>\n<p>\u0110\u1ed9ng c\u01a1 s\u1eed d\u1ee5ng c\u00f4ng ngh\u1ec7 Inverter gi\u00fap m\u00e1y v\u1eadn h\u00e0nh \u00eam \u00e1i h\u01a1n v\u00e0 \u0111\u1eb7t hi\u1ec7u su\u1ea5t cao h\u01a1n 22% so v\u1edbi \u0111\u1ed9ng c\u01a1 th\u00f4ng th\u01b0\u1eddng m\u00e0 v\u1eabn duy tr\u00ec kh\u1ea3 n\u0103ng gi\u1eb7t m\u1ea1nh m\u1ebd. \u0110\u1ed9ng c\u01a1 \u0111\u01b0\u1ee3c b\u1ea3o h\u00e0nh 10 n\u0103m.<\/p>\n<p><img src=\"https:\/\/www.electrolux.vn\/remote.jpg.ashx?urlb64=aHR0cHM6Ly93d3cuZWxlY3Ryb2x1eC5pbS9wcm9kdWN0cy9YTUxQSUNUVVJFL0ludmVydGVyXzU0NHgzMDYuanBn&amp;hmac=BaLmw0rbBt4&amp;mode=crop&amp;preset=large\" \/><\/p>\n<h3>Thao t\u00e1c b\u1ecf v\u00e0 l\u1ea5y \u00e1o qu\u1ea7n m\u1ed9t c\u00e1ch d\u1ec5 d\u00e0ng<\/h3>\n<p>V\u1edbi c\u1eeda size 3XL \u0111\u00e3 \u0111\u01b0\u1ee3c c\u1ea3i thi\u1ec7n, b\u1ea1n c\u00f3 th\u1ec3 m\u1edf c\u1eeda r\u1ed9ng h\u01a1n 12%* \u0111\u1ec3 gi\u00fap cho vi\u1ec7c b\u1ecf v\u00e0 l\u1ea5y qu\u1ea7n \u00e1o d\u1ec5 d\u00e0ng h\u01a1n bao gi\u1edd h\u1ebft. *so s\u00e1nh v\u1edbi lo\u1ea1i m\u00e1y gi\u1eb7t c\u00f3 c\u1eeda size 2XL.<\/p>\n<p><img src=\"https:\/\/www.electrolux.vn\/remote.jpg.ashx?urlb64=aHR0cHM6Ly93d3cuZWxlY3Ryb2x1eC5pbS9wcm9kdWN0cy9YTUxQSUNUVVJFLzNYTCUyMERvb3IuanBn&amp;hmac=9DolSvZ6XdM&amp;mode=crop&amp;preset=large\" \/><\/p>\n<h3>M\u1edf c\u1eeda \u0111\u1ec3 gi\u1eb7t th\u00f4ng minh h\u01a1n<\/h3>\n<p>Ch\u1ee9c n\u0103ng th\u00eam \u0111\u1ed3 gi\u1eb7t cho ph\u00e9p b\u1ea1n b\u1ecf th\u00eam qu\u1ea7n \u00e1o trong v\u00f2ng 15 ph\u00fat \u0111\u1ea7u ti\u00ean c\u1ee7a chu tr\u00ecnh gi\u1eb7t. B\u1ea1n s\u1ebd kh\u00f4ng c\u00f2n qu\u1ea7n \u00e1o d\u01b0 th\u1eeba sau khi gi\u1eb7t.<\/p>\n<p><img src=\"https:\/\/www.electrolux.vn\/remote.jpg.ashx?urlb64=aHR0cHM6Ly93d3cuZWxlY3Ryb2x1eC5pbS9wcm9kdWN0cy9YTUxQSUNUVVJFL0FkZC1DbG90aGVzLTU0NHgzMDYuanBn&amp;hmac=qOLS1WNjWko&amp;mode=crop&amp;preset=large\" \/><\/p>\n<h3>Th\u1eddi gian gi\u1eb7t \u0111a d\u1ea1ng gi\u00fap ch\u0103m s\u00f3c t\u1ed1t h\u01a1n<\/h3>\n<p>Chu tr\u00ecnh gi\u1eb7t nhanh 15 ph\u00fat l\u00e0 m\u1ed9t trong nh\u1eefng chu tr\u00ecnh gi\u1eb7t nhanh nh\u1ea5t tr\u00ean th\u1ecb tr\u01b0\u1eddng hi\u1ec7n nay, th\u00edch h\u1ee3p cho nh\u1eefng lo\u1ea1i \u00e1o qu\u1ea7n m\u1eb7c h\u00e0ng ng\u00e0y. Chu tr\u00ecnh gi\u1eb7t h\u00e0ng ng\u00e0y 60 ph\u00fat ph\u00f9 h\u1ee3p v\u1edbi kh\u1ed1i l\u01b0\u1ee3ng \u00e1o qu\u1ea7n l\u1edbn h\u01a1n. B\u1ea1n c\u00f3 th\u1ec3 t\u00f9y ch\u1ecdn nhi\u1ec7t \u0111\u1ed9 gi\u1eb7t \u0111\u1ec3 ph\u00f9 h\u1ee3p v\u1edbi nhu c\u1ea7u, \u0111i\u1ec1u ki\u1ec7n c\u1ee7a b\u1ea1n.<\/p>\n<p><img src=\"https:\/\/www.electrolux.vn\/remote.jpg.ashx?urlb64=aHR0cHM6Ly93d3cuZWxlY3Ryb2x1eC5pbS9wcm9kdWN0cy9YTUxQSUNUVVJFL3dhc2gtcHJvZ3JhbW1lLTU0NHgzMDYucG5n&amp;hmac=Wle6eDqpFtg&amp;mode=crop&amp;preset=large\" \/><\/p>\n<div class=\"cl\"><\/div>\n<\/div>\n<div class=\"nav-news-epx\"><\/div>\n","protected":false},"excerpt":{"rendered":"<p>C\u00f4ng ngh\u1ec7 gi\u1eb7t h\u01a1i n\u01b0\u1edbc gi\u1ea3m thi\u1ec3u n\u1ebfp nh\u0103n<br \/>\nGi\u1eb7t \u0111\u1ed3 len d\u1ec5 d\u00e0ng v\u1edbi ch\u1ee9ng nh\u1eadn Woolmark<br \/>\nCh\u1ee9c n\u0103ng gi\u1eb7t nhanh 15 ph\u00fat ph\u00f9 h\u1ee3p ng\u01b0\u1eddi b\u1eadn r\u1ed9n<\/p>\n","protected":false},"featured_media":1984,"comment_status":"open","ping_status":"closed","template":"","meta":[],"_links":{"self":[{"href":"http:\/\/maudep.com.vn\/chuyengiadienmay\/index.php?rest_route=\/wp\/v2\/product\/1982"}],"collection":[{"href":"http:\/\/maudep.com.vn\/chuyengiadienmay\/index.php?rest_route=\/wp\/v2\/product"}],"about":[{"href":"http:\/\/maudep.com.vn\/chuyengiadienmay\/index.php?rest_route=\/wp\/v2\/types\/product"}],"replies":[{"embeddable":true,"href":"http:\/\/maudep.com.vn\/chuyengiadienmay\/index.php?rest_route=%2Fwp%2Fv2%2Fcomments&post=1982"}],"wp:featuredmedia":[{"embeddable":true,"href":"http:\/\/maudep.com.vn\/chuyengiadienmay\/index.php?rest_route=\/wp\/v2\/media\/1984"}],"wp:attachment":[{"href":"http:\/\/maudep.com.vn\/chuyengiadienmay\/index.php?rest_route=%2Fwp%2Fv2%2Fmedia&parent=1982"}],"curies":[{"name":"wp","href":"https:\/\/api.w.org\/{rel}","templated":true}]}}