{"id":2009,"date":"2019-01-02T11:25:33","date_gmt":"2019-01-02T04:25:33","guid":{"rendered":"http:\/\/maudep.com.vn\/chuyengiadienmay\/?post_type=product&#038;p=2009"},"modified":"2019-01-15T14:38:58","modified_gmt":"2019-01-15T07:38:58","slug":"may-giat-8kg-lg-fc1408s4w2-inverter-6-chuyen-dong","status":"publish","type":"product","link":"http:\/\/maudep.com.vn\/chuyengiadienmay\/?product=may-giat-8kg-lg-fc1408s4w2-inverter-6-chuyen-dong","title":{"rendered":"M\u00e1y gi\u1eb7t 8Kg LG FC1408S4W2 Inverter, 6 chuy\u1ec3n \u0111\u1ed9ng"},"content":{"rendered":"<div class=\"pd-news-content\">\n<h3>Ch\u1ed1ng l\u1ea1i t\u00e1c nh\u00e2n g\u00e2y d\u1ecb \u1ee9ng b\u1eb1ng h\u01a1i n\u01b0\u1edbc<\/h3>\n<p>Chu tr\u00ecnh Allergy Care tr\u00ean M\u00e1y gi\u1eb7t LG FC1408S4W2 s\u1eed d\u1ee5ng n\u01b0\u1edbc v\u00e0 nhi\u1ec7t \u0111\u1ed9 \u0111\u1ec3 t\u1ea1o ra h\u01a1i n\u01b0\u1edbc kh\u1eed tr\u00f9ng si\u00eau h\u1ea1ng, l\u00e0m s\u1ea1ch t\u00e1c nh\u00e2n d\u1ecb \u1ee9ng tr\u00ean qu\u1ea7n \u00e1o m\u1ed9t c\u00e1ch nh\u1eb9 nh\u00e0ng nh\u1ea5t. T\u00ednh n\u0103ng n\u00e0y gi\u1ea3m t\u1edbi 99,9% ch\u1ea5t g\u00e2y d\u1ecb \u1ee9ng, nh\u01b0 ph\u1ea5n hoa, b\u1ecd ve c\u00f3 th\u1ec3 g\u00e2y ra d\u1ecb \u1ee9ng ho\u1eb7c c\u00e1c v\u1ea5n \u0111\u1ec1 v\u1edbi \u0111\u01b0\u1eddng h\u00f4 h\u1ea5p.<\/p>\n<p><img class=\"lazy\" src=\"https:\/\/cdn.mediamart.vn\/Upload\/download\/2017-12-News\/vFRUmj5wRuy8u63.jpg\" data-original=\"https:\/\/cdn.mediamart.vn\/Upload\/download\/2017-12-News\/vFRUmj5wRuy8u63.jpg\" \/><\/p>\n<h3>Th\u00eam \u0111\u1ed3 trong khi gi\u1eb7t<\/h3>\n<p>N\u1ebfu b\u1ea1n qu\u00ean cho \u0111\u1ed3 gi\u1eb7t v\u00e0o nh\u01b0ng m\u00e1y \u0111\u00e3 ch\u1ea1y, ch\u1ec9 c\u1ea7n nh\u1ea5n &#8220;Add Item&#8221; (Th\u00eam \u0111\u1ed3 gi\u1eb7t) v\u00e0 th\u00eam m\u1ecdi lo\u1ea1i \u0111\u1ed3 gi\u1eb7t t\u1eeb t\u1ea5t nh\u1ecf cho \u0111\u1ebfn \u00e1o kho\u00e1c l\u1edbn. V\u1ea3i b\u00f4ng, H\u1ed7n h\u1ee3p, Gi\u1eb7t nh\u1eb9 nh\u00e0ng, Gi\u1eb7t nhanh 14 ph\u00fat, cho d\u00f9 b\u1ea1n ch\u1ecdn ch\u1ebf \u0111\u1ed9 n\u00e0o, b\u1ea1n c\u0169ng c\u00f3 th\u1ec3 m\u1edf c\u1eeda* ngay l\u1eadp t\u1ee9c (d\u01b0\u1edbi 3 gi\u00e2y)** trong khi gi\u1eb7t.<\/p>\n<p><img class=\"lazy\" src=\"https:\/\/cdn.mediamart.vn\/Upload\/download\/2017-12-News\/b58PUAKUjsybsQa.jpg\" data-original=\"https:\/\/cdn.mediamart.vn\/Upload\/download\/2017-12-News\/b58PUAKUjsybsQa.jpg\" \/><\/p>\n<h3>B\u1ea3o v\u1ec7 t\u1ed1i \u01b0u cho v\u1ea3i v\u1edbi\u00a06 Chuy\u1ec3n \u0111\u1ed9ng DD<\/h3>\n<p>Ch\u1ecdn ch\u01b0\u01a1ng tr\u00ecnh gi\u1eb7t v\u00e0 c\u00f4ng ngh\u1ec7 6 chuy\u1ec3n \u0111\u1ed9ng gi\u1eb7t k\u1ebft h\u1ee3p v\u1edbi \u0111\u1ed9ng c\u01a1 d\u1eabn \u0111\u1ed9ng tr\u1ef1c ti\u1ebfp \u0111i\u1ec1u khi\u1ec3n l\u1ed3ng gi\u1eb7t theo nhi\u1ec1u h\u01b0\u1edbng, gi\u00fap ch\u0103m s\u00f3c v\u1ea3i \u0111\u00fang c\u00e1ch trong khi v\u1eabn \u0111\u1ea3m b\u1ea3o hi\u1ec7u n\u0103ng gi\u1eb7t c\u1ef1c s\u1ea1ch.<\/p>\n<p><img class=\"lazy\" src=\"https:\/\/cdn.mediamart.vn\/Upload\/download\/2017-12-News\/Rh4Nyd3emd6DaU5.jpg\" data-original=\"https:\/\/cdn.mediamart.vn\/Upload\/download\/2017-12-News\/Rh4Nyd3emd6DaU5.jpg\" \/><\/p>\n<h3>Gi\u1ea3m rung, gi\u1ea3m \u1ed3n<\/h3>\n<p>\u0110\u1ed9ng c\u01a1 d\u1eabn \u0111\u1ed9ng tr\u1ef1c ti\u1ebfp l\u00e0 tr\u00e1i tim mang \u0111\u1ebfn s\u1ee9c m\u1ea1nh cho m\u00e1y gi\u1eb7t, c\u00f3 \u0111\u1ed9 tin c\u1eady r\u1ea5t cao v\u00e0 c\u1ef1c k\u00ec \u00eam \u00e1i. Ch\u00fang t\u00f4i bi\u1ebft \u0111\u00e2y l\u00e0 m\u1ed9t trong nh\u1eefng \u0111\u1ed9ng c\u01a1 m\u00e1y gi\u1eb7t t\u1ed1t nh\u1ea5t tr\u00ean th\u1ecb tr\u01b0\u1eddng, \u0111\u00f3 l\u00e0 l\u00fd do v\u00ec sao t\u1ea5t c\u1ea3 m\u00e1y gi\u1eb7t c\u1ee7a ch\u00fang t\u00f4i \u0111\u1ec1u c\u00f3 th\u1eddi gian b\u1ea3o h\u00e0nh 10 n\u0103m cho \u0111\u1ed9ng c\u01a1. Qu\u1ea3 l\u00e0 m\u1ed9t m\u1ee9c b\u1ea3o h\u00e0nh tuy\u1ec7t v\u1eddi ph\u1ea3i kh\u00f4ng?<\/p>\n<p><img class=\"lazy\" src=\"https:\/\/cdn.mediamart.vn\/Upload\/download\/2017-12-News\/gC2hQmyjx4PLY8J.jpg\" data-original=\"https:\/\/cdn.mediamart.vn\/Upload\/download\/2017-12-News\/gC2hQmyjx4PLY8J.jpg\" \/><\/p>\n<h3>Ti\u1ec7n \u00edch th\u00f4ng minh v\u1edbi NFC<\/h3>\n<p>T\u1eeb vi\u1ec7c t\u1ea3i xu\u1ed1ng c\u00e1c chu tr\u00ecnh gi\u1eb7t b\u1ed5 sung cho \u0111\u1ebfn ch\u1ea9n \u0111o\u00e1n v\u00e0 gi\u1ea3i quy\u1ebft v\u1ea5n \u0111\u1ec1 tr\u1ee5c tr\u1eb7c, m\u00e1y gi\u1eb7t c\u1ee7a b\u1ea1n \u0111ang ng\u00e0y c\u00e0ng th\u00f4ng minh h\u01a1n. D\u1ec5 d\u00e0ng t\u01b0\u01a1ng t\u00e1c v\u1edbi m\u00e1y gi\u1eb7t v\u00e0 ti\u1ebfp c\u1eadn nh\u1eefng c\u00f4ng ngh\u1ec7 m\u1edbi nh\u1ea5t v\u1edbi t\u00ednh n\u0103ng NFC Tag On.<\/p>\n<p><img class=\"lazy\" src=\"https:\/\/cdn.mediamart.vn\/Upload\/download\/2017-12-News\/4JcHs3wr8krWg8l.jpg\" data-original=\"https:\/\/cdn.mediamart.vn\/Upload\/download\/2017-12-News\/4JcHs3wr8krWg8l.jpg\" \/><\/p>\n<div class=\"cl\"><\/div>\n<\/div>\n<div class=\"nav-news-epx\"><\/div>\n","protected":false},"excerpt":{"rendered":"<p>&#8211; M\u00e1y gi\u1eb7t l\u1ed3ng ngang 8Kg, 13 ch\u01b0\u01a1ng tr\u00ecnh gi\u1eb7t, T\u1ed1c \u0111\u1ed9 quay v\u1eaft\u00a01400 v\u00f2ng\/ph\u00fat<br \/>\n&#8211; C\u00f4ng ngh\u1ec7 h\u01a1i n\u01b0\u1edbc Spa steam di\u1ec7t t\u1edbi 99,9% t\u00e1c nh\u00e2n d\u1ecb \u1ee9ng<br \/>\n&#8211; Ch\u1ea9n \u0111o\u00e1n th\u00f4ng minhTM \u00a0 gi\u00fap ti\u1ebft ki\u1ec7m chi ph\u00ed b\u1ea3o h\u00e0nh<br \/>\n&#8211; \u0110\u01b0\u1eddng k\u00ednh c\u1eeda l\u1edbn 30cm, g\u00f3c m\u1edf r\u1ed9ng 180 \u0111\u1ed9<\/p>\n<p>&nbsp;<\/p>\n","protected":false},"featured_media":2011,"comment_status":"open","ping_status":"closed","template":"","meta":[],"_links":{"self":[{"href":"http:\/\/maudep.com.vn\/chuyengiadienmay\/index.php?rest_route=\/wp\/v2\/product\/2009"}],"collection":[{"href":"http:\/\/maudep.com.vn\/chuyengiadienmay\/index.php?rest_route=\/wp\/v2\/product"}],"about":[{"href":"http:\/\/maudep.com.vn\/chuyengiadienmay\/index.php?rest_route=\/wp\/v2\/types\/product"}],"replies":[{"embeddable":true,"href":"http:\/\/maudep.com.vn\/chuyengiadienmay\/index.php?rest_route=%2Fwp%2Fv2%2Fcomments&post=2009"}],"wp:featuredmedia":[{"embeddable":true,"href":"http:\/\/maudep.com.vn\/chuyengiadienmay\/index.php?rest_route=\/wp\/v2\/media\/2011"}],"wp:attachment":[{"href":"http:\/\/maudep.com.vn\/chuyengiadienmay\/index.php?rest_route=%2Fwp%2Fv2%2Fmedia&parent=2009"}],"curies":[{"name":"wp","href":"https:\/\/api.w.org\/{rel}","templated":true}]}}