{"id":2018,"date":"2019-01-02T11:41:30","date_gmt":"2019-01-02T04:41:30","guid":{"rendered":"http:\/\/maudep.com.vn\/chuyengiadienmay\/?post_type=product&#038;p=2018"},"modified":"2019-01-15T14:55:39","modified_gmt":"2019-01-15T07:55:39","slug":"may-giat-aqua-long-dung-7kg-aq-k70at","status":"publish","type":"product","link":"http:\/\/maudep.com.vn\/chuyengiadienmay\/?product=may-giat-aqua-long-dung-7kg-aq-k70at","title":{"rendered":"M\u00e1y gi\u1eb7t AQUA l\u1ed3ng \u0111\u1ee9ng 7Kg AQ-K70AT"},"content":{"rendered":"<h3 class=\"pd-news-title\">M\u00e1y gi\u1eb7t AQUA l\u1ed3ng \u0111\u1ee9ng 7Kg AQ-K70AT<\/h3>\n<div class=\"pd-news-content\">\n<p><strong>Kh\u1ed1i l\u01b0\u1ee3ng gi\u1eb7t l\u1edbn<\/strong><br \/>\nM\u00e1y gi\u1eb7t c\u1eeda tr\u00ean Aqua\u00a0AQW-K70AT\u00a0c\u00f3 thi\u1ebft k\u1ebf sang tr\u1ecdng, v\u1edbi kh\u1ed1i l\u01b0\u1ee3ng gi\u1eb7t 7 kg, gi\u00fap b\u1ea1n c\u00f3 th\u1ec3 x\u1eed l\u00fd m\u1ed9t s\u1ed1 l\u01b0\u1ee3ng qu\u1ea7n \u00e1o \u0111\u00e1ng k\u1ec3 trong m\u1ed7i l\u1ea7n gi\u1eb7t, ti\u1ebft ki\u1ec7m nhi\u1ec1u th\u1eddi gian trong c\u00f4ng vi\u1ec7c gi\u1eb7t gi\u0169 c\u1ee7a gia \u0111\u00ecnh, \u0111\u1eb7c bi\u1ec7t trong nh\u1eefng ng\u00e0y m\u00f9a m\u01b0a k\u00e9o d\u00e0i.<\/p>\n<p><img class=\"lazy\" src=\"https:\/\/cdn.mediamart.vn\/Upload\/download\/2017-2\/mg-GOuOxN.jpg\" data-original=\"https:\/\/cdn.mediamart.vn\/Upload\/download\/2017-2\/mg-GOuOxN.jpg\" \/><\/p>\n<p><strong>B\u1ed9 \u0111i\u1ec1u khi\u1ec3n Neuro Fuzzy th\u00f4ng minh<\/strong><br \/>\nAQW-K70AT \u0111\u01b0\u1ee3c trang b\u1ecb b\u1ed9 \u0111i\u1ec1u khi\u1ec3n Neuro Fuzzy th\u00f4ng minh, c\u00f3 th\u1ec3 t\u00ednh to\u00e1n ch\u00ednh x\u00e1c l\u01b0\u1ee3ng \u0111i\u1ec7n v\u00e0 n\u01b0\u1edbc t\u01b0\u01a1ng \u1ee9ng v\u1edbi kh\u1ed1i l\u01b0\u1ee3ng qu\u1ea7n \u00e1o c\u1ea7n gi\u1eb7t \u0111\u1ec3 \u0111\u01b0a ra chu tr\u00ecnh gi\u1eb7t ph\u00f9 h\u1ee3p nh\u1ea5t, gi\u00fap b\u1ea1n ti\u1ebft ki\u1ec7m t\u1ed1i \u0111a chi ph\u00ed m\u1ed7i l\u1ea7n gi\u1eb7t gi\u0169.<br \/>\n<img class=\"lazy\" src=\"https:\/\/cdn.mediamart.vn\/Upload\/images\/41.png\" data-original=\"https:\/\/cdn.mediamart.vn\/Upload\/images\/41.png\" \/><br \/>\n<strong>Nhi\u1ec1u ch\u01b0\u01a1ng tr\u00ecnh gi\u1eb7t ti\u1ec7n d\u1ee5ng<\/strong><br \/>\nM\u00e1y gi\u1eb7t\u00a0Aqua AQW-K70AT c\u00f3 nhi\u1ec1u ch\u1ebf \u0111\u1ed9 gi\u1eb7t kh\u00e1c nhau nh\u01b0:\u00a0gi\u1eb7t nhanh, gi\u1eb7t m\u1ea1nh, gi\u1eb7t nh\u1eb9,\u2026 ph\u00f9 h\u1ee3p \u0111\u1ec3 b\u1ea1n gi\u1eb7t s\u1ea1ch t\u1eebng lo\u1ea1i v\u1ea3i kh\u00e1c nhau m\u1ed9t c\u00e1ch d\u1ec5 d\u00e0ng m\u00e0 kh\u00f4ng g\u00e2y t\u1ed5n h\u1ea1i cho qu\u1ea7n \u00e1o.<br \/>\n<img class=\"lazy\" src=\"https:\/\/cdn.mediamart.vn\/Upload\/images\/42.png\" data-original=\"https:\/\/cdn.mediamart.vn\/Upload\/images\/42.png\" \/><br \/>\n<strong>B\u1ed9 l\u1ecdc x\u01a1 v\u1ea3i ti\u00ean ti\u1ebfn<\/strong><br \/>\nM\u00e1y gi\u1eb7t Aqua AQW-K70AT \u0111\u01b0\u1ee3c trang b\u1ecb b\u1ed9 l\u1ecdc s\u01a1 v\u1ea3i ti\u00ean ti\u1ebfn, gi\u00fap l\u1ecdc s\u1ea1ch s\u01a1 v\u1ea3i b\u00e1m tr\u00ean qu\u1ea7n \u00e1o v\u00e0 h\u1ea1n ch\u1ebf t\u00ecnh tr\u1ea1ng ngh\u1eb9t \u1ed1ng tho\u00e1t n\u01b0\u1edbc c\u1ee7a m\u00e1y gi\u1eb7t.<\/p>\n<p><strong>Kh\u00f3a tr\u1ebb em an to\u00e0n<\/strong><br \/>\nAqua AQW-K70AT c\u00f2n \u0111\u01b0\u1ee3c trang b\u1ecb ch\u1ee9c n\u0103ng kh\u00f3a an to\u00e0n trong qu\u00e1 tr\u00ecnh gi\u1eb7t, b\u1ea1n s\u1ebd kh\u00f4ng th\u1ec3 m\u1edf n\u1eafp \u0111\u1eady khi m\u00e1y \u0111ang ho\u1ea1t \u0111\u1ed9ng \u0111\u1ec3 tr\u00e1nh tr\u01b0\u1eddng h\u1ee3p c\u00f3 v\u1eadt l\u1ea1 r\u01a1i v\u00e0o ho\u1eb7c tr\u1ebb em \u0111\u00f9a ngh\u1ecbch c\u00f3 th\u1ec3 t\u00e9 v\u00e0o l\u1ed3ng gi\u1eb7t.<br \/>\n<img class=\"lazy\" src=\"https:\/\/cdn.mediamart.vn\/Upload\/images\/43.png\" data-original=\"https:\/\/cdn.mediamart.vn\/Upload\/images\/43.png\" \/><br \/>\n<strong>T\u1ef1 \u0111\u1ed9ng gi\u1eb7t ti\u1ebfp sau khi m\u1ea5t \u0111i\u1ec7n<\/strong><br \/>\nKhi b\u1ecb m\u1ea5t \u0111i\u1ec7n \u0111\u1ed9t ng\u1ed9t trong qu\u00e1 tr\u00ecnh gi\u1eb7t, m\u00e1y s\u1ebd t\u1ef1 \u0111\u1ed9ng l\u01b0u l\u1ea1i ch\u1ebf \u0111\u1ed9 gi\u1eb7t \u0111ang di\u1ec5n ra v\u00e0 t\u1ef1 kh\u1edfi \u0111\u1ed9ng l\u1ea1i gi\u1eb7t ti\u1ebfp khi c\u00f3 \u0111i\u1ec7n tr\u1edf l\u1ea1i m\u00e0 kh\u00f4ng g\u00e2y b\u1ea5t k\u1ef3 t\u1ed5n h\u1ea1i n\u00e0o cho m\u00e1y. B\u1ea1n kh\u00f4ng c\u1ea7n ph\u1ea3i lo s\u1ebd ph\u1ea3i gi\u1eb7t l\u1ea1i t\u1eeb \u0111\u1ea7u v\u1eeba m\u1ea5t th\u1eddi gian v\u1eeba hao ph\u00ed \u0111i\u1ec7n v\u00e0 n\u01b0\u1edbc.<\/p>\n<p><strong>Van n\u01b0\u1edbc \u0111\u1eb7c bi\u1ec7t, t\u0103ng l\u01b0u l\u01b0\u1ee3ng t\u1ed1i \u01b0u<\/strong><br \/>\nM\u00e1y gi\u1eb7t Aqua AQW-K70AT c\u00f3 thi\u1ebft k\u1ebf van n\u01b0\u1edbc \u0111\u1eb7c bi\u1ec7t, gi\u00fap t\u0103ng l\u01b0u l\u01b0\u1ee3ng n\u01b0\u1edbc l\u00ean \u0111\u1ebfn 30% so v\u1edbi van th\u00f4ng th\u01b0\u1eddng, \u0111\u1ea3m b\u1ea3o ngu\u1ed3n n\u01b0\u1edbc c\u1ea5p v\u00e0o m\u00e1y lu\u00f4n \u1ed5n \u0111\u1ecbnh \u0111\u1ec3 qu\u00e1 tr\u00ecnh gi\u1eb7t kh\u00f4ng b\u1ecb gi\u00e1n \u0111o\u1ea1n.<\/p>\n<\/div>\n","protected":false},"excerpt":{"rendered":"<p>&#8211; Ch\u1ebf \u0111\u1ed9 gi\u1eb7t lu\u1ed3ng n\u01b0\u1edbc phun, 7 ch\u01b0\u01a1ng tr\u00ecnh t\u1ef1 \u0111\u1ed9ng<br \/>\n&#8211; Ch\u1ee9c n\u0103ng Auto Restart, V\u1eaft c\u1ef1c kh\u00f4<br \/>\n&#8211; Van \u0111\u1eb7c bi\u1ec7t, \u1ed5n \u0111\u1ecbnh ngu\u1ed3n n\u01b0\u1edbc<br \/>\n&#8211; B\u1ed9 l\u1ecdc x\u01a1 v\u1ea3i \u0111\u01b0\u1ee3c c\u1ea3i ti\u1ebfn, b\u1ec1n v\u00e0 hi\u1ec7u qu\u1ea3<\/p>\n","protected":false},"featured_media":2020,"comment_status":"open","ping_status":"closed","template":"","meta":[],"_links":{"self":[{"href":"http:\/\/maudep.com.vn\/chuyengiadienmay\/index.php?rest_route=\/wp\/v2\/product\/2018"}],"collection":[{"href":"http:\/\/maudep.com.vn\/chuyengiadienmay\/index.php?rest_route=\/wp\/v2\/product"}],"about":[{"href":"http:\/\/maudep.com.vn\/chuyengiadienmay\/index.php?rest_route=\/wp\/v2\/types\/product"}],"replies":[{"embeddable":true,"href":"http:\/\/maudep.com.vn\/chuyengiadienmay\/index.php?rest_route=%2Fwp%2Fv2%2Fcomments&post=2018"}],"wp:featuredmedia":[{"embeddable":true,"href":"http:\/\/maudep.com.vn\/chuyengiadienmay\/index.php?rest_route=\/wp\/v2\/media\/2020"}],"wp:attachment":[{"href":"http:\/\/maudep.com.vn\/chuyengiadienmay\/index.php?rest_route=%2Fwp%2Fv2%2Fmedia&parent=2018"}],"curies":[{"name":"wp","href":"https:\/\/api.w.org\/{rel}","templated":true}]}}