{"id":2073,"date":"2019-01-02T15:00:44","date_gmt":"2019-01-02T08:00:44","guid":{"rendered":"http:\/\/maudep.com.vn\/chuyengiadienmay\/?post_type=product&#038;p=2073"},"modified":"2019-02-14T13:21:18","modified_gmt":"2019-02-14T06:21:18","slug":"2073","status":"publish","type":"product","link":"http:\/\/maudep.com.vn\/chuyengiadienmay\/?product=2073","title":{"rendered":"M\u00e1y gi\u1eb7t 8.5KG Samsung WA85M5120SG\/SV"},"content":{"rendered":"<h3 class=\"pd-news-title\">M\u00e1y gi\u1eb7t 8.5KG Samsung WA85M5120SG\/SV<\/h3>\n<div class=\"pd-news-content\">\n<h3><strong>Thi\u1ebft k\u1ebf tinh t\u1ebf, sang tr\u1ecdng<\/strong><\/h3>\n<p>M\u00e1y gi\u1eb7t Samsung WA85M5120SG\/SV\u00a0c\u00f3 thi\u1ebft k\u1ebf tinh t\u1ebf, sang tr\u1ecdng, m\u00e1y c\u00f3 kh\u1ed1i l\u01b0\u1ee3ng gi\u1eb7t l\u00ean \u0111\u1ebfn 8.5 kg, ph\u00f9 h\u1ee3p v\u1edbi gia \u0111\u00ecnh \u0111\u00f4ng ng\u01b0\u1eddi (5 th\u00e0nh vi\u00ean).<\/p>\n<p><img class=\"lazy\" src=\"https:\/\/cdn.mediamart.vn\/Upload\/download\/2017-6-News\/Ypze9TRm1lr95Xi.jpg\" data-original=\"https:\/\/cdn.mediamart.vn\/Upload\/download\/2017-6-News\/Ypze9TRm1lr95Xi.jpg\" \/><\/p>\n<h3><strong>C\u00f4ng ngh\u1ec7 gi\u1eb7t Wobble \u0111\u1ed9c \u0111\u00e1o<\/strong><\/h3>\n<p>C\u00f4ng ngh\u1ec7 gi\u1eb7t Wobble\u00a0l\u00e0 m\u1ed9t trong nh\u1eefng c\u00f4ng ngh\u1ec7 ti\u00ean ti\u1ebfn c\u1ee7a h\u00e3ng Samsung, nh\u1edd c\u00f3 c\u00f4ng ngh\u1ec7 n\u00e0y m\u00e0 qu\u1ea7n \u00e1o c\u1ee7a b\u1ea1n ho\u00e0n to\u00e0n \u0111\u01b0\u1ee3c ch\u0103m s\u00f3c nh\u1eb9 nh\u00e0ng nh\u01b0ng v\u1eabn mang l\u1ea1i hi\u1ec7u qu\u1ea3 v\u01b0\u1ee3t tr\u1ed9i. M\u00e2m gi\u1eb7t Wobble s\u1ebd t\u1ea1o ra nh\u1eefng d\u00f2ng n\u01b0\u1edbc \u0111a chi\u1ec1u len l\u1ecfi v\u00e0o b\u00ean trong qu\u1ea7n \u00e1o, t\u1eeb \u0111\u00f3 gi\u00fap \u0111\u00e1nh b\u1eadt m\u1ecdi v\u1ebft b\u1ea9n m\u1ed9t c\u00e1ch hi\u1ec7u qu\u1ea3, gi\u00fap gi\u1ea3m ma s\u00e1t, tr\u00e1nh nh\u0103n nh\u00fam s\u1ee3i v\u1ea3i, t\u1ea1o \u0111\u1ed9 b\u1ec1n cao.<\/p>\n<p><img class=\"lazy\" src=\"https:\/\/cdn.mediamart.vn\/Upload\/download\/2017-6-News\/s8TR2uIDCr13r58.jpg\" data-original=\"https:\/\/cdn.mediamart.vn\/Upload\/download\/2017-6-News\/s8TR2uIDCr13r58.jpg\" \/><\/p>\n<h3><strong>B\u1ed9 l\u1ecdc sinh h\u1ecdc Magic Filter<\/strong><\/h3>\n<p>B\u1ed9 l\u1ecdc sinh h\u1ecdc Magic Filter\u00a0s\u1ebd gi\u00fap l\u1ecdc s\u1ea1ch s\u01a1 v\u1ea3i t\u1eeb qu\u1ea7n \u00e1o, tr\u00e1nh \u0111\u1ec3 ch\u00fang d\u00ednh l\u1ea1i tr\u00ean qu\u1ea7n \u00e1o c\u1ee7a b\u1ea1n. B\u1ed9 l\u1ecdc n\u00e0y c\u00f2n c\u00f3 th\u1ec3 th\u00e1o r\u1eddi d\u1ec5 d\u00e0ng, thu\u1eadn ti\u1ec7n cho vi\u1ec7c l\u00e0m v\u1ec7 sinh.<\/p>\n<p><img class=\"lazy\" src=\"https:\/\/cdn.mediamart.vn\/Upload\/download\/2017-6-News\/DKXu6x0l11Du9M6.jpg\" data-original=\"https:\/\/cdn.mediamart.vn\/Upload\/download\/2017-6-News\/DKXu6x0l11Du9M6.jpg\" \/><\/p>\n<h3><strong>L\u1ed3ng gi\u1eb7t kim c\u01b0\u01a1ng<\/strong><\/h3>\n<p>L\u1ed3ng gi\u1eb7t kim c\u01b0\u01a1ng\u00a0\u0111\u01b0\u1ee3c thi\u1ebft k\u1ebf \u0111\u1ed9c \u0111\u00e1o gi\u00fap \u0111\u1ea3m b\u1ea3o gi\u1eb7t s\u1ea1ch v\u00e0 kh\u00f4ng l\u00e0m h\u01b0 t\u1ed5n s\u1ee3i v\u1ea3i.<\/p>\n<p><img class=\"lazy\" src=\"https:\/\/cdn.mediamart.vn\/Upload\/download\/2017-6-News\/NO4a7Oa9IfK3ay1.jpg\" data-original=\"https:\/\/cdn.mediamart.vn\/Upload\/download\/2017-6-News\/NO4a7Oa9IfK3ay1.jpg\" \/><\/p>\n<h3><strong>C\u00f4ng ngh\u1ec7 gi\u1eb7t th\u00e1c n\u01b0\u1edbc<\/strong><\/h3>\n<p>M\u00e1y gi\u1eb7t Samsung\u00a0\u0111\u01b0\u1ee3c trang b\u1ecb th\u00eam c\u00f4ng ngh\u1ec7 gi\u1eb7t th\u00e1c n\u01b0\u1edbc, nh\u1edd \u0111\u00f3 gi\u00fap b\u1ed9t gi\u1eb7t c\u00f3 th\u1ec3 d\u1ec5 d\u00e0ng h\u00f2a tan v\u00e0 th\u1ea9m th\u1ea5u s\u00e2u v\u00e0o t\u1eebng s\u1ee3i v\u1ea3i, gi\u00fap qu\u1ea7n \u00e1o c\u1ee7a b\u1ea1n s\u1ea1ch s\u1ebd v\u00e0 th\u01a1m tho.<\/p>\n<p><img class=\"lazy\" src=\"https:\/\/cdn.mediamart.vn\/Upload\/download\/2017-6-News\/ipbq4jKxy9UHb2k.jpg\" data-original=\"https:\/\/cdn.mediamart.vn\/Upload\/download\/2017-6-News\/ipbq4jKxy9UHb2k.jpg\" \/><\/p>\n<div class=\"cl\"><\/div>\n<\/div>\n<div class=\"nav-news-epx\"><\/div>\n","protected":false},"excerpt":{"rendered":"<p>&#8211;\u00a06 ch\u01b0\u01a1ng tr\u00ecnh (c\u00f3 gi\u1eb7t nhanh, gi\u1eb7t \u0111\u1ed3 d\u00e0y, gi\u1eb7t ch\u0103n m\u1ec1n&#8230;)<br \/>\n&#8211;\u00a0Thi\u1ebft k\u1ebf m\u00e2m gi\u1eb7t Wobble mang \u0111\u1ebfn kh\u1ea3 n\u0103ng gi\u1eb7t s\u1ea1ch ho\u00e0n h\u1ea3o m\u1ecdi v\u1ebft b\u1ea9n.<br \/>\n&#8211; L\u1ecdc s\u1ea1ch x\u01a1 v\u1ea3i v\u00e0 c\u1eb7n b\u1ea9n, \u0111\u1ed3ng th\u1eddi ch\u1ed1ng t\u1eaft ngh\u1ebdn \u1ed1ng tho\u00e1t n\u01b0\u1edbc v\u1edbi b\u1ed9 l\u1ecdc Magic Filter.<\/p>\n<p>&nbsp;<\/p>\n","protected":false},"featured_media":2075,"comment_status":"open","ping_status":"closed","template":"","meta":[],"_links":{"self":[{"href":"http:\/\/maudep.com.vn\/chuyengiadienmay\/index.php?rest_route=\/wp\/v2\/product\/2073"}],"collection":[{"href":"http:\/\/maudep.com.vn\/chuyengiadienmay\/index.php?rest_route=\/wp\/v2\/product"}],"about":[{"href":"http:\/\/maudep.com.vn\/chuyengiadienmay\/index.php?rest_route=\/wp\/v2\/types\/product"}],"replies":[{"embeddable":true,"href":"http:\/\/maudep.com.vn\/chuyengiadienmay\/index.php?rest_route=%2Fwp%2Fv2%2Fcomments&post=2073"}],"wp:featuredmedia":[{"embeddable":true,"href":"http:\/\/maudep.com.vn\/chuyengiadienmay\/index.php?rest_route=\/wp\/v2\/media\/2075"}],"wp:attachment":[{"href":"http:\/\/maudep.com.vn\/chuyengiadienmay\/index.php?rest_route=%2Fwp%2Fv2%2Fmedia&parent=2073"}],"curies":[{"name":"wp","href":"https:\/\/api.w.org\/{rel}","templated":true}]}}