{"id":2105,"date":"2019-01-02T16:06:31","date_gmt":"2019-01-02T09:06:31","guid":{"rendered":"http:\/\/maudep.com.vn\/chuyengiadienmay\/?post_type=product&#038;p=2105"},"modified":"2019-01-15T14:19:34","modified_gmt":"2019-01-15T07:19:34","slug":"may-giat-14-kg-samsung-wa14j6750sp-sv-activ-dualwash","status":"publish","type":"product","link":"http:\/\/maudep.com.vn\/chuyengiadienmay\/?product=may-giat-14-kg-samsung-wa14j6750sp-sv-activ-dualwash","title":{"rendered":"M\u00e1y gi\u1eb7t 14 Kg Samsung WA14J6750SP\/SV Activ Dualwash"},"content":{"rendered":"<h3 class=\"pd-news-title\">M\u00e1y gi\u1eb7t 14 Kg Samsung WA14J6750SP\/SV Activ Dualwash<\/h3>\n<div class=\"pd-news-content\">\n<h3>Thi\u1ebft k\u1ebf v\u1ecf inox sang tr\u1ecdng<\/h3>\n<p><strong>M\u00e1y gi\u1eb7t Samsung WA14J6750SP\/SV\u00a0<\/strong>c\u00f3 thi\u1ebft k\u1ebf\u00a0m\u00e1y gi\u1eb7t c\u1eeda tr\u00ean\u00a0v\u1edbi v\u1ecf inox sang tr\u1ecdng, ch\u1ed1ng g\u1ec9, s\u00e9t cao \u0111\u1ed3ng th\u1eddi g\u00f3c c\u1ea1nh nh\u1eb5n b\u00f3ng c\u1ee7a m\u00e1y c\u00f2n gi\u00fap vi\u1ec7c v\u1ec7 sinh \u0111\u01b0\u1ee3c th\u1ef1c hi\u1ec7n d\u1ec5 d\u00e0ng h\u01a1n. Kh\u1ed1i l\u01b0\u1ee3ng gi\u1eb7t kh\u1ee7ng l\u00ean \u0111\u1ebfn 14 kg tho\u1ea3i m\u00e1i \u0111\u00e1p \u1ee9ng nhu c\u1ea7u gi\u1eb7t gi\u0169 cho nh\u1eefng gia \u0111\u00ecnh \u0111\u00f4ng ng\u01b0\u1eddi.<\/p>\n<p><img class=\"lazy\" src=\"https:\/\/cdn.mediamart.vn\/Upload\/download\/2018-9-News\/49ZHM5RLm649F10.jpg\" data-original=\"https:\/\/cdn.mediamart.vn\/Upload\/download\/2018-9-News\/49ZHM5RLm649F10.jpg\" \/><\/p>\n<h3>Khay gi\u1eb7t tay ti\u1ec7n l\u1ee3i<\/h3>\n<p>Samsung 14 kg WA14J6750SP\/SV c\u00f2n \u0111\u01b0\u1ee3c\u00a0cung c\u1ea5p th\u00eam khay gi\u1eb7t tay thu\u1eadn ti\u1ec7n cho vi\u1ec7c x\u1eed l\u00fd x\u01a1 qu\u1ea7n \u00e1o (qu\u1ea7n \u00e1o m\u1ecfng nh\u1eb9, c\u00e1c v\u1ebft b\u1ea9n c\u1ee9ng \u0111\u1ea7u&#8230;) tr\u01b0\u1edbc khi b\u1ecf v\u00e0o l\u1ed3ng gi\u1eb7t b\u00ean d\u01b0\u1edbi. \u0110\u01b0\u1eddng n\u01b0\u1edbc t\u00edch h\u1ee3p s\u1eb5n b\u00ean c\u1ea1nh ho\u1ea1t \u0111\u1ed9ng ngay ch\u1ec9 b\u1eb1ng 1 n\u00fat nh\u1ea5n.<\/p>\n<p><img class=\"lazy\" src=\"https:\/\/cdn.mediamart.vn\/Upload\/download\/2018-9-News\/4d2mpXgv1E917u6.jpg\" data-original=\"https:\/\/cdn.mediamart.vn\/Upload\/download\/2018-9-News\/4d2mpXgv1E917u6.jpg\" \/><\/p>\n<h3>C\u00f4ng ngh\u1ec7 gi\u1eb7t ti\u00ean ti\u1ebfn, ch\u1ed1ng xo\u1eafn r\u1ed1i cao<\/h3>\n<p><strong>C\u00f4ng ngh\u1ec7 gi\u1eb7t Wobble\u00a0<\/strong>v\u1edbi m\u00e2m gi\u1eb7t \u1ee9ng d\u1ee5ng tr\u00ean\u00a0<strong>m\u00e1y gi\u1eb7t Samsung WA14J6750SP\/SV\u00a0<\/strong>c\u1ee7a\u00a0Samsung\u00a0ho\u1ea1t \u0111\u1ed9ng d\u1ef1a tr\u00ean nguy\u00ean l\u00fd t\u1ea1o lu\u1ed3ng n\u01b0\u1edbc \u0111a chi\u1ec1u t\u00e1c \u0111\u1ed9ng l\u00ean t\u1eebng s\u1ee3i v\u1ea3i, gi\u00fap qu\u1ea7n \u00e1o \u0111\u01b0\u1ee3c l\u00e0m s\u1ea1ch \u0111\u1ed3ng th\u1eddi gi\u1ea3m t\u00ecnh tr\u1ea1ng xo\u1eafn r\u1ed1i qu\u1ea7n \u00e1o, n\u00e2ng niu v\u00e0 \u0111\u1ea3m b\u1ea3o ch\u1ea5t l\u01b0\u1ee3ng v\u1ea3i v\u00f3c.<\/p>\n<p><img class=\"lazy\" src=\"https:\/\/cdn.mediamart.vn\/Upload\/download\/2018-9-News\/lu6cR74J9B66HNM.jpg\" data-original=\"https:\/\/cdn.mediamart.vn\/Upload\/download\/2018-9-News\/lu6cR74J9B66HNM.jpg\" \/><\/p>\n<h3>B\u1ed9 l\u1ecdc x\u01a1 v\u1ea3i hi\u1ec7u qu\u1ea3<\/h3>\n<p>B\u1ed9 l\u1ecdc x\u01a1 v\u1ea3i gi\u00fap gi\u1eef l\u1ea1i x\u01a1 v\u1ea3i b\u00ean trong v\u00e0 cho ph\u00e9p ng\u01b0\u1eddi d\u00f9ng d\u1ec5 d\u00e0ng th\u00e1o x\u1ea3 v\u1ea3i x\u01a1 nhanh ch\u00f3ng, gi\u00fap qu\u1ea7n \u00e1o kh\u00f4ng b\u1ecb b\u00e1m x\u01a1 v\u1ea3i, s\u1ea1ch tinh t\u01b0\u01a1m v\u00e0 s\u00e1ng \u0111\u1eb9p.<\/p>\n<p><img class=\"lazy\" src=\"https:\/\/cdn.mediamart.vn\/Upload\/download\/2018-9-News\/Mm0LVlSA6Ks1463.jpg\" data-original=\"https:\/\/cdn.mediamart.vn\/Upload\/download\/2018-9-News\/Mm0LVlSA6Ks1463.jpg\" \/><\/p>\n<h3>H\u1ed9p \u0111\u00e1nh tan b\u1ed9t gi\u1eb7t Magic Dispenser<\/h3>\n<p>Nh\u1edd t\u00e1c d\u1ee5ng \u0111\u00e1nh tan b\u1ed9t gi\u1eb7t tr\u01b0\u1edbc khi \u0111\u01b0a v\u00e0o l\u1ed3ng gi\u1eb7t c\u1ee7a h\u1ed9p Magic Dispenser m\u00e0 qu\u1ea7n \u00e1o th\u1ea5m nhanh b\u1ed9t gi\u1eb7t t\u1ea1o \u0111i\u1ec1u ki\u1ec7n gi\u1eb7t s\u1ea1ch d\u1ec5 d\u00e0ng h\u01a1n. H\u1ed9p \u0111\u00e1nh tan b\u1ed9t gi\u1eb7t c\u00f2n gi\u00fap h\u1ea1n ch\u1ebf b\u1ed9t gi\u1eb7t b\u00e1m v\u00e0o l\u1ed3ng gi\u1eb7t, gi\u00fap l\u1ed3ng gi\u1eb7t \u0111\u01b0\u1ee3c v\u1ec7 sinh t\u1ed1t v\u00e0 \u0111\u1ea3m b\u1ea3o ch\u1ea5t l\u01b0\u1ee3ng ph\u1ee5c v\u1ee5 l\u00e2u d\u00e0i.<\/p>\n<p><img class=\"lazy\" src=\"https:\/\/cdn.mediamart.vn\/Upload\/download\/2018-9-News\/SKOQ30Bxoi6201V.jpg\" data-original=\"https:\/\/cdn.mediamart.vn\/Upload\/download\/2018-9-News\/SKOQ30Bxoi6201V.jpg\" \/><\/p>\n<h3>\u0110a d\u1ea1ng ch\u1ecdn l\u1ef1a v\u1edbi 9 ch\u1ebf \u0111\u1ed9 gi\u1eb7t gi\u0169<\/h3>\n<p>M\u00e1y gi\u1eb7t trang b\u1ecb 9 ch\u1ebf \u0111\u1ed9 gi\u1eb7t gi\u00fap b\u1ea1n l\u00e0m s\u1ea1ch qu\u1ea7n \u00e1o v\u1edbi ch\u1ea5t li\u1ec7u v\u1ea3i v\u00f3c kh\u00e1c nhau, \u0111\u1eb7c bi\u1ec7t ch\u1ebf \u0111\u1ed9 gi\u1eb7t nhanh c\u1ee7a m\u00e1y c\u00f2n gi\u00fap b\u1ea1n nhanh ch\u00f3ng l\u00e0m s\u1ea1ch qu\u1ea7n \u00e1o trong th\u1eddi gian ng\u1eafn d\u1ec5 d\u00e0ng v\u00e0 thu\u1eadn ti\u1ec7n, nh\u1ea5t l\u00e0 trong nh\u1eefng tr\u01b0\u1eddng h\u1ee3p c\u00f3 \u00edt th\u1eddi gian cho vi\u1ec7c gi\u1eb7t v\u00e0 hong kh\u00f4 qu\u1ea7n \u00e1o. (T\u1ea1i sao n\u00ean mua m\u00e1y gi\u1eb7t c\u00f3 nhi\u1ec1u ch\u1ebf \u0111\u1ed9 gi\u1eb7t?)<\/p>\n<p><img class=\"lazy\" src=\"https:\/\/cdn.mediamart.vn\/Upload\/download\/2018-9-News\/Ej8A5lK9AB0NH1o.jpg\" data-original=\"https:\/\/cdn.mediamart.vn\/Upload\/download\/2018-9-News\/Ej8A5lK9AB0NH1o.jpg\" \/><\/p>\n<h3>\u0110\u1ed9ng c\u01a1 Inverter ti\u1ebft ki\u1ec7m, v\u1eadn h\u00e0nh \u1ed5n \u0111\u1ecbnh<\/h3>\n<p>\u0110\u1ed9ng c\u01a1 Inverter\u00a0truy\u1ec1n \u0111\u1ed9ng tr\u1ef1c ti\u1ebfp\u00a0\u00a0tr\u00ean m\u00e1y gi\u1eb7t ngo\u00e0i kh\u1ea3 n\u0103ng gi\u00fap m\u00e1y v\u1eadn h\u00e0nh t\u1ed1t v\u00e0 b\u1ec1n b\u1ec9 c\u00f2n c\u00f3 t\u00e1c d\u1ee5ng gi\u1ea3m \u0111\u1ebfn m\u1ee9c \u00edt nh\u1ea5t \u0111i\u1ec7n n\u0103ng ti\u00eau th\u1ee5, gi\u00fap ng\u01b0\u1eddi d\u00f9ng ti\u1ebft ki\u1ec7m \u0111i\u1ec7n nhi\u1ec1u h\u01a1n, t\u0103ng hi\u1ec7u qu\u1ea3 s\u1eed d\u1ee5ng v\u00e0 t\u0103ng ti\u1ec7n \u00edch kinh t\u1ebf cho gia \u0111\u00ecnh.<\/p>\n<p><img class=\"lazy\" src=\"https:\/\/cdn.mediamart.vn\/Upload\/download\/2018-9-News\/69Yu41u72488TMc.jpg\" data-original=\"https:\/\/cdn.mediamart.vn\/Upload\/download\/2018-9-News\/69Yu41u72488TMc.jpg\" \/><\/p>\n<\/div>\n","protected":false},"excerpt":{"rendered":"<p>&#8211; L\u1ed3ng gi\u1eb7t L\u1ed3ng \u0111\u1ee9ng<br \/>\n&#8211; Lo\u1ea1i m\u00e1y gi\u1eb7t C\u1eeda tr\u00ean<br \/>\n&#8211; Kh\u1ed1i l\u01b0\u1ee3ng gi\u1eb7t 14 Kg<br \/>\n&#8211; L\u01b0\u1ee3ng n\u01b0\u1edbc ti\u00eau th\u1ee5 chu\u1ea9n Kho\u1ea3ng 174 lit<\/p>\n<p>&nbsp;<\/p>\n","protected":false},"featured_media":2107,"comment_status":"open","ping_status":"closed","template":"","meta":[],"_links":{"self":[{"href":"http:\/\/maudep.com.vn\/chuyengiadienmay\/index.php?rest_route=\/wp\/v2\/product\/2105"}],"collection":[{"href":"http:\/\/maudep.com.vn\/chuyengiadienmay\/index.php?rest_route=\/wp\/v2\/product"}],"about":[{"href":"http:\/\/maudep.com.vn\/chuyengiadienmay\/index.php?rest_route=\/wp\/v2\/types\/product"}],"replies":[{"embeddable":true,"href":"http:\/\/maudep.com.vn\/chuyengiadienmay\/index.php?rest_route=%2Fwp%2Fv2%2Fcomments&post=2105"}],"wp:featuredmedia":[{"embeddable":true,"href":"http:\/\/maudep.com.vn\/chuyengiadienmay\/index.php?rest_route=\/wp\/v2\/media\/2107"}],"wp:attachment":[{"href":"http:\/\/maudep.com.vn\/chuyengiadienmay\/index.php?rest_route=%2Fwp%2Fv2%2Fmedia&parent=2105"}],"curies":[{"name":"wp","href":"https:\/\/api.w.org\/{rel}","templated":true}]}}