{"id":2301,"date":"2019-01-06T11:00:13","date_gmt":"2019-01-06T04:00:13","guid":{"rendered":"http:\/\/maudep.com.vn\/chuyengiadienmay\/?post_type=product&#038;p=2301"},"modified":"2019-01-06T11:00:13","modified_gmt":"2019-01-06T04:00:13","slug":"may-rua-bat-bosch-spi46ms01e","status":"publish","type":"product","link":"http:\/\/maudep.com.vn\/chuyengiadienmay\/?product=may-rua-bat-bosch-spi46ms01e","title":{"rendered":"M\u00e1y R\u1eeda B\u00e1t Bosch SPI46MS01E"},"content":{"rendered":"<h3 class=\"title\">T\u1ed5ng quan chung M\u00e1y R\u1eeda B\u00e1t Bosch SPI46MS01E<\/h3>\n<div class=\"article-content\">\n<div class=\"js-content\">\n<h2>Ma\u0301y r\u01b0\u0309a ba\u0301t Bosch SPI46MS01E la\u0300 do\u0300ng sa\u0309n ph\u00e2\u0309m chu\u0309 l\u01b0\u0323c cu\u0309a ha\u0303ng, n\u00f4\u0309i b\u00e2\u0323t v\u01a1\u0301i hi\u00ea\u0323u su\u00e2\u0301t t\u00f4\u0301i \u0111a, dung l\u01b0\u01a1\u0323ng r\u01b0\u0309a l\u00ean \u0111\u00ea\u0301n 10 b\u00f4\u0323 ba\u0301t \u0111i\u0303a Ch\u00e2u \u00c2u, nhi\u00ea\u0300u ng\u01b0\u01a1\u0300i ch\u01b0a s\u01b0\u0309 du\u0323ng th\u0103\u0301c m\u0103\u0301c kh\u00f4ng bi\u00ea\u0301t thi\u00ea\u0301t bi\u0323 na\u0300y co\u0301 t\u00f4\u0301t hay kh\u00f4ng? M\u01a1\u0300i ba\u0323n \u0111o\u0323c th\u00f4ng tin d\u01b0\u01a1\u0301i \u0111\u00e2y \u0111\u00ea\u0309 hi\u00ea\u0309u ro\u0303 h\u01a1n nhe\u0301.<\/h2>\n<h3><strong>Th\u00f4ng tin ma\u0301y r\u01b0\u0309a ba\u0301t SPI46MS01E<\/strong><\/h3>\n<p><strong>M\u00e1y r\u1eeda b\u00e1t Bosch SPI46MS01E<\/strong>\u00a0\u0111\u01b0\u1ee3c nh\u1eadp kh\u1ea9u nguy\u00ean chi\u1ebfc t\u1eeb \u0110\u1ee9c, v\u1edbi thi\u1ebft k\u1ebf \u0111\u1ee9ng \u0111\u1ed9c l\u1eadp v\u00e0 v\u1edbi m\u00e0u inox ch\u1ed1ng v\u00e2n tay sang tr\u1ecdng \u0111em \u0111\u1ebfn s\u1ef1 tinh t\u1ebf, hi\u1ec7n \u0111\u1ea1i v\u00e0 \u0111\u1eb3ng c\u1ea5p cho kh\u00f4ng gian b\u1ebfp nh\u00e0 b\u1ea1n.<\/p>\n<p><img title=\"may-rua-bat-bosch-spi46ms01e\" src=\"https:\/\/bepvuson.vn\/Data\/upload\/images\/M%C3%A1y%20r%E1%BB%ADa%20b%C3%A1t\/Bosch-SPI46MS01E.jpg\" alt=\"may-rua-bat-bosch-spi46ms01e\" \/><\/p>\n<ul>\n<li><em>M\u00e1y r\u1eeda b\u00e1t Bosch\u00a0c\u00f3 gi\u00e1 \u0111\u1ee1 \u0111\u01b0\u1ee3c thi\u1ebft k\u1ebf c\u00f3 th\u1ec3\u00a0<strong>\u0111i\u1ec1u ch\u1ec9nh cao th\u1ea5p<\/strong>, gi\u00fap khoang r\u1eeda\u00a0<strong>ph\u00f9 h\u1ee3p<\/strong>\u00a0v\u1edbi nhi\u1ec1u k\u00edch th\u01b0\u1edbc kh\u00e1c nhau c\u1ee7a ch\u00e9n \u0111\u0129a.\u00a0<\/em><\/li>\n<li><em><strong>SPI46MS01E<\/strong>\u00a0co\u0301\u00a0<strong>hai khoang r\u1eeda th\u00f4ng minh<\/strong>\u00a0c\u00f3 th\u1ec3 th\u1ef1c hi\u1ec7n\u00a0<strong>3 ki\u1ec3u r\u1eeda<\/strong>\u00a0kh\u00e1c nhau, nh\u01b0 r\u1eeda k\u1ef9 t\u1ea1i khu v\u1ef1c gi\u00e1 x\u1ebfp b\u00ean d\u01b0\u1edbi cho b\u00e1t \u0111\u0129a r\u1ea5t b\u1ea9n, r\u1eeda\u00a0<strong>nh\u1eb9 nh\u00e0ng<\/strong>\u00a0h\u01a1n t\u1ea1i gi\u00e1 b\u00ean tr\u00ean, ho\u1eb7c k\u1ebft h\u1ee3p c\u1ea3 2 khu v\u1ef1c.<\/em><\/li>\n<li><em>Ray k\u00e9o tr\u01b0\u1ee3t c\u1ee7a m\u00e1y ch\u1eafc ch\u1eafn s\u1ebd gi\u00fap\u00a0<strong>thao t\u00e1c nh\u1eb9 nh\u00e0ng<\/strong>, ch\u00e2n \u0111\u1ee1 ki\u1ec3u g\u1ea5p d\u1ec5 d\u00e0ng b\u1ed1 tr\u00ed c\u00e1c lo\u1ea1i xoong n\u1ed3i. Thi\u1ebft k\u1ebf b\u00ean trong khoang r\u1eeda ph\u1eb3ng nh\u1eb5n, b\u1eb1ng\u00a0<strong>th\u00e9p kh\u00f4ng g\u1ec9<\/strong>, ch\u1ecbu \u0111\u01b0\u1ee3c c\u00e1c m\u1ee9c \u00e1p su\u1ea5t n\u01b0\u1edbc kh\u00e1c nhau, n\u00ean c\u00f3\u00a0<strong>t\u00ednh b\u1ec1n cao<\/strong>\u00a0v\u00e0\u00a0<strong>d\u1ec5 d\u00e0ng v\u1ec7 sinh<\/strong>.<\/em><\/li>\n<li><em>Ma\u0301y r\u01b0\u0309a ba\u0301t Bosch ti\u0301ch h\u01a1\u0323p\u00a0<strong>ch\u01b0\u01a1ng tri\u0300nh r\u01b0\u0309a im l\u0103\u0323ng<\/strong>, hoa\u0323t \u0111\u00f4\u0323ng y\u00ean ti\u0303nh chi\u0309 \u01a1\u0309<strong>\u00a041Db<\/strong>\u00a0&#8211; \u0111a\u0309m ba\u0309o\u00a0<strong>kh\u00f4ng a\u0309nh h\u01b0\u01a1\u0309ng<\/strong>\u00a0\u0111\u00ea\u0301n ng\u01b0\u01a1\u0300i s\u01b0\u0309 du\u0323ng.<\/em><\/li>\n<\/ul>\n<h3><strong>\u0110a\u0301nh gia\u0301 ma\u0301y r\u01b0\u0309a ba\u0301t Bosch SPI46MS01E<\/strong><\/h3>\n<p><strong>M\u00e1y r\u1eeda b\u00e1t Bosch SPI46MS01E<\/strong>\u00a0l\u00e0 d\u00f2ng m\u00e1y r\u1eeda b\u00e1t seri 4 l\u1eafp \u00e2m b\u00e1n ph\u1ea7n c\u1ee7a Bosch v\u1edbi m\u1ee9c c\u00f4ng su\u1ea5t r\u1eeda c\u00f9ng l\u00fac 10 b\u1ed9 ch\u00e9n \u0111\u0129a ch\u00e2u \u00c2u. L\u01b0\u1ee3ng n\u01b0\u1edbc ti\u00eau th\u1ee5 kh\u00e1 h\u1ee3p l\u00fd cho m\u1ed9t l\u1ea7n r\u1eeda l\u00e0 9.5 l\u00edt \u1edf ch\u1ebf \u0111\u1ed9 Auto (t\u1ef1 \u0111\u1ed9ng) v\u00e0 l\u01b0\u1ee3ng \u0111i\u1ec7n ti\u00eau th\u1ee5 v\u00e0o kho\u1ea3ng 0.93 kW.<\/p>\n<p><img title=\"may-rua-bat-bosch-spi46ms01e-01\" src=\"https:\/\/bepvuson.vn\/Data\/upload\/images\/M%C3%A1y%20r%E1%BB%ADa%20b%C3%A1t\/may-rua-chen-bat-bosch-spi46ms01e-5.jpg\" alt=\"may-rua-bat-bosch-spi46ms01e-01\" \/><\/p>\n<ul>\n<li><em>Ma\u0301y r\u01b0\u0309a ba\u0301t SPI46MS01E co\u0301\u00a0<strong>b\u1ea3ng \u0111i\u1ec1u khi\u1ec3n c\u01a1<\/strong>, giao di\u1ec7n tr\u1ef1c quan v\u00e0\u00a0<strong>d\u1ec5 s\u1eed d\u1ee5ng<\/strong>, hi\u1ec3n th\u1ecb l\u01b0\u1ee3ng ch\u1ea5t r\u1eeda v\u00e0 mu\u1ed1i r\u1eeda tr\u00ean m\u00e0n h\u00ecnh.<\/em><\/li>\n<li><em>L\u01b0\u1ee3ng n\u01b0\u1edbc ti\u00eau th\u1ee5 ch\u1ec9\u00a0<strong>12 l\u00edt<\/strong>\u00a0cho m\u1ed9t chu tr\u00ecnh v\u1edbi th\u1eddi gian r\u1eeda l\u00e0 140 ph\u00fat.<\/em><\/li>\n<li><em><strong>M\u00e1y r\u01b0\u0309a ba\u0301t Bosch SPI46MS01E<\/strong>\u00a0an to\u00e0n v\u1edbi\u00a0<strong>h\u1ec7 th\u1ed1ng Aqua-Stop<\/strong>\u00a0t\u1ef1 \u0111\u1ed9ng ph\u00e1t hi\u1ec7n v\u00e0 ng\u0103n ng\u1eeba s\u1ef1 r\u00f2 r\u1ec9 b\u00ean trong v\u00e0 b\u00ean ngo\u00e0i. Trong tr\u01b0\u1eddng h\u1ee3p m\u1ea5t n\u01b0\u1edbc, m\u00e1y s\u1ebd t\u1ea1m ng\u1eebng ho\u1ea1t \u0111\u1ed9ng, ng\u1eebng c\u1ea5p n\u01b0\u1edbc v\u00e0 b\u01a1m n\u01b0\u1edbc ra ngo\u00e0i. M\u00e1y \u0111\u01b0\u1ee3c trang b\u1ecb\u00a0<strong>h\u1ec7 th\u1ed1ng c\u1eeda an to\u00e0n<\/strong>, ng\u0103n kh\u00f4ng cho c\u1eeda b\u1ecb \u0111\u00f3ng s\u1eadp l\u1ea1i m\u00e0 ch\u1ec9 \u0111\u00f3ng t\u1eeb t\u1eeb, an to\u00e0n cho ng\u01b0\u1eddi s\u1eed d\u1ee5ng.<\/em><\/li>\n<\/ul>\n<p><em><img title=\"may-rua-bat-bosch-spi46ms01e-02\" src=\"https:\/\/bepvuson.vn\/Data\/upload\/images\/M%C3%A1y%20r%E1%BB%ADa%20b%C3%A1t\/may-rua-bat-bosch-sms50e88eu-3.jpg\" alt=\"may-rua-bat-bosch-spi46ms01e-02\" \/><\/em><\/p>\n<ul>\n<li><em>M\u00e1y r\u01b0\u0309a ba\u0301t Bosch\u00a0c\u00f3\u00a0<strong>5 ch\u01b0\u01a1ng tr\u00ecnh r\u1eeda<\/strong>\u00a0th\u00f4ng th\u01b0\u1eddng: R\u1eeda \u0111\u1ed3 r\u1ea5t b\u1ea9n Intensiv 70 (r\u1eeda n\u1ed3i), T\u1ef1 \u0111\u1ed9ng Auto 45-65, kinh t\u1ebf \u00a0Eco 50, r\u1eeda si\u00eau nhanh trong 45 ph\u00fat, ch\u1ebf \u0111\u1ed9 ng\u00e2m tr\u01b0\u1edbc khi r\u1eeda. V\u00e0 2 ch\u01b0\u01a1ng tr\u00ecnh r\u1eeda \u0111\u1eb7c bi\u1ec7t: R\u1eeda 1\/2 v\u00e0 VarioSpeed gi\u00fap\u00a0<strong>nhanh h\u01a1n<\/strong>\u00a0v\u00e0<strong>\u00a0s\u1ea1ch h\u01a1n<\/strong>.<\/em><\/li>\n<\/ul>\n<p>S\u1ea3n ph\u1ea9m c\u00f3 gi\u00e1 c\u1ea3 kh\u00f4ng qu\u00e1 cao, ph\u00f9 h\u1ee3p v\u1edbi nhi\u1ec1u gia \u0111\u00ecnh Vi\u00ea\u0323t. N\u1ebfu gia \u0111\u00ecnh c\u00f3 kh\u00f4ng gian b\u1ebfp r\u1ed9ng v\u00e0 nhu c\u1ea7u n\u1ea5u n\u01b0\u1edbng cao th\u00ec\u00a0<strong>m\u00e1y r\u01b0\u0309a ba\u0301t Bosch SPI46MS01E<\/strong>\u00a0x\u1ee9ng \u0111\u00e1ng l\u00e0 s\u1ef1 l\u1ef1a ch\u1ecdn ho\u00e0n h\u1ea3o.<\/p>\n<\/div>\n<\/div>\n","protected":false},"excerpt":{"rendered":"<p>T\u1ed5ng quan chung M\u00e1y R\u1eeda B\u00e1t Bosch SPI46MS01E Ma\u0301y r\u01b0\u0309a ba\u0301t Bosch SPI46MS01E la\u0300 do\u0300ng sa\u0309n ph\u00e2\u0309m chu\u0309 l\u01b0\u0323c cu\u0309a &hellip; <a class=\"link-more\" href=\"http:\/\/maudep.com.vn\/chuyengiadienmay\/?product=may-rua-bat-bosch-spi46ms01e\" class=\"more-link\">\u0110\u1ecdc th\u00eam &raquo;<span class=\"screen-reader-text\"> &#8220;M\u00e1y R\u1eeda B\u00e1t Bosch SPI46MS01E&#8221;<\/span><\/a><\/p>\n","protected":false},"featured_media":2302,"comment_status":"open","ping_status":"closed","template":"","meta":[],"_links":{"self":[{"href":"http:\/\/maudep.com.vn\/chuyengiadienmay\/index.php?rest_route=\/wp\/v2\/product\/2301"}],"collection":[{"href":"http:\/\/maudep.com.vn\/chuyengiadienmay\/index.php?rest_route=\/wp\/v2\/product"}],"about":[{"href":"http:\/\/maudep.com.vn\/chuyengiadienmay\/index.php?rest_route=\/wp\/v2\/types\/product"}],"replies":[{"embeddable":true,"href":"http:\/\/maudep.com.vn\/chuyengiadienmay\/index.php?rest_route=%2Fwp%2Fv2%2Fcomments&post=2301"}],"wp:featuredmedia":[{"embeddable":true,"href":"http:\/\/maudep.com.vn\/chuyengiadienmay\/index.php?rest_route=\/wp\/v2\/media\/2302"}],"wp:attachment":[{"href":"http:\/\/maudep.com.vn\/chuyengiadienmay\/index.php?rest_route=%2Fwp%2Fv2%2Fmedia&parent=2301"}],"curies":[{"name":"wp","href":"https:\/\/api.w.org\/{rel}","templated":true}]}}