{"id":2310,"date":"2019-01-06T11:18:28","date_gmt":"2019-01-06T04:18:28","guid":{"rendered":"http:\/\/maudep.com.vn\/chuyengiadienmay\/?post_type=product&#038;p=2310"},"modified":"2019-01-06T11:18:28","modified_gmt":"2019-01-06T04:18:28","slug":"may-rua-bat-bosch-sps25ci03e","status":"publish","type":"product","link":"http:\/\/maudep.com.vn\/chuyengiadienmay\/?product=may-rua-bat-bosch-sps25ci03e","title":{"rendered":"M\u00e1y R\u1eeda B\u00e1t Bosch SPS25CI03E"},"content":{"rendered":"<h3 class=\"title\">T\u1ed5ng quan chung M\u00e1y R\u1eeda B\u00e1t Bosch SPS25CI03E<\/h3>\n<div class=\"article-content\">\n<div class=\"js-content\">\n<h2>Ma\u0301y r\u01b0\u0309a ba\u0301t Bosch SPS25CI03E\u00a0l\u00e0 c\u00f4ng c\u1ee5 h\u1ed7 tr\u1ee3 \u0111\u1eafc l\u1ef1c c\u1ee7a ch\u1ecb em ph\u1ee5 n\u1eef trong vi\u1ec7c ti\u1ebft ki\u1ec7m th\u1eddi gian c\u0169ng nh\u01b0 c\u00f4ng s\u1ee9c trong c\u00f4ng vi\u1ec7c n\u1ed9i tr\u1ee3, m\u00e1y\u00a0\u0111\u01b0\u1ee3c nh\u1eadp kh\u1ea9u nguy\u00ean chi\u1ebfc t\u1eeb CHLB \u0110\u1ee9c lu\u00f4n \u0111\u01b0\u1ee3c \u00e1p d\u1ee5ng nh\u1eefng c\u00f4ng ngh\u1ec7 hi\u1ec7n \u0111\u1ea1i c\u00f9ng nh\u1eefng t\u00ednh n\u0103ng \u01b0u vi\u1ec7t h\u00e0ng \u0111\u1ea7u Ch\u00e2u \u00c2u.<\/h2>\n<h3>\u0110a\u0301nh gia\u0301 ma\u0301y r\u01b0\u0309a ba\u0301t Bosch \u0111\u00f4\u0323c l\u00e2\u0323p SPS25CI01E<\/h3>\n<p><strong>M\u00e1y r\u1eeda b\u00e1t Bosch SPS25CI01E<\/strong>\u00a0lu\u00f4n la\u0300 do\u0300ng sa\u0309n ph\u00e2\u0309m n\u00f4\u0309i tr\u00f4\u0323i v\u01a1\u0301i ve\u0309 ngoa\u0300i b\u0103\u0301t m\u0103\u0301t, thi\u00ea\u0301t k\u00ea\u0301 sang tro\u0323ng, chi\u00ea\u0300u cao 845 mm va\u0300 chi\u00ea\u0300u r\u00f4\u0323ng\u00a0450 mm phu\u0300 h\u01a1\u0323p v\u01a1\u0301i \u0111a s\u00f4\u0301 kh\u00f4ng gian b\u00ea\u0301p gia \u0111i\u0300nh Vi\u00ea\u0323t.<\/p>\n<p><img title=\"may-rua-bat-bosch-sps25ci03e\" src=\"https:\/\/bepvuson.vn\/Data\/upload\/images\/M%C3%A1y%20r%E1%BB%ADa%20b%C3%A1t\/Bosch-SPS25CI01E.jpg\" alt=\"may-rua-bat-bosch-sps25ci03e\" \/><\/p>\n<ul>\n<li><em>Ma\u0301y r\u01b0\u0309a ba\u0301t Bosch \u0111\u01b0\u01a1\u0323c\u00a0thi\u1ebft k\u1ebf b\u1ec1 m\u1eb7t b\u1eb1ng\u00a0<strong>inox kh\u00f4ng gi\u0309<\/strong>\u00a0m\u00e0u tr\u1eafng sang tr\u1ecdng,\u00a0<strong>h\u1ec7 th\u1ed1ng \u0111i\u1ec1u khi\u1ec3n c\u01a1<\/strong>\u00a0gi\u00fap ng\u01b0\u1eddi s\u1eed d\u1ee5ng d\u1ec5 d\u00e0ng l\u1ef1a ch\u1ecdn ch\u1ebf \u0111\u1ed9 r\u1eeda theo mong mu\u1ed1n.<\/em><\/li>\n<li><em>H\u1ec7 th\u1ed1ng gi\u1ecf khay\u00a0<strong>inox s\u00e1ng b\u00f3ng<\/strong>\u00a0s\u1ea1ch s\u1ebd d\u1ec5 d\u00e0ng cho vi\u1ec7c s\u1eafp x\u1ebfp b\u00e1t \u0111\u0129a r\u1eeda s\u1ea1ch, \u0111\u1ea1t\u00a0<strong>hi\u1ec7u qu\u1ea3<\/strong>nh\u1ea5t. B\u00ean c\u1ea1nh \u0111\u00f3 c\u00e1c khay cu\u0309a ma\u0301y r\u01b0\u0309a ba\u0301t\u00a0<strong>Bosch SPS25CI03E<\/strong>\u00a0\u0111\u01b0\u1ee3c s\u1eafp x\u1ebfp\u00a0<strong>linh ho\u1ea1t<\/strong>\u00a0gi\u00fap cho vi\u1ec7c r\u1eeda c\u00e1c \u0111\u1ed3 d\u00f9ng v\u1edbi m\u1ecdi k\u00edch c\u1ee1 kh\u00e1c nhau.<\/em><\/li>\n<li><em>Ma\u0301y r\u01b0\u0309a ba\u0301t Bosch co\u0301\u00a0<strong>b\u1ea3ng \u0111i\u1ec1u khi\u1ec3n<\/strong>\u00a0hi\u1ec3n th\u1ecb tinh t\u1ebf ngay tr\u00ean m\u1eb7t m\u00e1y c\u00f9ng c\u00e1c n\u00fam xoay c\u01a1 \u0111\u01a1n gi\u1ea3n,\u00a0<strong>hi\u1ec7u qu\u1ea3<\/strong>, d\u1ec5 th\u1ef1c hi\u1ec7n.\u00a0Ngo\u00e0i ra, c\u00f2n c\u00f3\u00a0<strong>b\u1ea3ng hi\u1ec3n th\u1ecb \u0111i\u1ec7n t\u1eed<\/strong>\u00a0cho ph\u00e9p th\u00f4ng b\u00e1o ch\u00ednh x\u00e1c th\u1eddi gian c\u00f2n l\u1ea1i c\u1ee7a chu tr\u00ecnh r\u1eeda.<\/em><\/li>\n<\/ul>\n<p><em><img title=\"may-rua-bat-bosch-sps25ci03e-01\" src=\"https:\/\/bepvuson.vn\/Data\/upload\/images\/M%C3%A1y%20r%E1%BB%ADa%20b%C3%A1t\/kich_thuoc_Bosch_SMI68MS07E.jpg\" alt=\"may-rua-bat-bosch-sps25ci03e-01\" \/><\/em><\/p>\n<ul>\n<li><em>C\u00e1c ch\u1ec9 s\u1ed1\u00a0<strong>\u0111\u00e8n LED<\/strong>\u00a0ma\u0301y r\u01b0\u0309a ba\u0301t Bosch\u00a0c\u1ea3nh b\u00e1o v\u1ec1 vi\u1ec7c n\u1ea1p vi\u00ean r\u1eeda, mu\u1ed1i r\u1eeda c\u0169ng xu\u1ea5t hi\u1ec7n ngay tr\u00ean m\u00e0n h\u00ecnh \u0111i\u1ec7n t\u1eed.<\/em><\/li>\n<li><em>Ma\u0301y r\u01b0\u0309a ba\u0301t SPS25CI03E\u00a0\u0111a\u0323t c\u1ea5p hi\u1ec7u qu\u1ea3\u00a0<strong>n\u0103ng l\u01b0\u1ee3ng\u00a0A +<\/strong>\u00a0(tr\u00ean thang hi\u1ec7u su\u1ea5t n\u0103ng l\u01b0\u1ee3ng t\u1eeb A +++ \u0111\u1ebfn D)<\/em><\/li>\n<li><em>\u0110\u00f4\u0323 \u00f4\u0300n d\u01b0\u01a1\u0301i\u00a0<strong>42\u00a0Db<\/strong>\u00a0\u0111a\u0309m ba\u0309o kh\u00f4ng a\u0309nh h\u01b0\u01a1\u0309ng \u0111\u00ea\u0301n ng\u01b0\u01a1\u0300i s\u01b0\u0309 du\u0323ng.<\/em><\/li>\n<\/ul>\n<h3>Ma\u0301y r\u01b0\u0309a ba\u0301t Bosch n\u00f4\u0309i b\u00e2\u0323t v\u01a1\u0301i nhi\u00ea\u0300u ti\u0301nh n\u0103ng<\/h3>\n<p><strong>\u00a0M\u00e1y r\u1eeda b\u00e1t Bosch SPS25CI03E<\/strong>\u00a0c\u00e0i \u0111\u1eb7t 5 ch\u01b0\u01a1ng tr\u00ecnh r\u1eeda c\u01a1 b\u1ea3n v\u00e0 2 ch\u01b0\u01a1ng tr\u00ecnh r\u1eeda \u0111\u1eb7c bi\u1ec7t giu\u0301p ng\u01b0\u01a1\u0300i s\u01b0\u0309 du\u0323ng d\u00ea\u0303 da\u0300ng l\u01b0\u0323a cho\u0323n ch\u00ea\u0301 \u0111\u00f4\u0323 phu\u0300 h\u01a1\u0323p.\u00a0V\u1edbi kh\u1ea3 n\u0103ng r\u1eeda nhanh, th\u1eddi gian \u0111\u01b0\u1ee3c r\u00fat ng\u1eafn \u0111\u1ebfn 66% trong khi v\u1eabn duy tr\u00ec \u0111\u01b0\u1ee3c hi\u1ec7u qu\u1ea3 r\u1eeda cao.<\/p>\n<p><img title=\"may-rua-bat-bosch-sps25ci03e-02\" src=\"https:\/\/bepvuson.vn\/Data\/upload\/images\/M%C3%A1y%20r%E1%BB%ADa%20b%C3%A1t\/Bosch-nhap-khau.jpg\" alt=\"may-rua-bat-bosch-sps25ci03e-02\" \/><\/p>\n<ul>\n<li><em>H\u1ec7 th\u1ed1ng gi\u1ecf\u00a0<strong>VarioFlex<\/strong>\u00a0la\u0300m\u00a0t\u0103ng \u0111\u1ed9\u00a0<strong>linh ho\u1ea1t<\/strong>\u00a0trong x\u1ebfp d\u1ee1 do c\u00e1c y\u1ebfu t\u1ed1 di chuy\u1ec3n trong gi\u1ecf h\u00e0ng tr\u00ean v\u00e0 tr\u00ean.<\/em><\/li>\n<li><em>Ma\u0301y r\u01b0\u0309a ba\u0301t Bosch co\u0301\u00a0<strong>ch\u01b0\u0301c n\u0103ng\u00a0h\u1eb9n gi\u1edd<\/strong>\u00a0tr\u01b0\u1edbc \u0111\u1ebfn 24h, mang \u0111\u1ebfn s\u1ef1\u00a0<strong>linh ho\u1ea1t<\/strong>, ch\u1ee7 \u0111\u1ed9ng cao, b\u1ea1n kh\u00f4ng c\u1ea7n ph\u1ea3i ch\u1edd \u0111\u1ee3i tr\u1ef1c ti\u1ebfp \u0111\u1ec3 s\u1ea5y m\u00e0 ch\u1ec9 c\u1ea7n\u00a0<strong>l\u1ef1a ch\u1ecdn m\u1ee9c th\u1eddi gian<\/strong>\u00a0v\u00e0 thi\u1ebft b\u1ecb s\u1ebd gi\u00fap b\u1ea1n nh\u1eefng vi\u1ec7c c\u00f2n l\u1ea1i.<\/em><\/li>\n<li><em>Ma\u0301y r\u01b0\u0309a ba\u0301t co\u0300n ti\u0301ch h\u01a1\u0323p\u00a0<strong>ch\u00ea\u0301 \u0111\u00f4\u0323\u00a0Aquastop<\/strong>\u00a0l\u00e0 m\u1ed9t h\u1ec7 th\u1ed1ng b\u1ea3o v\u1ec7 k\u00e9p, khi c\u00f3 d\u1ea5u hi\u1ec7u r\u00f2 r\u1ec9 ho\u1eb7c ng\u1eadp n\u01b0\u1edbc, n\u00f3 s\u1ebd t\u1ef1 \u0111\u1ed9ng ng\u1eaft ngu\u1ed3n c\u1ea5p n\u01b0\u1edbc v\u00e0 \u0111\u1ed3ng th\u1eddi h\u00fat to\u00e0n b\u1ed9 l\u01b0\u1ee3ng n\u01b0\u1edbc c\u00f2n l\u1ea1i ra kh\u1ecfi khu v\u1ef1c b\u1ecb ng\u1eadp.\u00a0<strong>Gi\u00fap b\u1ea3o v\u1ec7 m\u00e1y<\/strong>\u00a0v\u00e0 ch\u1ed1ng tr\u00e0n n\u01b0\u1edbc ra s\u00e0n nh\u00e0.<\/em><\/li>\n<li><em><strong>Ch\u1ee9c n\u0103ng s\u1ea5y<\/strong>\u00a0t\u0103ng c\u01b0\u1eddng cu\u0309a\u00a0<strong>ma\u0301y r\u01b0\u0309a ba\u0301t Bosch<\/strong>\u00a0\u0111\u01b0\u1ee3c th\u1ef1c hi\u1ec7n \u1edf cu\u1ed1i chu tr\u00ecnh r\u1eeda c\u1ee7a m\u00e1y r\u1eeda b\u00e1t, th\u1ef1c s\u1ef1 h\u1eefu \u00edch khi gi\u00fap ch\u00e9n b\u00e1t kh\u00f4 ho\u00e0n to\u00e0n v\u00e0 c\u00f3 th\u1ec3 d\u00f9ng\u00a0<strong>tr\u1ef1c ti\u1ebfp<\/strong>\u00a0\u0111\u01b0\u1ee3c lu\u00f4n. V\u1edbi ch\u1ee9c n\u0103ng n\u00e0y, ch\u1ec9 c\u1ea7n m\u00e1y r\u1eeda b\u00e1t l\u00e0 \u0111\u1ee7\u00a0<strong>c\u00f4ng d\u1ee5ng<\/strong>\u00a0l\u00e0m s\u1ea1ch, s\u1ea5y kh\u00f4 v\u00e0 b\u00e1t \u0111\u0129a c\u00f3 th\u1ec3 l\u1ea5y t\u1eeb trong m\u00e1y ra s\u1eed d\u1ee5ng \u0111\u01b0\u1ee3c ngay.<\/em><\/li>\n<\/ul>\n<p>S\u1ea3n ph\u1ea9m c\u00f3 gi\u00e1 c\u1ea3 kh\u00f4ng qu\u00e1 cao, ph\u00f9 h\u1ee3p v\u1edbi nhi\u1ec1u gia \u0111\u00ecnh Vi\u00ea\u0323t. N\u1ebfu gia \u0111\u00ecnh c\u00f3 kh\u00f4ng gian b\u1ebfp r\u1ed9ng v\u00e0 nhu c\u1ea7u n\u1ea5u n\u01b0\u1edbng cao th\u00ec\u00a0<strong>m\u00e1y r\u01b0\u0309a ba\u0301t Bosch SPS25CI03E<\/strong>\u00a0x\u1ee9ng \u0111\u00e1ng l\u00e0 s\u1ef1 l\u1ef1a ch\u1ecdn ho\u00e0n h\u1ea3o.<\/p>\n<\/div>\n<\/div>\n","protected":false},"excerpt":{"rendered":"<p>T\u1ed5ng quan chung M\u00e1y R\u1eeda B\u00e1t Bosch SPS25CI03E Ma\u0301y r\u01b0\u0309a ba\u0301t Bosch SPS25CI03E\u00a0l\u00e0 c\u00f4ng c\u1ee5 h\u1ed7 tr\u1ee3 \u0111\u1eafc l\u1ef1c c\u1ee7a &hellip; <a class=\"link-more\" href=\"http:\/\/maudep.com.vn\/chuyengiadienmay\/?product=may-rua-bat-bosch-sps25ci03e\" class=\"more-link\">\u0110\u1ecdc th\u00eam &raquo;<span class=\"screen-reader-text\"> &#8220;M\u00e1y R\u1eeda B\u00e1t Bosch SPS25CI03E&#8221;<\/span><\/a><\/p>\n","protected":false},"featured_media":2311,"comment_status":"open","ping_status":"closed","template":"","meta":[],"_links":{"self":[{"href":"http:\/\/maudep.com.vn\/chuyengiadienmay\/index.php?rest_route=\/wp\/v2\/product\/2310"}],"collection":[{"href":"http:\/\/maudep.com.vn\/chuyengiadienmay\/index.php?rest_route=\/wp\/v2\/product"}],"about":[{"href":"http:\/\/maudep.com.vn\/chuyengiadienmay\/index.php?rest_route=\/wp\/v2\/types\/product"}],"replies":[{"embeddable":true,"href":"http:\/\/maudep.com.vn\/chuyengiadienmay\/index.php?rest_route=%2Fwp%2Fv2%2Fcomments&post=2310"}],"wp:featuredmedia":[{"embeddable":true,"href":"http:\/\/maudep.com.vn\/chuyengiadienmay\/index.php?rest_route=\/wp\/v2\/media\/2311"}],"wp:attachment":[{"href":"http:\/\/maudep.com.vn\/chuyengiadienmay\/index.php?rest_route=%2Fwp%2Fv2%2Fmedia&parent=2310"}],"curies":[{"name":"wp","href":"https:\/\/api.w.org\/{rel}","templated":true}]}}