{"id":2318,"date":"2019-01-06T13:06:00","date_gmt":"2019-01-06T06:06:00","guid":{"rendered":"http:\/\/maudep.com.vn\/chuyengiadienmay\/?post_type=product&#038;p=2318"},"modified":"2019-01-06T13:06:00","modified_gmt":"2019-01-06T06:06:00","slug":"may-rua-bat-bosch-sms25ci01e","status":"publish","type":"product","link":"http:\/\/maudep.com.vn\/chuyengiadienmay\/?product=may-rua-bat-bosch-sms25ci01e","title":{"rendered":"M\u00e1y r\u1eeda b\u00e1t Bosch SMS25CI01E"},"content":{"rendered":"<h3 class=\"title\">T\u1ed5ng quan chung M\u00e1y r\u1eeda b\u00e1t Bosch SMS25CI01E<\/h3>\n<div class=\"article-content\">\n<div class=\"js-content\">\n<h2>Ba\u0323n \u0111ang mu\u00f4\u0301n mua ma\u0301y r\u01b0\u0309a ba\u0301t &#8211;\u00a0ma\u0301y r\u01b0\u0309a ba\u0301t\u00a0Bosch SMS25CI01E v\u01a1\u0301i c\u00f4ng ngh\u00ea\u0323 ha\u0300ng \u0111\u00e2\u0300u Ch\u00e2u \u00c2u chi\u0301nh la\u0300 s\u01b0\u0323 l\u01b0\u0323a cho\u0323n th\u00f4ng minh cho gia \u0111i\u0300nh ba\u0323n.\u00a0\u0110\u01b0\u01a1\u0323c trang bi\u0323 tr\u00ean mi\u0300nh nh\u01b0\u0303ng ti\u0301nh n\u0103ng th\u00f4ng minh Bosch SMS88TI36E la\u0300m ha\u0300i lo\u0300ng nh\u01b0\u0303ng vi\u0323 kha\u0301ch ha\u0300ng kho\u0301 ti\u0301nh nh\u00e2\u0301t.<\/h2>\n<h3>Bosch SMS25CI01E th\u01b0\u01a1ng hi\u00ea\u0323u ha\u0300ng \u0111\u00e2\u0300u Ch\u00e2u \u00c2u<\/h3>\n<p><strong>M\u00e1y r\u1eeda b\u00e1t Bosch SMS88TI36E<\/strong>\u00a0l\u00e0 s\u1ea3n ph\u1ea9m m\u00e1y r\u1eeda b\u00e1t thu\u1ed9ctop \u0111\u1ea7u ma\u0301y r\u01b0\u0309a ba\u0301t bosch m\u01a1\u0301i nh\u00e2\u0301t c\u1ee7a c\u00e1c thi\u1ebft b\u1ecb nh\u00e0 b\u1ebfp t\u1eeb\u00a0<strong>Ch\u00e2u \u00c2u<\/strong>, m\u00e1y mang nh\u1eefng t\u00ednh n\u0103ng \u01b0u vi\u1ec7t, hi\u1ec7n \u0111\u1ea1i va\u0300 c\u1ef1c k\u1ef3 ti\u1ec7n nghi cho ng\u01b0\u1eddi s\u1eed d\u1ee5ng.<\/p>\n<p><img title=\"may-rua-bat-bosch-sms25ci01e\" src=\"https:\/\/bepvuson.vn\/Data\/upload\/images\/M%C3%A1y%20r%E1%BB%ADa%20b%C3%A1t\/may-rua-bat-bosch-SMI46IS03E%3D3.jpg\" alt=\"may-rua-bat-bosch-sms25ci01e\" \/><\/p>\n<ul>\n<li><em>Ma\u0301y r\u01b0\u0309a ba\u0301t Boschl\u00e0m b\u1eb1ng ch\u1ea5t li\u1ec7u\u00a0<strong>th\u00e9p kh\u00f4ng g\u1ec9 cao c\u1ea5p<\/strong>\u00a0b\u1ec1n \u0111\u1eb9p,\u00a0thi\u1ebft k\u1ebf m\u1edf ra ph\u00eda tr\u01b0\u1edbc\u00a0<strong>ti\u1ec7n l\u1ee3i\u00a0<\/strong>s\u1eafp x\u1ebfp b\u00e1t \u0111\u0169a xoong n\u1ed3i v\u00e0o.<\/em><\/li>\n<li><em><strong>B\u1ea3ng \u0111i\u1ec1u khi\u1ec3n c\u01a1<\/strong>\u00a0k\u1ebft h\u1ee3p ph\u00edm b\u1ea5m \u0111i\u1ec7n t\u1eed c\u00f9ng v\u1edbi\u00a0<strong>m\u00e0n h\u00ecnh k\u1ef9 thu\u1eadt s\u1ed1\u00a0<\/strong>hi\u00ea\u0309n\u00a0th\u1ecb th\u1eddi gian c\u00f2n l\u1ea1i v\u00e0\u00a0<strong>\u0111\u00e8n th\u00f4ng b\u00e1o<\/strong>\u00a0(ngu\u1ed3n c\u1ea5p n\u01b0\u1edbc, mu\u1ed1i, n\u01b0\u1edbc l\u00e0m b\u00f3ng) trong tr\u01b0\u1eddng h\u1ee3p kh\u00f4ng c\u00f3<strong>\u00a0d\u00ea\u0303 s\u01b0\u0309 du\u0323ng<\/strong>.<\/em><\/li>\n<li><em>Kh\u00f4ng ch\u1ec9 c\u00f3 th\u1ebf m\u00e1y c\u00f2n \u0111\u01b0\u1ee3c\u00a0<strong>\u0111i\u1ec1u khi\u1ec3n b\u1eb1ng n\u00fat \u0111i\u1ec7n t\u1eed<\/strong>\u00a0, hi\u1ec3n th\u1ecb\u00a0<strong>\u0111\u00e8n LED<\/strong>\u00a0gi\u00fap b\u1ea1n\u00a0<strong>d\u1ec5 d\u00e0ng s\u1eed d\u1ee5ng<\/strong>\u00a0. Ngo\u00e0i ra m\u00e1y r\u01b0\u0309a ba\u0301t Bosch c\u00f3\u00a0<strong>ch\u1ebf \u0111\u1ed9 kh\u00f3a tr\u1ebb em<\/strong>\u00a0gi\u00fap an to\u00e0n cho m\u00e1y .<\/em><\/li>\n<li><em>Ma\u0301y r\u01b0\u0309a ba\u0301t v\u01a1\u0301i khi\u0301ch th\u01b0\u01a1\u0301c<strong>\u00a013 b\u00f4\u0323 ba\u0301t \u0111i\u0303a<\/strong>\u00a0co\u0301 th\u00ea\u0309 r\u01b0\u0309a ca\u0309 xoong n\u00f4\u0300i, nhi\u00ea\u0300u ba\u0301t \u0111i\u0303a cu\u0300ng 1 lu\u0301c.<\/em><\/li>\n<\/ul>\n<p><em>\u200b<img title=\"may-rua-bat-bosch-sms25ci01e-01\" src=\"https:\/\/bepvuson.vn\/Data\/upload\/images\/M%C3%A1y%20r%E1%BB%ADa%20b%C3%A1t\/may-rua-bat-bosch-sms50e88eu-3.jpg\" alt=\"may-rua-bat-bosch-sms25ci01e-01\" \/><\/em><\/p>\n<h3>Nh\u01b0\u0303ng ti\u0301nh n\u0103ng c\u01a1 ba\u0309n cu\u0309a ma\u0301y r\u01b0\u0309a che\u0301n Bosch SMS25CI01E<\/h3>\n<p><strong>M\u00e1y r\u1eeda b\u00e1t Bosch SMS25CI01E<\/strong>\u00a0la\u0300 m\u00f4\u0323t loa\u0323i thi\u00ea\u0301t bi\u0323 gia du\u0323ng \u0111\u01b0\u01a1\u0323c thi\u00ea\u0301t k\u00ea\u0301 v\u01a1\u0301i kh\u1ea3 n\u0103ng r\u1eeda s\u1ea1ch c\u00e1c lo\u1ea1i ch\u00e9n b\u00e1t, nha\u0300 sa\u0309n xu\u00e2\u0301t \u0111a\u0303 ti\u0301ch h\u01a1\u0323p \u0111a ch\u01b0\u01a1ng tri\u0300nh r\u01b0\u0309a trong m\u00f4\u0323t chi\u00ea\u0301c thi\u00ea\u0301t bi\u0323.<\/p>\n<p><img title=\"may-rua-bat-bosch-sms25ci01e-02\" src=\"https:\/\/bepvuson.vn\/Data\/upload\/images\/M%C3%A1y%20r%E1%BB%ADa%20b%C3%A1t\/nhieu-chuong-trinh-rua.jpg\" alt=\"may-rua-bat-bosch-sms25ci01e-02\" \/><\/p>\n<ul>\n<li><em>Ma\u0301y r\u01b0\u0309a ba\u0301t co\u0301\u00a0<strong>5 ch\u01b0\u01a1ng tr\u00ecnh r\u1eeda\u00a0<\/strong>: r\u1eeda 70 \u00b0 C, r\u1eeda t\u1ef1 \u0111\u1ed9ng 45-65 \u00b0 C, r\u1eeda Eco 50 \u00b0 C, r\u1eeda nhanh 45 \u00b0 C, R\u1eeda y\u00ean l\u1eb7ng 50 \u00b0 C. Va\u0300 2 ch\u01b0\u01a1ng tri\u0300nh r\u01b0\u0309a \u0111\u0103\u0323c bi\u00ea\u0323t la\u0300 r\u01b0\u0309a n\u01b0\u0309a ta\u0309i, s\u00e2\u0301y kh\u00f4.<\/em><\/li>\n<li><em>SMS25CI01E an to\u00e0n v\u1edbi\u00a0<strong>h\u1ec7 th\u1ed1ng Aqua-Stop<\/strong>\u00a0t\u1ef1 \u0111\u1ed9ng ph\u00e1t hi\u1ec7n v\u00e0\u00a0<strong>ng\u0103n ng\u1eeba s\u1ef1 r\u00f2 r\u1ec9<\/strong>\u00a0b\u00ean trong v\u00e0 b\u00ean ngo\u00e0i. Trong tr\u01b0\u1eddng h\u1ee3p m\u1ea5t n\u01b0\u1edbc, m\u00e1y s\u1ebd t\u1ea1m ng\u1eebng ho\u1ea1t \u0111\u1ed9ng, ng\u1eebng c\u1ea5p n\u01b0\u1edbc v\u00e0 b\u01a1m n\u01b0\u1edbc ra ngo\u00e0i. M\u00e1y r\u01b0\u0309a ba\u0301t Bosch \u0111\u01b0\u1ee3c trang b\u1ecb\u00a0<strong>h\u1ec7 th\u1ed1ng c\u1eeda an to\u00e0n<\/strong>, ng\u0103n kh\u00f4ng cho c\u1eeda b\u1ecb \u0111\u00f3ng s\u1eadp l\u1ea1i m\u00e0 ch\u1ec9 \u0111\u00f3ng t\u1eeb t\u1eeb,\u00a0<strong>an to\u00e0n cho ng\u01b0\u1eddi s\u1eed d\u1ee5ng<\/strong>.<\/em><\/li>\n<li><em>Ma\u0301y r\u01b0\u0309a ba\u0301t Bosch co\u0300n co\u0301\u00a0<strong>ng\u0103n \u0111\u1ef1ng dao n\u0129a<\/strong>\u00a0ph\u00eda tr\u00ean c\u00f3 th\u1ec3 l\u1ea5y ra ri\u00eang l\u1ebb, t\u1ea1o s\u1ef1<strong>\u00a0linh ho\u1ea1t\u00a0<\/strong>v\u00e0\u00a0<strong>t\u1ed1i \u01b0u h\u00f3a<\/strong>\u00a0kh\u00f4ng gian cho c\u00e1c ng\u0103n c\u00f2n l\u1ea1i. B\u1ea1n c\u00f3 th\u1ec3 r\u1eeda nh\u1eefng chi\u1ebfc ly cao h\u01a1n, ho\u1eb7c nh\u1eefng chi\u1ebfc xoong n\u1ed3i l\u1edbn h\u01a1n trong c\u00f9ng m\u1ed9t th\u1eddi gian. Ngo\u00e0i ra v\u1edbi\u00a0<strong>h\u1ec7 th\u1ed1ng tay phun k\u00e9p<\/strong>, k\u1ebft h\u1ee3p\u00a0<strong>ch\u1ee9c n\u0103ng r\u1eeda<\/strong>\u00a0\u1edf nhi\u1ec7t \u0111\u1ed9 cao h\u01a1n, gi\u00fap lo\u1ea1i b\u1ecf \u0111\u01b0\u1ee3c m\u1ecdi v\u1ebft b\u1ea9n c\u1ee9ng \u0111\u1ea7u.<\/em><\/li>\n<li><em><strong>H\u1ec7 th\u1ed1ng AquaStop<\/strong>\u00a0se\u0303 giu\u0301p ma\u0301y r\u01b0\u0309a ba\u0301t Bosch\u00a0<strong>t\u1ef1 \u0111\u1ed9ng ng\u1eaft ngu\u1ed3n n\u01b0\u1edbc<\/strong>\u00a0khi c\u00f3 r\u00f2 r\u1ec9 ng\u0103n nh\u1eefng t\u1ed5n th\u1ea5t h\u01b0 h\u1ea1i d\u00f9 \u1edf \u0111\u01b0\u1eddng \u1ed1ng d\u1eabn n\u01b0\u1edbc v\u00e0o hay l\u00e0 do r\u00f2 r\u1ec9 trong m\u00e1y ,<strong>b\u1ea3o v\u1ec7 24\/24<\/strong>\u00a0gi\u1edd m\u1ed7i ng\u00e0y.<\/em><\/li>\n<\/ul>\n<p>S\u1ea3n ph\u1ea9m c\u00f3 gi\u00e1 c\u1ea3 kh\u00f4ng qu\u00e1 cao, ph\u00f9 h\u1ee3p v\u1edbi nhi\u1ec1u gia \u0111\u00ecnh Vi\u00ea\u0323t. N\u1ebfu gia \u0111\u00ecnh c\u00f3 kh\u00f4ng gian b\u1ebfp r\u1ed9ng v\u00e0 nhu c\u1ea7u n\u1ea5u n\u01b0\u1edbng cao th\u00ec\u00a0<strong>m\u00e1y r\u01b0\u0309a ba\u0301t Bosch SMS25CI01E<\/strong>\u00a0x\u1ee9ng \u0111\u00e1ng l\u00e0 s\u1ef1 l\u1ef1a ch\u1ecdn ho\u00e0n h\u1ea3o<\/p>\n<\/div>\n<\/div>\n","protected":false},"excerpt":{"rendered":"<p>T\u1ed5ng quan chung M\u00e1y r\u1eeda b\u00e1t Bosch SMS25CI01E Ba\u0323n \u0111ang mu\u00f4\u0301n mua ma\u0301y r\u01b0\u0309a ba\u0301t &#8211;\u00a0ma\u0301y r\u01b0\u0309a ba\u0301t\u00a0Bosch SMS25CI01E v\u01a1\u0301i &hellip; <a class=\"link-more\" href=\"http:\/\/maudep.com.vn\/chuyengiadienmay\/?product=may-rua-bat-bosch-sms25ci01e\" class=\"more-link\">\u0110\u1ecdc th\u00eam &raquo;<span class=\"screen-reader-text\"> &#8220;M\u00e1y r\u1eeda b\u00e1t Bosch SMS25CI01E&#8221;<\/span><\/a><\/p>\n","protected":false},"featured_media":2319,"comment_status":"open","ping_status":"closed","template":"","meta":[],"_links":{"self":[{"href":"http:\/\/maudep.com.vn\/chuyengiadienmay\/index.php?rest_route=\/wp\/v2\/product\/2318"}],"collection":[{"href":"http:\/\/maudep.com.vn\/chuyengiadienmay\/index.php?rest_route=\/wp\/v2\/product"}],"about":[{"href":"http:\/\/maudep.com.vn\/chuyengiadienmay\/index.php?rest_route=\/wp\/v2\/types\/product"}],"replies":[{"embeddable":true,"href":"http:\/\/maudep.com.vn\/chuyengiadienmay\/index.php?rest_route=%2Fwp%2Fv2%2Fcomments&post=2318"}],"wp:featuredmedia":[{"embeddable":true,"href":"http:\/\/maudep.com.vn\/chuyengiadienmay\/index.php?rest_route=\/wp\/v2\/media\/2319"}],"wp:attachment":[{"href":"http:\/\/maudep.com.vn\/chuyengiadienmay\/index.php?rest_route=%2Fwp%2Fv2%2Fmedia&parent=2318"}],"curies":[{"name":"wp","href":"https:\/\/api.w.org\/{rel}","templated":true}]}}