{"id":2320,"date":"2019-01-06T13:09:41","date_gmt":"2019-01-06T06:09:41","guid":{"rendered":"http:\/\/maudep.com.vn\/chuyengiadienmay\/?post_type=product&#038;p=2320"},"modified":"2019-01-06T13:09:41","modified_gmt":"2019-01-06T06:09:41","slug":"may-rua-bat-bosch-sms63l08ea","status":"publish","type":"product","link":"http:\/\/maudep.com.vn\/chuyengiadienmay\/?product=may-rua-bat-bosch-sms63l08ea","title":{"rendered":"M\u00e1y r\u1eeda b\u00e1t Bosch SMS63L08EA"},"content":{"rendered":"<h3 class=\"title\">T\u1ed5ng quan chung M\u00e1y r\u1eeda b\u00e1t Bosch SMS63L08EA<\/h3>\n<div class=\"article-content\">\n<div class=\"js-content\">\n<h2>V\u1edbi v\u1ecf ngo\u00e0i \u0111\u01b0\u1ee3c l\u00e0m b\u1eb1ng inox ch\u1ed1ng han r\u1ec9, oxi h\u00f3a v\u00e0 ch\u1ecbu \u0111\u01b0\u1ee3c l\u1ef1c va \u0111\u1eadp l\u1edbn n\u00ean m\u00e1y \u0111\u1ed9 b\u1ec1n r\u1ea5t cao. M\u00e1y r\u1eeda b\u00e1t\u00a0Bosch SMS63L08EA c\u00f3 th\u1ec3 r\u1eeda 12 b\u1ed9 Ch\u00e2u \u00e2u c\u00f9ng m\u1ed9t l\u00fac, b\u1ea1n c\u00f3 th\u1ec3 r\u1eeda c\u1ea3 b\u00e1t v\u00e0 xoong n\u1ed3i r\u00e2\u0301t nhanh cho\u0301ng, \u0111\u00e2y la\u0300 tr\u01a1\u0323 thu\u0309 \u0111\u0103\u0301c l\u01b0\u0323c cu\u0309a ng\u01b0\u01a1\u0300i n\u00f4\u0323i tr\u01a1\u0323, \u0111\u01b0\u01a1\u0323c r\u00e2\u0301t nhi\u00ea\u0300u gia \u0111i\u0300nh &#8221; s\u0103n \u0111o\u0301n &#8221; hi\u00ea\u0323n nay.<\/h2>\n<h3><strong>Ma\u0301y r\u01b0\u0309a che\u0301n Bosch SMS63L08EA \u0111a ch\u01b0\u01a1ng tri\u0300nh r\u01b0\u0309a<\/strong><\/h3>\n<p><strong>M\u00e1y r\u1eeda b\u00e1t Bosch SMS63L08EA<\/strong>\u00a0c\u00f3 06 ch\u01b0\u01a1ng tr\u00ecnh r\u1eeda\u00a0 trong \u0111\u00f3 c\u00f3 r\u1eeda t\u1ef1 \u0111\u1ed9ng v\u1edbi kho\u1ea3ng th\u1eddi gian l\u00e0 35 \u0111\u1ebfn 45 ph\u00fat, r\u1eeda t\u1ef1 \u0111\u1ed9ng v\u1edbi kho\u1ea3ng th\u1eddi gian 45 \u0111\u1ebfn 65 ph\u00fat, r\u1eeda t\u1ef1 \u0111\u1ed9ng v\u1edbi kho\u1ea3ng th\u1eddi gian t\u1eeb 65 \u0111\u1ebfn 75 ph\u00fat, r\u1eeda nhanh v\u1edbi th\u1eddi gian 45 ph\u00fat v\u00e0 r\u1eeda kinh t\u1ebf Eco 50 ph\u00fat. (\u00a0 IntensivePlus 70 \u00b0 C, Normal\u00a0 65 \u00b0 C , Auto 45-65 \u00b0 C, Economy 50 \u00b0 C, Quick Wash 45 \u00b0 C, Pre Rinse ).<\/p>\n<p><img title=\"may-rua-bat-bosch-sms63l08ea\" src=\"https:\/\/bepvuson.vn\/Data\/upload\/images\/may-rua-bat\/24956_17036_may-rua-bat-bosch-sms63l08ea-tho-nhi-ky.jpg\" alt=\"may-rua-bat-bosch-sms63l08ea\" \/><\/p>\n<ul>\n<li><em>Ma\u0301y r\u01b0\u0309a ba\u0301t Bosch c\u00f2n c\u00f3\u00a0<strong>02 ch\u01b0\u01a1ng tr\u00ecnh r\u1eeda \u0111\u1eb7c bi\u1ec7t<\/strong>\u00a0gi\u00fap cho b\u00e1t \u0111\u0129a \u0111\u01b0\u1ee3c l\u00e0m s\u1ea1ch th\u00eam :\u00a0<strong>Vario Speed\u00a0<\/strong>\u200b( r\u1eeda 1\/2 th\u1eddi gian)\u200b,<strong>\u00a0HygienePlus<\/strong>\u00a0( r\u1eeda v\u1edbi nhi\u1ec7t \u0111\u1ed9 cao)<\/em><\/li>\n<li><em>M\u00e1y c\u00f2n c\u00f3 th\u1ec3<strong>\u00a0t\u1ef1 nh\u1eadn bi\u1ebft m\u1ee9c \u0111\u1ed9\u00a0<\/strong>b\u1ea9n c\u1ee7a b\u00e1n \u0111\u0129a \u0111\u1ec3 c\u0103n n\u01b0\u1edbc v\u00e0 c\u00f3\u00a0<strong>ch\u1ebf \u0111\u1ed9 r\u1eeda th\u00edch h\u1ee3p<\/strong>, \u0111\u1ec3 ti\u1ec7n d\u1ee5ng h\u01a1n m\u00e1y r\u01b0\u0309a ba\u0301t Bosch c\u00f2n c\u00f3<strong>\u00a0ch\u1ebf \u0111\u1ed9 ng\u00e2m tr\u01b0\u1edbc<\/strong>\u00a0khi r\u1eeda gi\u00fap b\u00e1t \u0111\u0129a c\u00f3 th\u1ec3 \u0111\u01b0\u1ee3c r\u1eeda s\u1ea1ch ho\u00e0n to\u00e0n v\u00e0 ti\u1ebft ki\u1ec7m \u0111i\u1ec7n, n\u01b0\u1edbc v\u1edbi m\u1ee9c t\u1ed1i \u0111a. Ngo\u00e0i ra, m\u00e1y c\u00f2n c\u00f3 h\u1ec7 th\u1ed1ng\u00a0<strong>Aqua Stop &#8211; Ng\u0103n ch\u1eb7n n\u01b0\u1edbc r\u00f2 r\u1ec9<\/strong>\u00a0, H\u1ec7 th\u1ed1ng gi\u1ecf VarioFlex cung c\u1ea5p c\u00e1c gi\u1ea3i ph\u00e1p\u00a0<strong>hi\u1ec7u qu\u1ea3<\/strong>\u00a0, v\u00e0 ti\u1ebft ki\u1ec7m kh\u00f4ng gian.<\/em><\/li>\n<li><em>K\u00edch th\u01b0\u1edbc c\u1ee7a m\u00e1y r\u1eeda b\u00e1t \u0111\u1ed9c l\u1eadp Bosch SMS63L08EA ( CxRxS (cm): 84,5 x 60 x 60 c\u00f3 th\u1ec3<strong>\u00a0th\u00edch h\u1ee3p\u00a0<\/strong>v\u1edbi h\u1ea7u h\u1ebft c\u00e1c kh\u00f4ng gian v\u00e0 c\u00f3 th\u1ec3<strong>\u00a0\u0111\u1eb7t \u00e2m ho\u1eb7c d\u01b0\u01a1ng<\/strong>\u00a0t\u00f9y theo nhu c\u1ea7u c\u1ee7a ng\u01b0\u1eddi s\u1eed d\u1ee5ng.V\u1edbi thi\u1ebft k\u1ebf \u0111\u1eb7c bi\u1ec7t<strong>\u00a0t\u00ednh n\u0103ng kh\u00f3a an to\u00e0n tr\u1ebb em<\/strong>, c\u1ea3m bi\u1ebfn ch\u1ea5t t\u1ea9y r\u1eeda, th\u1eddi gian l\u1ef1a ch\u1ecdn tr\u01b0\u1edbc \u0111\u1ebfn 24h.<\/em><\/li>\n<\/ul>\n<p><em>\u200b<img title=\"may-rua-bat-bosch-sms63l08ea-01\" src=\"https:\/\/bepvuson.vn\/Data\/upload\/images\/may-rua-bat\/may-rua-bat-bosch-sms63l08ea-chinh-hang.png\" alt=\"may-rua-bat-bosch-sms63l08ea-01\" \/><\/em><\/p>\n<h3><strong>Ma\u0301y r\u01b0\u0309a che\u0301n Bosch SMS63L08EA s\u01b0\u0309 du\u0323ng linh ki\u00ea\u0323n gi\u0300?<\/strong><\/h3>\n<p>Ngoa\u0300i ti\u0301nh n\u0103ng r\u01b0\u0309a th\u00f4ng minh,\u00a0<strong>M\u00e1y r\u1eeda b\u00e1t Bosch SMS63L08EA<\/strong>\u00a0co\u0300n s\u01b0\u0309 du\u0323ng nh\u01b0\u0303ng linh ki\u00ea\u0323n cao c\u00e2\u0301p, ng\u01b0\u01a1i du\u0300ng co\u0301 th\u00ea\u0309 y\u00ean t\u00e2m v\u00ea\u0300 \u0111\u00f4\u0323 b\u00ea\u0300n cu\u0309a ma\u0301y.<\/p>\n<p><img title=\"may-rua-bat-bosch-sms63l08ea-02\" src=\"https:\/\/bepvuson.vn\/Data\/upload\/images\/may-rua-bat\/nguon-goc-xuat-xu-may-rua-bat-bosch.jpg\" alt=\"may-rua-bat-bosch-sms63l08ea-02\" \/><\/p>\n<ul>\n<li><em>Ray k\u00e9o tr\u01b0\u1ee3t c\u1ee7a m\u00e1y r\u01b0\u0309a ba\u0301t Bosch ch\u1eafc ch\u1eafn s\u1ebd gi\u00fap<strong>\u00a0thao t\u00e1c nh\u1eb9 nh\u00e0ng<\/strong>, ch\u00e2n \u0111\u1ee1 ki\u1ec3u g\u1ea5p<strong>\u00a0d\u1ec5 d\u00e0ng b\u1ed1 tr\u00ed\u00a0<\/strong>c\u00e1c lo\u1ea1i xoong n\u1ed3i. Thi\u1ebft k\u1ebf b\u00ean trong<strong>\u00a0khoang r\u1eeda ph\u1eb3ng nh\u1eb5n<\/strong>, b\u1eb1ng<strong>\u00a0th\u00e9p kh\u00f4ng g\u1ec9<\/strong>, ch\u1ecbu \u0111\u01b0\u1ee3c c\u00e1c m\u1ee9c \u00e1p su\u1ea5t n\u01b0\u1edbc kh\u00e1c nhau, n\u00ean c\u00f3\u00a0<strong>t\u00ednh b\u1ec1n cao<\/strong>\u00a0v\u00e0 d\u1ec5 d\u00e0ng v\u1ec7 sinh.<\/em><\/li>\n<li><em>Ma\u0301y r\u01b0\u0309a ba\u0301t Bosch \u0111\u01b0\u01a1\u0323c thi\u1ebft k\u1ebf b\u1ec1 m\u1eb7t b\u1eb1ng\u00a0<strong>inox kh\u00f4ng gi\u0309<\/strong>\u00a0m\u00e0u tr\u1eafng sang tr\u1ecdng,<strong>\u00a0h\u1ec7 th\u1ed1ng \u0111i\u1ec1u khi\u1ec3n c\u01a1\u00a0<\/strong>gi\u00fap ng\u01b0\u1eddi s\u1eed d\u1ee5ng<strong>\u00a0d\u1ec5 d\u00e0ng l\u1ef1a ch\u1ecdn ch\u1ebf \u0111\u1ed9 r\u1eeda<\/strong>\u00a0theo mong mu\u1ed1n.<\/em><\/li>\n<li><em>h\u00e9p ch\u1eafc ch\u1eafn, m\u00e0n hi\u1ec3n th\u1ecb r\u00f5 r\u00e0ng, n\u00fam \u0111i\u1ec1u khi\u1ec3n xoay\u00a0<strong>\u0111i\u1ec1u ch\u1ec9nh d\u1ec5 d\u00e0ng<\/strong>\u00a0giu\u0301p ma\u0301y r\u01b0\u0309a ba\u0301t Bosch c\u00f3\u00a0<strong>\u0111\u1ed9 b\u1ec1n cao<\/strong>.<\/em><\/li>\n<li><em>\u0110i\u1ec1u m\u00e0 kh\u00e1ch h\u00e0ng quan t\u00e2m nh\u1ea5t \u0111\u1ebfn m\u1ed9t chi\u1ebfc m\u00e1y r\u1eeda b\u00e1t \u0111\u00f3 l\u00e0 m\u1ee9c \u0111\u1ed9 ti\u00eau th\u1ee5 n\u01b0\u1edbc v\u00e0 \u0111\u1ed9 \u1ed3n. V\u1edbi m\u00e1y r\u1eeda b\u00e1t Bosch SMS63L08EA b\u1ea1n c\u00f3 th\u1ec3<strong>\u00a0ho\u00e0n to\u00e0n y\u00ean t\u00e2m\u00a0<\/strong>v\u00ec m\u00e1y c\u00f3 th\u1ec3 r\u1eeda l\u01b0\u1ee3ng b\u00e1t \u0111\u0129a nhi\u1ec1u c\u00f9ng m\u1ed9t l\u00fac m\u1ea7 m\u1ee9c \u0111\u1ed9 ti\u00eau th\u1ee5 n\u01b0\u1edbc ch\u1ec9 11.8l n\u01b0\u1edbc. \u0110\u1ed9 \u1ed3n c\u1ee7a m\u00e1y d\u01b0\u1edbi 52db si\u00eau \u00eam\u00a0<strong>kh\u00f4ng h\u1ec1 l\u00e0m \u1ea3nh h\u01b0\u1edfng<\/strong>\u00a0\u0111\u1ebfn b\u1ea1n v\u00e0 gia \u0111\u00ecnh b\u1ea1n.<\/em><\/li>\n<\/ul>\n<p>S\u1ea3n ph\u1ea9m c\u00f3 gi\u00e1 c\u1ea3 kh\u00f4ng qu\u00e1 cao, ph\u00f9 h\u1ee3p v\u1edbi nhi\u1ec1u gia \u0111\u00ecnh Vi\u00ea\u0323t. N\u1ebfu gia \u0111\u00ecnh c\u00f3 kh\u00f4ng gian b\u1ebfp r\u1ed9ng v\u00e0 nhu c\u1ea7u n\u1ea5u n\u01b0\u1edbng cao th\u00ec\u00a0<strong>m\u00e1y r\u01b0\u0309a ba\u0301t Bosch SMS63L08EA<\/strong>\u00a0x\u1ee9ng \u0111\u00e1ng l\u00e0 s\u1ef1 l\u1ef1a ch\u1ecdn ho\u00e0n h\u1ea3o.<\/p>\n<\/div>\n<\/div>\n","protected":false},"excerpt":{"rendered":"<p>T\u1ed5ng quan chung M\u00e1y r\u1eeda b\u00e1t Bosch SMS63L08EA V\u1edbi v\u1ecf ngo\u00e0i \u0111\u01b0\u1ee3c l\u00e0m b\u1eb1ng inox ch\u1ed1ng han r\u1ec9, oxi h\u00f3a &hellip; <a class=\"link-more\" href=\"http:\/\/maudep.com.vn\/chuyengiadienmay\/?product=may-rua-bat-bosch-sms63l08ea\" class=\"more-link\">\u0110\u1ecdc th\u00eam &raquo;<span class=\"screen-reader-text\"> &#8220;M\u00e1y r\u1eeda b\u00e1t Bosch SMS63L08EA&#8221;<\/span><\/a><\/p>\n","protected":false},"featured_media":2321,"comment_status":"open","ping_status":"closed","template":"","meta":[],"_links":{"self":[{"href":"http:\/\/maudep.com.vn\/chuyengiadienmay\/index.php?rest_route=\/wp\/v2\/product\/2320"}],"collection":[{"href":"http:\/\/maudep.com.vn\/chuyengiadienmay\/index.php?rest_route=\/wp\/v2\/product"}],"about":[{"href":"http:\/\/maudep.com.vn\/chuyengiadienmay\/index.php?rest_route=\/wp\/v2\/types\/product"}],"replies":[{"embeddable":true,"href":"http:\/\/maudep.com.vn\/chuyengiadienmay\/index.php?rest_route=%2Fwp%2Fv2%2Fcomments&post=2320"}],"wp:featuredmedia":[{"embeddable":true,"href":"http:\/\/maudep.com.vn\/chuyengiadienmay\/index.php?rest_route=\/wp\/v2\/media\/2321"}],"wp:attachment":[{"href":"http:\/\/maudep.com.vn\/chuyengiadienmay\/index.php?rest_route=%2Fwp%2Fv2%2Fmedia&parent=2320"}],"curies":[{"name":"wp","href":"https:\/\/api.w.org\/{rel}","templated":true}]}}