{"id":2347,"date":"2019-01-06T15:01:00","date_gmt":"2019-01-06T08:01:00","guid":{"rendered":"http:\/\/maudep.com.vn\/chuyengiadienmay\/?post_type=product&#038;p=2347"},"modified":"2019-01-06T15:01:00","modified_gmt":"2019-01-06T08:01:00","slug":"may-hut-mui-bosch-dhu935hme","status":"publish","type":"product","link":"http:\/\/maudep.com.vn\/chuyengiadienmay\/?product=may-hut-mui-bosch-dhu935hme","title":{"rendered":"M\u00e1y h\u00fat m\u00f9i Bosch DHU935HME"},"content":{"rendered":"<h3 class=\"title\">T\u1ed5ng quan chung M\u00e1y h\u00fat m\u00f9i Bosch DHU935HME<\/h3>\n<div class=\"article-content\">\n<div class=\"js-content\">\n<h2>M\u00e1y h\u00fat m\u00f9i Bosch DHU935HME\u00a0ki\u1ec3u d\u00e1ng c\u1ed5 \u0111i\u1ec3n c\u00f9ng k\u00edch th\u01b0\u1edbc 90cm, m\u00e1y ph\u00f9 h\u1ee3p v\u1edbi nh\u1eefng gia \u0111\u00ecnh s\u1eed d\u1ee5ng b\u1ebfp c\u00f3 nhi\u1ec1u v\u00f9ng n\u1ea5u, v\u1edbi ki\u1ec3u d\u00e1ng n\u00e0y m\u00e1y c\u0169ng s\u1ebd gi\u00fap b\u1ea1n ti\u1ebft ki\u1ec7m \u0111\u01b0\u1ee3c kh\u00f4ng gian ph\u00eda tr\u00ean m\u00e1y \u0111\u1ec3 l\u00e0m th\u00eam ng\u0103n t\u1ee7 \u0111\u1ef1ng \u0111\u1ed3 d\u00f9ng c\u1ee7a gia \u0111i\u0300nh. Ma\u0301y \u0111\u01b0\u01a1\u0323c nh\u00e2\u0323p kh\u00e2\u0309u chi\u0301nh ha\u0303ng t\u01b0\u0300 Ch\u00e2u \u00c2u \u0111em \u0111\u00ea\u0301n cho ng\u01b0\u01a1\u0300i du\u0300ng nh\u01b0\u0303ng tra\u0309i nghi\u00ea\u0323m tuy\u00ea\u0323t v\u01a1\u0300i nh\u00e2\u0301t.<\/h2>\n<h3>Ma\u0301y hu\u0301t mu\u0300i c\u00f4\u0309 \u0111i\u00ea\u0309n thi\u00ea\u0301t k\u00ea\u0301 tr\u00ean c\u00f4ng ngh\u00ea\u0323 hi\u00ea\u0323n \u0111a\u0323i<\/h3>\n<p>Th\u00e2n\u00a0<strong><a title=\"Ma\u0301y hu\u0301t mu\u0300i\" href=\"https:\/\/bepvuson.vn\/may-hut-mui.html\" target=\"_blank\" rel=\"noopener\">ma\u0301y hu\u0301t mu\u0300i<\/a><\/strong>\u00a0<strong>Bosch DHU935HME<\/strong>\u00a0\u0111\u01b0\u1ee3c thi\u1ebft k\u1ebf v\u1edbi ch\u1ea5t li\u1ec7u<strong>\u00a0Inox<\/strong>\u00a0to\u00e0n ph\u1ea7n\u00a0<strong>ch\u1ed1ng han g\u1ec9<\/strong>\u00a0v\u00e0\u00a0<strong>d\u1ec5 d\u00e0ng v\u1ec7 sinh<\/strong>\u00a0sau khi \u0111un n\u1ea5u. Sau khi \u0111un n\u1ea5u b\u1ea1n ch\u1ec9 c\u1ea7n d\u00f9ng kh\u0103n \u1ea9m v\u1ec7 sinh th\u00e2n m\u00e1y v\u00e0 th\u00e1o 2 t\u1ea5m l\u1ecdc b\u1eb1ng h\u1ee3p kim \u1edf d\u01b0\u1edbi ng\u00e2m v\u00e0o n\u01b0\u1edbc \u1ea5m kho\u1ea3ng 5 \u0111\u1ebfn 10 ph\u00fat \u0111\u1ec3 t\u1ea9y c\u00e1c v\u1ebft b\u1ea9n m\u00e0 kh\u00f4ng c\u1ea7n \u0111\u1ebfn ch\u1ea5t t\u1ea5y r\u1eeda m\u1ea1nh n\u00e0o.<\/p>\n<p><img title=\"may-hut-mui-bosch-dhu935hme\" src=\"https:\/\/bepvuson.vn\/Data\/upload\/images\/M%C3%A1y%20h%C3%BAt%20m%C3%B9i\/may-hut-mui.jpg\" alt=\"may-hut-mui-bosch-dhu935hme\" \/><\/p>\n<ul>\n<li><em>M\u00e1y h\u00fat m\u00f9i<strong>\u00a0Bosch DHU935HME\u00a0<\/strong>c\u00f3 thi\u1ebft k\u1ebf b\u1ea3ng \u0111i\u1ec1u khi\u1ec3n th\u00f4ng minh v\u1edbi 3 m\u1ee9c t\u1ed1c \u0111\u1ed9 h\u00fat v\u1edbi ch\u1ebf \u0111\u1ed9 h\u00fat chuy\u00ean s\u00e2u t\u1ef1 \u0111\u1ed9ng kh\u1eed s\u1ea1ch m\u00f9i n\u1eb7ng ch\u1ec9 trong kho\u1ea3ng th\u1eddi gian v\u00e0i ph\u00fat sau khi v\u1eadn h\u00e0nh.<\/em><\/li>\n<li><em>S\u1eed d\u1ee5ng\u00a0<strong>\u0111\u1ed9ng c\u01a1 EcoSilence\u00a0<\/strong>c\u00f4ng su\u1ea5t h\u00fat \u1edf c\u1ea5p \u0111\u1ed9 cao nh\u1ea5t \u0111\u1ea1t 310m3\/h\u00a0nhanh ch\u00f3ng tr\u1ea3 l\u1ea1i b\u1ea7u kh\u00f4ng kh\u00ed trong la\u0300nh cho gia \u0111i\u0300nh ba\u0323n.<\/em><\/li>\n<li><em>\u0110\u1ed9 \u1ed3n t\u1ed1i \u0111a c\u1ee7a m\u00e1y h\u00fat m\u00f9i ch\u00ednh h\u00e3ng n\u00e0y l\u00e0 64 dB<strong>\u00a0kh\u00f4ng g\u00e2y kho\u0301 chi\u0323u<\/strong>\u00a0cho ng\u01b0\u01a1\u0300i s\u01b0\u0309 du\u0323ng.<\/em><\/li>\n<li><em><strong>B\u1ed9 l\u1ecdc m\u1ee1<\/strong>\u00a0nhi\u1ec1u l\u1edbp<strong>\u00a0b\u1eb1ng th\u00e9p kh\u00f4ng g\u1ec9<\/strong>\u00a0c\u00f3 th\u1ec3 v\u00ea\u0323 sinh cu\u0309a ma\u0301y h\u00fat m\u00f9i<strong>\u00a0Bosch DHU935HME<\/strong>\u00a0gi\u00fap l\u1ecdc s\u1ea1ch b\u1ee5i b\u1ea9n v\u00e0 d\u1ea7u m\u1ee1 trong kh\u00f3i b\u1ebfp, b\u1ea3o v\u1ec7 \u0111\u1ed9ng c\u01a1 b\u00ean trong.<\/em><\/li>\n<\/ul>\n<p><img title=\"may-hut-mui-bosch-dhu935hme\" src=\"https:\/\/bepvuson.vn\/Data\/upload\/images\/M%C3%A1y%20h%C3%BAt%20m%C3%B9i\/luoi-loc-may-hut-mui.jpg\" alt=\"may-hut-mui-bosch-dhu935hme\" \/><\/p>\n<ul>\n<li><em>Sa\u0309n ph\u00e2\u0309m\u00a0\u0111\u01b0\u1ee3c trang b\u1ecb 2 \u0111\u00e8n chi\u1ebfu s\u00e1ng\u00a0<strong>Hallogen ti\u1ebft ki\u1ec7m \u0111i\u1ec7n\u00a0<\/strong>\u0111\u1ea3m b\u1ea3o \u0111\u1ee7 \u00e1nh s\u00e1ng khi \u0111un n\u1ea5u\u00a0c\u00f9ng c\u00f4ng su\u1ea5t ho\u1ea1t \u0111\u1ed9ng c\u1ee7a b\u00f3ng \u0111\u00e8n l\u00e0 2x40W.<\/em><br \/>\nHai \u0111\u00e8n gi\u00fap chi\u1ebfu s\u00e1ng v\u00f9ng n\u1ea5u khi tr\u1eddi t\u1ed1i ho\u1eb7c thi\u1ebfu s\u00e1ng vi\u1ec7c n\u1ea5u n\u01b0\u1edbng c\u1ee7a b\u1ea1n s\u1ebd l\u00e0 m\u1ed9t tr\u1ea3i nghi\u1ec7m th\u00fa v\u1ecb.<\/li>\n<\/ul>\n<h3>Ch\u00ea\u0301 \u0111\u00f4\u0323 kh\u01b0\u0309 mu\u0300i linh hoa\u0323t<\/h3>\n<p><strong><a title=\"Ma\u0301y hu\u0301t mu\u0300i Bosch\" href=\"https:\/\/bepvuson.vn\/may-hut-mui-bosch.html\" target=\"_blank\" rel=\"noopener\">M\u00e1y h\u00fat m\u00f9i Bosch<\/a>\u00a0DHU935HME<\/strong>\u00a0c\u00f4\u0309 \u0111i\u00ea\u0309n c\u00f3 2 ch\u1ebf \u0111\u1ed9 kh\u1eed m\u00f9i l\u00e0 ch\u1ebf \u0111\u1ed9 kh\u1eed m\u00f9i b\u1eb1ng than ho\u1ea1t t\u00ednh v\u00e0 ch\u1ebf \u0111\u1ed9 \u0111\u1ea9y \u1ed1ng ra ngo\u00e0i cho ba\u0323n nhi\u00ea\u0300u l\u01b0\u0323a cho\u0323n.<\/p>\n<p><img title=\"may-hut-mui-bosch-dhu935hme\" src=\"https:\/\/bepvuson.vn\/Data\/upload\/images\/M%C3%A1y%20h%C3%BAt%20m%C3%B9i\/may-hut-mui1.jpeg\" alt=\"may-hut-mui-bosch-dhu935hme\" \/><\/p>\n<ul>\n<li><em>Trong tr\u01b0\u1eddng h\u1ee3p kh\u00f4ng gian b\u1ebfp kh\u00f4ng th\u1ec3 l\u1eafp \u0111\u01b0\u1ee3c \u0111\u01b0\u1eddng \u1ed1ng th\u1ea3i ra ngo\u00e0i b\u1ea1n c\u00f3 th\u1ec3 \u0111\u1ec3 m\u00e1y h\u00fat kh\u1eed tr\u1ef1c ti\u1ebfp b\u1eb1ng hai t\u1ea5m than ho\u1ea1t t\u00ednh b\u00ean trong m\u00e1y.<\/em><\/li>\n<li><em>C\u00f2n trong tr\u01b0\u1eddng h\u1ee3p kh\u00f4ng gian b\u1ebfp c\u00f3 th\u1ec3 l\u1eafp \u0111\u01b0\u1ee3c \u0111\u01b0\u1eddng \u1ed1ng \u0111\u1ea9y ra ngo\u00e0i th\u00ec b\u1ea1n c\u00f3 th\u1ec3 th\u00e1o than ho\u1ea1t t\u00ednh ra\u00a0v\u00e0 l\u1eafp \u0111\u01b0\u1eddng \u1ed1ng th\u1ea3i v\u1edbi k\u00edch th\u01b0\u1edbc t\u1eeb 90 mm \u0111\u1ebfn 110 mm cho\u00a0m\u00e1y h\u00fat m\u00f9i\u00a0<strong>Bosch DHU935HME<\/strong>.<\/em><br \/>\nL\u01b0u \u00fd r\u1eb1ng khi b\u1ea1n d\u00f9ng than th\u00ec ph\u1ea3i thay than \u0111\u00ecnh k\u1ef3 t\u00f9y theo t\u1ea7n su\u1ea5t \u0111un n\u1ea5u nhi\u1ec1u hay \u00edt c\u1ee7a m\u1ed7i gia \u0111\u00ecnh c\u00f2n khi s\u1eed d\u1ee5ng \u1ed1ng th\u1ea3i ra ngo\u00e0i th\u00ec b\u1ea1n kh\u00f4ng ph\u1ea3i m\u1ea5t m\u1ed9t kho\u1ea3n chi ph\u00ed thay than \u0111\u1ecbnh k\u1ef3.<\/li>\n<\/ul>\n<\/div>\n<\/div>\n","protected":false},"excerpt":{"rendered":"<p>T\u1ed5ng quan chung M\u00e1y h\u00fat m\u00f9i Bosch DHU935HME M\u00e1y h\u00fat m\u00f9i Bosch DHU935HME\u00a0ki\u1ec3u d\u00e1ng c\u1ed5 \u0111i\u1ec3n c\u00f9ng k\u00edch th\u01b0\u1edbc 90cm, &hellip; <a class=\"link-more\" href=\"http:\/\/maudep.com.vn\/chuyengiadienmay\/?product=may-hut-mui-bosch-dhu935hme\" class=\"more-link\">\u0110\u1ecdc th\u00eam &raquo;<span class=\"screen-reader-text\"> &#8220;M\u00e1y h\u00fat m\u00f9i Bosch DHU935HME&#8221;<\/span><\/a><\/p>\n","protected":false},"featured_media":2348,"comment_status":"open","ping_status":"closed","template":"","meta":[],"_links":{"self":[{"href":"http:\/\/maudep.com.vn\/chuyengiadienmay\/index.php?rest_route=\/wp\/v2\/product\/2347"}],"collection":[{"href":"http:\/\/maudep.com.vn\/chuyengiadienmay\/index.php?rest_route=\/wp\/v2\/product"}],"about":[{"href":"http:\/\/maudep.com.vn\/chuyengiadienmay\/index.php?rest_route=\/wp\/v2\/types\/product"}],"replies":[{"embeddable":true,"href":"http:\/\/maudep.com.vn\/chuyengiadienmay\/index.php?rest_route=%2Fwp%2Fv2%2Fcomments&post=2347"}],"wp:featuredmedia":[{"embeddable":true,"href":"http:\/\/maudep.com.vn\/chuyengiadienmay\/index.php?rest_route=\/wp\/v2\/media\/2348"}],"wp:attachment":[{"href":"http:\/\/maudep.com.vn\/chuyengiadienmay\/index.php?rest_route=%2Fwp%2Fv2%2Fmedia&parent=2347"}],"curies":[{"name":"wp","href":"https:\/\/api.w.org\/{rel}","templated":true}]}}