{"id":2413,"date":"2019-01-07T11:51:45","date_gmt":"2019-01-07T04:51:45","guid":{"rendered":"http:\/\/maudep.com.vn\/chuyengiadienmay\/?post_type=product&#038;p=2413"},"modified":"2019-01-07T11:51:45","modified_gmt":"2019-01-07T04:51:45","slug":"may-hut-mui-hafele-dhi923gsg","status":"publish","type":"product","link":"http:\/\/maudep.com.vn\/chuyengiadienmay\/?product=may-hut-mui-hafele-dhi923gsg","title":{"rendered":"M\u00e1y h\u00fat m\u00f9i Hafele DHI923GSG"},"content":{"rendered":"<h3 class=\"title\">T\u1ed5ng quan chung M\u00e1y h\u00fat m\u00f9i Hafele DHI923GSG<\/h3>\n<div class=\"article-content\">\n<div class=\"js-content\">\n<h2>Ma\u0301y hu\u0301t mu\u0300i Hafele 539.86.053\u00a0mang \u0111\u1ebfn kh\u00f4ng gian n\u1ed5i b\u1eadt cho c\u0103n b\u1ebfp v\u1edbi thi\u1ebft k\u1ebf sang tr\u1ecdng, ch\u1ea5t li\u1ec7u th\u00e9p kh\u00f4ng g\u1ec9 s\u00e1ng b\u00f3ng ch\u1ed1ng b\u00e1m d\u1ea5u v\u00e2n tay hi\u1ec7u qu\u1ea3, d\u1ec5 d\u00e0ng l\u00e0m s\u1ea1ch nhanh ch\u00f3ng. L\u1edbp s\u01a1n t\u0129nh \u0111i\u1ec7n ph\u1ee7 b\u00ean ngo\u00e0i \u0111\u1ea3m b\u1ea3o \u0111\u1ed9 an to\u00e0n cao khi s\u1eed d\u1ee5ng.<\/h2>\n<h3>Ma\u0301y hu\u0301t mu\u0300i 539.86.053 la\u0300m sa\u0323ch kh\u00f4ng khi\u0301 trong th\u01a1\u0300i gian ng\u0103\u0301n<\/h3>\n<p>H\u1ec7 th\u1ed1ng l\u00e0m s\u1ea1ch kh\u00f4ng kh\u00ed trong th\u1eddi gian ng\u1eafn,\u00a0m\u00e1y h\u00fat m\u00f9i Hafele\u00a0h\u00fat si\u00eau \u00eam, c\u00f4ng su\u1ea5t t\u1ed1i \u0111a c\u00f3 th\u1ec3 l\u00ean \u0111\u1ebfn 420 m3\/h. T\u00ednh n\u0103ng \u0111i\u1ec1u ch\u1ec9nh c\u00f4ng su\u1ea5t linh ho\u1ea1t cho ph\u00e9p gi\u1ea3m ho\u1eb7c t\u0103ng c\u01b0\u1eddng c\u00f4ng su\u1ea5t h\u00fat, gi\u00fap t\u0103ng th\u00eam hi\u1ec7u su\u1ea5t c\u1ee7a m\u00e1y h\u00fat m\u00f9i khi c\u1ea7n thi\u1ebft.<\/p>\n<p><img title=\"may-hut-mui-hafele-539-86-053\" src=\"https:\/\/bepvuson.vn\/Data\/upload\/images\/may_hut_mui\/hh-ti90c.jpg\" alt=\"may-hut-mui-hafele-539-86-053\" \/><\/p>\n<ul>\n<li>Thi\u1ebft b\u1ecb t\u00edch h\u1ee3p h\u1ec7 th\u1ed1ng \u0111\u00e8n chi\u1ebfu s\u00e1ng ti\u1ec7n l\u1ee3i, cung c\u1ea5p \u00e1nh s\u00e1ng cho b\u1ea1n s\u1ef1 tho\u1ea3i m\u00e1i t\u1ed1i \u0111a khi di chuy\u1ec3n t\u1eeb v\u00f9ng t\u1ed1i sang v\u00f9ng s\u00e1ng xung quanh. \u0110\u1eb7c bi\u1ec7t, c\u01b0\u1eddng \u0111\u1ed9 \u00e1nh s\u00e1ng c\u00f3 th\u1ec3 \u0111i\u1ec1u ch\u1ec9nh \u0111\u1ec3 ch\u1ec9 chi\u1ebfu s\u00e1ng trang tr\u00ed nh\u1eb9 cho m\u00e1y h\u00fat m\u00f9i kh\u00f3i ho\u1eb7c \u0111\u1ec3 th\u1eafp s\u00e1ng khu v\u1ef1c n\u1ea5u \u0103n, t\u00f9y theo s\u1ef1 l\u1ef1a ch\u1ecdn c\u1ee7a b\u1ea1n.<\/li>\n<li>C\u1ea5u tr\u00fac kim lo\u1ea1i ho\u00e0n ch\u1ec9nh v\u1edbi \u00e1nh s\u00e1ng \u0111\u00e8n halogen \u0111\u01b0\u1ee3c s\u1eafp \u0111\u1eb7t m\u1ed9t c\u00e1ch s\u00e1ng t\u1ea1o \u0111\u00e3 mang \u0111\u1ebfn m\u1ed9t kh\u00f4ng gian ho\u00e0n to\u00e0n m\u1edbi cho c\u0103n b\u1ebfp c\u1ee7a b\u1ea1n. C\u00e1c b\u1ed9 c\u1ea3m bi\u1ebfn th\u00f4ng minh s\u1ebd t\u1ef1 \u0111\u1ed9ng ki\u1ec3m so\u00e1t t\u1ed1c \u0111\u1ed9 h\u00fat, v\u00e0 b\u1ea1n ch\u1ec9 c\u1ea7n ch\u1ea1m nh\u1eb9 v\u00e0o \u0111\u1ea7u c\u1ea3m bi\u1ebfn \u0111\u1ec3 \u0111i\u1ec1u ch\u1ec9nh m\u00e1y h\u00fat m\u00f9i Hafele.<img title=\"may-hut-mui-hafele-539-86-053-01\" src=\"https:\/\/bepvuson.vn\/Data\/upload\/images\/may_hut_mui\/Hafele-HH-TI60C.jpg\" alt=\"may-hut-mui-hafele-539-86-053-01\" \/><\/li>\n<\/ul>\n<ul>\n<li>B\u1ea3ng \u0111i\u1ec1u khi\u1ec3n c\u1ea3m \u1ee9ng cu\u0309a ma\u0301y hu\u0301t mu\u0300i Hafele th\u00f4ng minh, si\u00eau nh\u1ea1y, thi\u1ebft k\u1ebf d\u1ea1ng ph\u1eb3ng d\u1ec5 d\u00e0ng l\u1ef1a ch\u1ecdn m\u1ee9c c\u00f4ng su\u1ea5t h\u00fat m\u00f9i ph\u00f9 h\u1ee3p v\u1edbi t\u1eebng n\u1ed3ng \u0111\u1ed9 m\u00f9i kh\u00e1c nhau trong nh\u00e0 b\u1ebfp.<\/li>\n<li>Khi m\u00e1y ma\u0301y hu\u0301t mu\u0300i Hafele\u00a0t\u1eaft, ch\u01b0\u01a1ng tr\u00ecnh s\u1ebd kh\u00f4ng ho\u1ea1t \u0111\u1ed9ng. Ch\u1ec9 khi b\u1eadt m\u00e1y, n\u00f3 m\u1edbi \u0111\u01b0\u1ee3c k\u00edch ho\u1ea1t. \u0110\u01b0\u1ee3c chi\u1ebfu s\u00e1ng b\u1eb1ng \u0111\u00e8n LED v\u00e0 trang b\u1ecb m\u1eb7t k\u00ednh si\u00eau s\u1ea1ch n\u00ean ngay c\u1ea3 khi kh\u00f4ng c\u00f3 th\u1eddi gian \u0111\u1ec3 l\u00e0m s\u1ea1ch: b\u1ea1n ch\u1ec9 c\u1ea7n \u0111\u00f3ng l\u1ea1i sau khi s\u1eed d\u1ee5ng v\u00e0 c\u00e1c ch\u1ea5t b\u1ea9n s\u1ebd b\u1ecb gi\u1eef l\u1ea1i b\u00ean trong.<\/li>\n<\/ul>\n<p><img title=\"may-hut-mui-hafele-539-86-053-02\" src=\"https:\/\/bepvuson.vn\/Data\/upload\/images\/may_hut_mui\/image(1).jpg\" alt=\"may-hut-mui-hafele-539-86-053-02\" \/><\/p>\n<p>S\u1ea3n ph\u1ea9m c\u00f3 gi\u00e1 c\u1ea3 kh\u00f4ng qu\u00e1 cao, ph\u00f9 h\u1ee3p v\u1edbi nhi\u1ec1u gia \u0111\u00ecnh Vi\u00ea\u0323t. N\u1ebfu gia \u0111\u00ecnh c\u00f3 kh\u00f4ng gian b\u1ebfp r\u1ed9ng v\u00e0 nhu c\u1ea7u n\u1ea5u n\u01b0\u1edbng cao th\u00ec m\u00e1y h\u00fat m\u00f9i Hafele 539.86.053\u00a0x\u1ee9ng \u0111\u00e1ng l\u00e0 s\u1ef1 l\u1ef1a ch\u1ecdn ho\u00e0n h\u1ea3o.<\/p>\n<\/div>\n<\/div>\n","protected":false},"excerpt":{"rendered":"<p>T\u1ed5ng quan chung M\u00e1y h\u00fat m\u00f9i Hafele DHI923GSG Ma\u0301y hu\u0301t mu\u0300i Hafele 539.86.053\u00a0mang \u0111\u1ebfn kh\u00f4ng gian n\u1ed5i b\u1eadt cho c\u0103n &hellip; <a class=\"link-more\" href=\"http:\/\/maudep.com.vn\/chuyengiadienmay\/?product=may-hut-mui-hafele-dhi923gsg\" class=\"more-link\">\u0110\u1ecdc th\u00eam &raquo;<span class=\"screen-reader-text\"> &#8220;M\u00e1y h\u00fat m\u00f9i Hafele DHI923GSG&#8221;<\/span><\/a><\/p>\n","protected":false},"featured_media":2414,"comment_status":"open","ping_status":"closed","template":"","meta":[],"_links":{"self":[{"href":"http:\/\/maudep.com.vn\/chuyengiadienmay\/index.php?rest_route=\/wp\/v2\/product\/2413"}],"collection":[{"href":"http:\/\/maudep.com.vn\/chuyengiadienmay\/index.php?rest_route=\/wp\/v2\/product"}],"about":[{"href":"http:\/\/maudep.com.vn\/chuyengiadienmay\/index.php?rest_route=\/wp\/v2\/types\/product"}],"replies":[{"embeddable":true,"href":"http:\/\/maudep.com.vn\/chuyengiadienmay\/index.php?rest_route=%2Fwp%2Fv2%2Fcomments&post=2413"}],"wp:featuredmedia":[{"embeddable":true,"href":"http:\/\/maudep.com.vn\/chuyengiadienmay\/index.php?rest_route=\/wp\/v2\/media\/2414"}],"wp:attachment":[{"href":"http:\/\/maudep.com.vn\/chuyengiadienmay\/index.php?rest_route=%2Fwp%2Fv2%2Fmedia&parent=2413"}],"curies":[{"name":"wp","href":"https:\/\/api.w.org\/{rel}","templated":true}]}}