{"id":2498,"date":"2019-01-07T17:54:40","date_gmt":"2019-01-07T10:54:40","guid":{"rendered":"http:\/\/maudep.com.vn\/chuyengiadienmay\/?post_type=product&#038;p=2498"},"modified":"2019-01-07T17:54:40","modified_gmt":"2019-01-07T10:54:40","slug":"may-hut-mui-ong-khoi-hafele-hh-wg90a","status":"publish","type":"product","link":"http:\/\/maudep.com.vn\/chuyengiadienmay\/?product=may-hut-mui-ong-khoi-hafele-hh-wg90a","title":{"rendered":"M\u00e1y h\u00fat m\u00f9i \u1ed1ng kh\u00f3i Hafele HH-WG90A"},"content":{"rendered":"<h3 class=\"title\">T\u1ed5ng quan chung M\u00e1y h\u00fat m\u00f9i \u1ed1ng kh\u00f3i Hafele HH-WIT90A<\/h3>\n<div class=\"article-content\">\n<div class=\"js-content\">\n<h2>Ma\u0301y hu\u0301t\u00a0m\u00f9i\u00a0\u00f4\u0301ng kho\u0301i\u00a0Hafele HH-WIT90A v\u1edbi nhi\u1ec1u ch\u1ee9c n\u0103ng m\u1edbi, thi\u1ebft k\u1ebf sang tr\u1ecdng ph\u00f9 h\u1ee3p cho kh\u00f4ng gian b\u1ebfp Vi\u1ec7t. V\u1ed1n l\u00e0 s\u1ea3n ph\u1ea9m c\u00f3 ngu\u1ed3n g\u1ed1c xu\u1ea5t x\u1ee9 ch\u00e2u \u00c2u n\u00ean b\u1ea1n c\u00f3 th\u1ec3 ho\u00e0n to\u00e0n y\u00ean t\u00e2m v\u1ec1 ch\u1ea5t l\u01b0\u1ee3ng s\u1ea3n ph\u1ea9m c\u0169ng nh\u01b0 ch\u00ednh s\u00e1ch b\u1ea3o h\u00e0nh, b\u1ea3o tr\u00ec ngay t\u1ea1i nh\u00e0, l\u00e0 s\u1ef1 l\u1ef1a ch\u1ecdn \u0111\u00fang \u0111\u1eafn c\u1ee7a c\u00e1c b\u00e0 n\u1ed9i tr\u1ee3 Vi\u1ec7t Nam.<\/h2>\n<h3>\u0110i\u00ea\u0300u gi\u0300 khi\u00ea\u0301n ng\u01b0\u01a1\u0300i n\u00f4\u0323i tr\u01a1\u0323 lu\u00f4n cho\u0323n Hafele HH-WIT90A<\/h3>\n<p>M\u00e1y h\u00fat m\u00f9i \u00f4\u0301ng kho\u0301i Hafele HH-WIT90A\u00a0c\u00f3 k\u00edch th\u01b0\u1edbc 90 cm c\u00f3 th\u1ec3 l\u1eafp \u0111\u1eb7t v\u1edbi nh\u1eefng kh\u00f4ng gian b\u1ebfp r\u1ed9ng v\u00e0 \u0111\u01b0\u1ee3c thi\u1ebft k\u1ebf theo phong c\u00e1ch hi\u1ec7n \u0111\u1ea1i. M\u00e1y s\u1eed d\u1ee5ng ch\u1ea5t li\u1ec7u ch\u00ednh l\u00e0 ch\u1ea5t li\u1ec7u Inox to\u00e0n ph\u1ea7n v\u00e0 k\u00ednh c\u01b0\u1eddng l\u1ef1c c\u00f3 th\u1ec3 d\u1ec5 d\u00e0ng v\u1ec7 sinh sau khi s\u1eed d\u1ee5ng.<\/p>\n<p><img title=\"may-hut-mui-ong-khoi-hafele-hh-wit90a\" src=\"https:\/\/bepvuson.vn\/Data\/upload\/images\/may_hut_mui\/1488597274_may-hut-mui019.png\" alt=\"may-hut-mui-ong-khoi-hafele-hh-wit90a\" \/><\/p>\n<ul>\n<li>M\u00e1y \u0111\u01b0\u1ee3c thi\u1ebft k\u1ebf v\u1edbi h\u1ec7 th\u1ed1ng h\u00fat x\u1ea3 tu\u1ea7n ho\u00e0n ho\u1eb7c th\u00f4ng gi\u00f3<\/li>\n<li>\u0110i\u1ec1u khi\u1ec3n c\u1ea3m \u1ee9ng, thi\u1ebft k\u1ebf v\u1edbi 3 t\u1ed1c \u0111\u1ed9 h\u00fat ti\u1ebft ki\u1ec7m \u0111i\u1ec7n<\/li>\n<li>\u0110\u1ed9 \u1ed3n: 61 dB<\/li>\n<li>Ph\u1ee5 ki\u1ec7n \u0111i k\u00e8m: than ho\u1ea1t t\u00ednh<\/li>\n<li>C\u00f4ng su\u1ea5t h\u00fat t\u1ed1i \u0111a c\u1ee7a m\u00e1y: HC4 (861 m3\/h)<\/li>\n<li>C\u00f4ng su\u1ea5t ti\u00eau th\u1ee5 c\u1ea3u m\u00e1y: 250W<\/li>\n<li>H\u00fat m\u00f9i \u0111\u01b0\u1ee3c thi\u1ebft k\u1ebf \u0111\u00e8n Halogen<\/li>\n<li>K\u00edch th\u01b0\u1edbc \u0111\u00e8n: 2 x 20W<\/li>\n<li>K\u00edch th\u01b0\u1edbc s\u1ea3n ph\u1ea9m: 900 x 480 x 690-1155 mm<\/li>\n<\/ul>\n<h3>Ma\u0301y hu\u0301t mu\u0300i Hafele HH-WIT90A co\u0301 nh\u01b0\u0303ng ti\u0301nh n\u0103ng gi\u0300?<\/h3>\n<p>L\u01b0\u1edbi l\u1ecdc c\u1ee7a s\u1ea3n ph\u1ea9m\u00a0M\u00e1y h\u00fat m\u00f9i Hafele HH-WIT90A lu\u00f4n mang l\u1ea1i hi\u1ec7u qu\u1ea3 l\u1ecdc tuy\u1ec7t \u0111\u1ed1i. L\u01b0\u1edbi l\u1ecdc b\u1ec1n ch\u1eafc c\u00f3 th\u1ec3 v\u1ec7 sinh b\u1eb1ng m\u00e1y r\u1eeda b\u00e1t \u0111\u1ecbnh k\u1ef3 nh\u01b0ng v\u1eabn s\u1eed d\u1ee5ng \u0111\u01b0\u1ee3c nhi\u1ec1u l\u1ea7n.<\/p>\n<p><img title=\"may-hut-mui-ong-khoi-hafele-hh-wit90a-01\" src=\"https:\/\/bepvuson.vn\/Data\/upload\/images\/may_hut_mui\/20170818-06081076.jpg\" alt=\"may-hut-mui-ong-khoi-hafele-hh-wit90a-01\" \/><\/p>\n<ul>\n<li>M\u00e1y h\u00fat m\u00f9i Fagor v\u1edbi giao di\u1ec7n thi\u1ebft k\u1ebf m\u1edbi c\u00f3 b\u1ea3ng \u0111i\u1ec1u khi\u1ec3n c\u1ea3m \u1ee9ng d\u1ec5 d\u00e0ng s\u1eed d\u1ee5ng, thu\u1eadn ti\u1ec7n cho \u0111i\u1ec1u ch\u1ec9nh, \u0111\u1ed9 b\u1ec1 cao. B\u1ea3ng \u0111i\u1ec1u khi\u1ec3n b\u1ec1 m\u1eb7t ph\u1eb3ng gi\u00fap lau ch\u00f9i d\u1ec5 d\u00e0ng h\u01a1n. Nh\u1edd ch\u1ee9c n\u0103ng \u0111i\u1ec1u ch\u1ec9nh \u0111\u1ed9 s\u00e1ng, b\u1ea1n c\u00f3 th\u1ec3 \u0111i\u1ec1u ch\u1ec9nh \u0111\u1ed9 s\u00e1ng c\u1ee7a m\u00e1y h\u00fat m\u00f9i \u0111\u1ec3 cung c\u1ea5p \u00e1nh s\u00e1ng cho nh\u00e0 b\u1ebfp.<\/li>\n<li>Sau khi k\u00edch ho\u1ea1t, c\u01b0\u1eddng \u0111\u1ed9 \u00e1nh s\u00e1ng s\u1ebd t\u0103ng d\u1ea7n \u0111\u1ebfn khi \u0111\u1ea1t t\u1ed1i \u0111a. \u0110i\u1ec1u n\u00e0y khi\u1ebfn m\u1eaft ch\u00ednh ta c\u1ea3m th\u1ea5y tho\u1ea3i m\u00e1i h\u01a1n khi di chuy\u1ec3n t\u1eeb v\u00f9ng t\u1ed1i sang v\u00f9ng s\u00e1ng xung quanh. C\u01b0\u1eddng \u0111\u1ed9 \u00e1nh s\u00e1ng c\u00f3 th\u1ec3 \u0111\u01b0\u1ee3c c\u00e0i \u0111\u1eb7t \u0111\u1ec3 ch\u1ec9 chi\u1ebfu s\u00e1ng trang tr\u00ed nh\u1eb9 cho m\u00e1y h\u00fat m\u00f9i nh\u1eb1m th\u1eafp s\u00e1ng khu v\u1ef1c n\u1ea5u \u0103n, t\u00f9y theo nhu c\u1ea7u c\u1ee7a m\u1ed7i gia \u0111\u00ecnh.<\/li>\n<li>Khi b\u1ea1n s\u1edf h\u1eefu d\u00f2ng s\u1ea3n ph\u1ea9m m\u00e1y h\u00fat m\u00f9i Hafele HH-WIT90A\u00a0b\u1ea1n s\u1ebd kh\u00f4ng c\u1ea7n ph\u1ea3i b\u01b0\u1edbc ra ngo\u00e0i \u0111\u1ec3 c\u00f3 kh\u00f4ng kh\u00ed trong l\u00e0nh. M\u00e1y ho\u1ea1t \u0111\u1ed9ng \u0111\u1ea1t hi\u1ec7u qu\u1ea3, th\u00f4ng gi\u00f3 t\u1ed1t, b\u1ea1n c\u00f3 th\u1ec3 l\u00e0m s\u1ea1ch kh\u00f4ng kh\u00ed m\u1ed9t c\u00e1ch nhanh ch\u00f3ng. M\u00e1y h\u00fat m\u00f9i\u00a0c\u00f3 kh\u1ea3 n\u0103ng h\u00fat x\u1ea3 l\u00ean \u0111\u1ebfn 861m3\/h, ch\u00fang s\u1ebd nhanh ch\u00f3ng lo\u1ea1i b\u1ecf h\u01a1i n\u01b0\u1edbc, m\u00f9i h\u00f4i, d\u1ea7u m\u1ee1 v\u00e0 kh\u00f3i t\u1ea1o ra trong khi n\u1ea5u n\u01b0\u1edbng.<\/li>\n<\/ul>\n<p><img title=\"may-hut-mui-ong-khoi-hafele-hh-wit90a-02\" src=\"https:\/\/bepvuson.vn\/Data\/upload\/images\/may_hut_mui\/725-18.jpg\" alt=\"may-hut-mui-ong-khoi-hafele-hh-wit90a-02\" \/><\/p>\n<p>S\u1ea3n ph\u1ea9m c\u00f3 gi\u00e1 c\u1ea3 kh\u00f4ng qu\u00e1 cao, ph\u00f9 h\u1ee3p v\u1edbi nhi\u1ec1u gia \u0111\u00ecnh Vi\u00ea\u0323t. N\u1ebfu gia \u0111\u00ecnh c\u00f3 kh\u00f4ng gian b\u1ebfp r\u1ed9ng v\u00e0 nhu c\u1ea7u n\u1ea5u n\u01b0\u1edbng cao th\u00ec m\u00e1y h\u00fat m\u00f9i \u00f4\u0301ng kho\u0301i Hafele HH-WIT90A\u00a0 x\u1ee9ng \u0111\u00e1ng l\u00e0 s\u1ef1 l\u1ef1a ch\u1ecdn ho\u00e0n h\u1ea3o.<\/p>\n<\/div>\n<\/div>\n","protected":false},"excerpt":{"rendered":"<p>T\u1ed5ng quan chung M\u00e1y h\u00fat m\u00f9i \u1ed1ng kh\u00f3i Hafele HH-WIT90A Ma\u0301y hu\u0301t\u00a0m\u00f9i\u00a0\u00f4\u0301ng kho\u0301i\u00a0Hafele HH-WIT90A v\u1edbi nhi\u1ec1u ch\u1ee9c n\u0103ng m\u1edbi, thi\u1ebft &hellip; <a class=\"link-more\" href=\"http:\/\/maudep.com.vn\/chuyengiadienmay\/?product=may-hut-mui-ong-khoi-hafele-hh-wg90a\" class=\"more-link\">\u0110\u1ecdc th\u00eam &raquo;<span class=\"screen-reader-text\"> &#8220;M\u00e1y h\u00fat m\u00f9i \u1ed1ng kh\u00f3i Hafele HH-WG90A&#8221;<\/span><\/a><\/p>\n","protected":false},"featured_media":2499,"comment_status":"open","ping_status":"closed","template":"","meta":[],"_links":{"self":[{"href":"http:\/\/maudep.com.vn\/chuyengiadienmay\/index.php?rest_route=\/wp\/v2\/product\/2498"}],"collection":[{"href":"http:\/\/maudep.com.vn\/chuyengiadienmay\/index.php?rest_route=\/wp\/v2\/product"}],"about":[{"href":"http:\/\/maudep.com.vn\/chuyengiadienmay\/index.php?rest_route=\/wp\/v2\/types\/product"}],"replies":[{"embeddable":true,"href":"http:\/\/maudep.com.vn\/chuyengiadienmay\/index.php?rest_route=%2Fwp%2Fv2%2Fcomments&post=2498"}],"wp:featuredmedia":[{"embeddable":true,"href":"http:\/\/maudep.com.vn\/chuyengiadienmay\/index.php?rest_route=\/wp\/v2\/media\/2499"}],"wp:attachment":[{"href":"http:\/\/maudep.com.vn\/chuyengiadienmay\/index.php?rest_route=%2Fwp%2Fv2%2Fmedia&parent=2498"}],"curies":[{"name":"wp","href":"https:\/\/api.w.org\/{rel}","templated":true}]}}