{"id":2519,"date":"2019-01-08T09:56:24","date_gmt":"2019-01-08T02:56:24","guid":{"rendered":"http:\/\/maudep.com.vn\/chuyengiadienmay\/?post_type=product&#038;p=2519"},"modified":"2019-01-15T17:34:21","modified_gmt":"2019-01-15T10:34:21","slug":"lo-nuong-bosch-hmh-hba534bs0a","status":"publish","type":"product","link":"http:\/\/maudep.com.vn\/chuyengiadienmay\/?product=lo-nuong-bosch-hmh-hba534bs0a","title":{"rendered":"L\u00f2 N\u01b0\u1edbng BOSCH HMH HBA534BS0A"},"content":{"rendered":"<h3 class=\"title\">T\u1ed5ng quan chung L\u00f2 N\u01b0\u1edbng BOSCH HMH HBA534BS0A<\/h3>\n<div class=\"article-content\">\n<div class=\"js-content\">\n<h2>L\u00f2 n\u01b0\u1edbng Bosch HMH HBA534BS0A la\u0300 da\u0323ng lo\u0300 n\u01b0\u01a1\u0301ng\u00a0\u00e2m t\u1ee7 thu\u00f4\u0323c series 4\u00a0th\u01b0\u01a1ng hi\u00ea\u0323u Bosch, sa\u0309n ph\u00e2\u0309m \u0111\u01b0\u01a1\u0323c trang bi\u0323 c\u01b0\u0309a ki\u0301nh ca\u0301ch nhi\u00ea\u0323t an toa\u0300n,\u00a0khoang l\u00f2 r\u1ed9ng, nhi\u1ec1u ch\u1ee9c n\u0103ng n\u01b0\u1edbng \u0111\u1ec3 ph\u00f9 h\u1ee3p v\u1edbi ri\u00eang t\u1eebng lo\u1ea1i th\u1ef1c ph\u1ea9m. Thi\u00ea\u0301t bi\u0323 co\u0301 gia\u0301 ca\u0309 pha\u0309i ch\u0103ng phu\u0300 h\u01a1\u0323p v\u01a1\u0301i \u0111a s\u00f4\u0301 ph\u00e2n khu\u0301c gia \u0111i\u0300nh Vi\u00ea\u0323t.<\/h2>\n<h3><strong>Lo\u0300 n\u01b0\u01a1\u0301ng HMH HBA534BS0A co\u0301 ch\u01b0\u0301c n\u0103ng n\u01b0\u01a1\u0301ng gi\u0300?<\/strong><\/h3>\n<p>Kh\u00f4ng chi\u0309 ri\u00eang\u00a0<strong>l\u00f2 n\u01b0\u1edbng Bosch HMH HBA54BS0A<\/strong>\u00a0ma\u0300 t\u00e2\u0301t ca\u0309 ca\u0301c sa\u0309n ph\u00e2\u0309m lo\u0300 n\u01b0\u01a1\u0301ng cu\u0309a Bosch \u0111\u00ea\u0300u co\u0301 h\u00ea\u0323 th\u00f4\u0301ng \u0111i\u00ea\u0300u khi\u00ea\u0309n nhi\u00ea\u0323t \u0111\u00f4\u0323 \u0111i\u00ea\u0323n t\u01b0\u0309 giu\u0301p ki\u00ea\u0309m soa\u0301t hoa\u0300n ha\u0309o qua\u0301 tri\u0300nh n\u00e2\u0301u \u0103n, v\u01a1\u0301i 7 ph\u01b0\u01a1ng pha\u0301p n\u01b0\u01a1\u0301ng nh\u01b0<\/p>\n<p><img title=\"lo-nuong-bosch-hmh-hba534bs0a\" src=\"https:\/\/bepvuson.vn\/Data\/upload\/images\/lo%CC%80%20n%C6%B0%C6%A1%CC%81ng\/MCSA02286920_HBA534BS0_FullSize_Bosch_PGA1_EOX5_def.jpg\" alt=\"lo-nuong-bosch-hmh-hba534bs0a\" \/><\/p>\n<ul>\n<li><em>N\u01b0\u1edbng kh\u00ed n\u00f3ng \u0111a chi\u1ec1u (3D Hot Air)<\/em><\/li>\n<li><em>N\u01b0\u1edbng nhi\u1ec7t tr\u00ean d\u01b0\u1edbi (Top\/bottom heat)<\/em><\/li>\n<li><em>N\u01b0\u1edbng kh\u00f4ng kh\u00ed n\u00f3ng (Hot Air grilling)<\/em><\/li>\n<li><em>N\u01b0\u1edbng kh\u00f4ng kh\u00ed n\u00f3ng theo chi\u1ec1u r\u1ed9ng (Full width grill)<\/em><\/li>\n<li><em>Ch\u1ebf \u0111\u1ed9 n\u01b0\u1edbng Pizza (Setting pizza)<\/em><\/li>\n<li><em>Ch\u1ebf \u0111\u1ed9 n\u01b0\u1edbng nhi\u1ec7t d\u01b0\u1edbi (bottom heat)<\/em><\/li>\n<li><em>Kh\u00ed n\u00f3ng (Hotair Gentle)<\/em><\/li>\n<\/ul>\n<h3><strong>Sa\u0309n ph\u00e2\u0309m\u00a0lo\u0300 n\u01b0\u01a1\u0301ng HMH HBA534BS0A co\u0301 \u0111\u00f4\u0323 b\u00ea\u0300n cao<\/strong><\/h3>\n<p>\u0110i\u00ea\u0300u kh\u00f4ng th\u00ea\u0309 bo\u0309 qua khi no\u0301i \u0111\u00ea\u0301n\u00a0<strong>l\u00f2 n\u01b0\u1edbng Bosch HMH HBA534BS0A<\/strong>\u00a0la\u0300 thi\u00ea\u0301t bi\u0323 na\u0300y co\u0301 \u0111\u00f4\u0323 b\u00ea\u0300n r\u00e2\u0301t cao, s\u01b0\u0309 du\u0323ng co\u0301 th\u00ea\u0309 l\u00ean \u0111\u00ea\u0301n va\u0300i chu\u0323c n\u0103m tu\u0300y theo m\u01b0\u0301c \u0111\u00f4\u0323 s\u01b0\u0309 du\u0323ng.<\/p>\n<p><img title=\"lo-nuong-bosch-hmh-hba534bs0a-01\" src=\"https:\/\/bepvuson.vn\/Data\/upload\/images\/lo%CC%80%20n%C6%B0%C6%A1%CC%81ng\/lo-nuong-bosch-hbn231e2.jpg\" alt=\"lo-nuong-bosch-hmh-hba534bs0a-01\" \/><\/p>\n<ul>\n<li><em>V\u1edbi ch\u1ea5t li\u1ec7u inox to\u00e0n ph\u1ea7n, lo\u0300 n\u01b0\u01a1\u0301ng Bosch\u00a0khi\u1ebfn cho c\u0103n b\u1ebfp c\u1ee7a b\u1ea1n c\u00e0ng tr\u1edf n\u00ean sang tr\u1ecdng v\u00e0 sang b\u00f3ng h\u01a1n, c\u1ed9ng th\u00eam d\u1ec5 d\u00e0ng v\u1ec7 sinh l\u00e0m cho \u0111\u1ed9 b\u1ec1n c\u1ee7a l\u00f2 tr\u1edf n\u00ean t\u1ed1t h\u01a1n, s\u1eed d\u1ee5ng l\u00e2u h\u01a1n.<\/em><\/li>\n<li><em>Kh\u00f4ng gian b\u00ean trong l\u00f2 n\u01b0\u1edbng \u0111\u01b0\u1ee3c ph\u1ee7 m\u1ed9t l\u1edbp men cao c\u1ea5p EcoClean, r\u1ea5t m\u1ecbn v\u00e0 kh\u00f4ng th\u1ea5m n\u01b0\u1edbc gi\u00fap cho nhi\u1ec7t \u0111\u01b0\u1ee3c t\u1eadp trung v\u00e0o trung t\u00e2m khoang n\u01b0\u1edbng ch\u1ee9 kh\u00f4ng b\u1ecb h\u1ea5p thu v\u00e0o v\u1ec9 n\u01b0\u1edbng v\u00e0 khay n\u01b0\u1edbng.<\/em><\/li>\n<li><em>V\u1edbi dung t\u00edch s\u1eed d\u1ee5ng l\u00ean t\u1edbi 71\u00a0l\u00edt, l\u00f2 n\u01b0\u1edbng HMH HBA534BS0A\u00a0l\u00e0 m\u1ed9t trong nh\u1eefng l\u00f2 c\u00f3 dung t\u00edch l\u1edbn nh\u1ea5t tr\u00ean th\u1ecb tr\u01b0\u1eddng, d\u1ec5 d\u00e0ng \u0111\u1eb7t v\u1eeba 1 con g\u00e0 t\u00e2y n\u1eb7ng 7 kg.<\/em><\/li>\n<li><em>M\u1eb7c d\u00f9 c\u00f3 dung t\u00edch r\u1ea5t l\u1edbn nh\u01b0ng\u00a0l\u00f2 n\u01b0\u1edbng Bosch\u00a0lu\u00f4n t\u1ef1 h\u00e0o \u0111\u01b0\u1ee3c \u0111\u00e1nh gi\u00e1 n\u1eb1m trong nh\u00f3m n\u0103ng l\u01b0\u1ee3ng h\u1ea1ng A, v\u00e0 l\u00e0 m\u1ed9t trong nh\u1eefng l\u00f2 n\u01b0\u1edbng c\u00f3 hi\u1ec7u qu\u1ea3 s\u1eed d\u1ee5ng n\u0103ng l\u01b0\u1ee3ng t\u1ed1t nh\u1ea5t tr\u00ean th\u1ecb tr\u01b0\u1eddng.<\/em><\/li>\n<li><em>Lo\u0300 n\u01b0\u01a1\u0301ng Bosch \u0111\u01b0\u1ee3c thi\u1ebft k\u1ebf m\u1ed9t c\u00e1ch kh\u00e9o l\u00e9o v\u1edbi d\u1ea1ng k\u00e9o, c\u1ef1c d\u1ec5 d\u00e0ng trong vi\u1ec7c l\u1ea5y th\u1ee9c \u0103n ra kh\u1ecfi thi\u1ebft b\u1ecb. \u0110\u1eb7c bi\u1ec7t, v\u1edbi thi\u1ebft k\u1ebf n\u00e0y kh\u1ea3 n\u0103ng b\u1ecb b\u1ecfng c\u1ee7a ng\u01b0\u1eddi s\u1eed d\u1ee5ng \u0111\u00e3 \u0111\u01b0\u1ee3c gi\u1ea3m xu\u1ed1ng m\u1ee9c th\u1ea5p nh\u1ea5t c\u00f3 th\u1ec3.<\/em><\/li>\n<\/ul>\n<h3><strong>Th\u00f4ng tin chi ti\u00ea\u0301t sa\u0309n ph\u00e2\u0309m lo\u0300 n\u01b0\u01a1\u0301ng HMH HBA534BS0A<\/strong><\/h3>\n<p>Ba\u0323n v\u00e2\u0303n co\u0300n \u0111ang ph\u00e2n v\u00e2n co\u0301 n\u00ean mua\u00a0<strong>lo\u0300 n\u01b0\u01a1\u0301ng Bosch HMH HBA534BS0A<\/strong>? Nh\u01b0\u0303ng th\u00f4ng tin d\u01b0\u01a1\u0301i \u0111\u00e2y \u0111a\u0309m ba\u0309o se\u0303 khi\u00ea\u0301n ba\u0323n pha\u0309i &#8221; s\u0103\u0301m &#8221; ngay m\u00f4\u0323t chi\u00ea\u0301c lo\u0300 n\u01b0\u01a1\u0301ng na\u0300y v\u00ea\u0300 gian b\u00ea\u0301p nha\u0300 ba\u0323n.<\/p>\n<p><img title=\"lo-nuong-bosch-hmh-hba534bs0a-02\" src=\"https:\/\/bepvuson.vn\/Data\/upload\/images\/lo%CC%80%20n%C6%B0%C6%A1%CC%81ng\/MCSA02289637_405_HBA533BS0_FullSizeOven_Bosch_PGA2_def.jpg\" alt=\"lo-nuong-bosch-hmh-hba534bs0a-02\" \/><\/p>\n<ul>\n<li><em>Kho\u1ea3ng nhi\u1ec7t \u0111\u1ed9 c\u1ee7a L\u00f2 n\u01b0\u1edbng Bosch HBA534BS0A l\u00e0: 50\u00b0C -275\u00b0C<\/em><\/li>\n<li><em>Th\u1ec3 t\u00edch c\u1ee7a l\u00f2 : 71 l\u00edt<\/em><\/li>\n<li><em>\u0110i\u1ec1u ki\u1ec3n d\u1ea1ng n\u00fam v\u1eb7n (Pop-up)<\/em><\/li>\n<li><em>B\u1ec1 m\u1eb7t b\u00ean trong: d\u1ea1ng nh\u00e1m (Enamel anthracite)<\/em><\/li>\n<li><em>Ch\u1ee9c n\u0103ng t\u1ef1 l\u00e0m s\u1ea1ch c\u1ee7a L\u00f2 n\u01b0\u1edbng Bosch HBA534BS0A<\/em><\/li>\n<li><em>Ch\u1eafc n\u0103ng t\u1ef1 v\u1ec7 sinh trong l\u00f2 \u0111\u1ed1i v\u1edbi v\u00e1ch sau: Ecolyse<\/em><\/li>\n<li><em>B\u1ea3n l\u1ec1 c\u1eeda \u1edf ph\u00eda d\u01b0\u1edbi c\u00f3 ch\u1ee9c n\u0103ng \u0111\u00f3ng \u00eam<\/em><\/li>\n<li><em>\u0110\u1ed3ng h\u1ed3 hi\u1ec3n th\u1ecb v\u1edbi b\u1ed9 \u0111\u1ebfm th\u1eddi gian<\/em><\/li>\n<li><em>\u0110\u00e8n chi\u1ebfu s\u00e1ng t\u1ef1 \u0111\u1ed9ng b\u00ean trong l\u00f2 n\u01b0\u1edbng<\/em><\/li>\n<li><em>L\u00f2 n\u01b0\u1edbng Bosch HBA534BS0A c\u00f3 qu\u1ea1t t\u1ea3n nhi\u1ec7t<\/em><\/li>\n<li><em>L\u00f2\u00a0g\u1ed3m h\u1ec7 th\u1ed1ng hai t\u1ea7ng ray m\u1edf to\u00e0n ph\u1ea7n<\/em><\/li>\n<\/ul>\n<p><em>\u200b<\/em>S\u1ea3n ph\u1ea9m c\u00f3 gi\u00e1 c\u1ea3 kh\u00f4ng qu\u00e1 cao, ph\u00f9 h\u1ee3p v\u1edbi nhi\u1ec1u gia \u0111\u00ecnh Vi\u00ea\u0323t. N\u1ebfu gia \u0111\u00ecnh c\u00f3 kh\u00f4ng gian b\u1ebfp r\u1ed9ng v\u00e0 nhu c\u1ea7u n\u1ea5u n\u01b0\u1edbng cao th\u00ec\u00a0<strong>lo\u0300 n\u01b0\u01a1\u0301ng Bosch HMH HBA534BS0A<\/strong>\u00a0x\u1ee9ng \u0111\u00e1ng l\u00e0 s\u1ef1 l\u1ef1a ch\u1ecdn ho\u00e0n h\u1ea3o.<\/p>\n<\/div>\n<\/div>\n","protected":false},"excerpt":{"rendered":"<p>T\u1ed5ng quan chung L\u00f2 N\u01b0\u1edbng BOSCH HMH HBA534BS0A L\u00f2 n\u01b0\u1edbng Bosch HMH HBA534BS0A la\u0300 da\u0323ng lo\u0300 n\u01b0\u01a1\u0301ng\u00a0\u00e2m t\u1ee7 thu\u00f4\u0323c series &hellip; <a class=\"link-more\" href=\"http:\/\/maudep.com.vn\/chuyengiadienmay\/?product=lo-nuong-bosch-hmh-hba534bs0a\" class=\"more-link\">\u0110\u1ecdc th\u00eam &raquo;<span class=\"screen-reader-text\"> &#8220;L\u00f2 N\u01b0\u1edbng BOSCH HMH HBA534BS0A&#8221;<\/span><\/a><\/p>\n","protected":false},"featured_media":2520,"comment_status":"open","ping_status":"closed","template":"","meta":[],"_links":{"self":[{"href":"http:\/\/maudep.com.vn\/chuyengiadienmay\/index.php?rest_route=\/wp\/v2\/product\/2519"}],"collection":[{"href":"http:\/\/maudep.com.vn\/chuyengiadienmay\/index.php?rest_route=\/wp\/v2\/product"}],"about":[{"href":"http:\/\/maudep.com.vn\/chuyengiadienmay\/index.php?rest_route=\/wp\/v2\/types\/product"}],"replies":[{"embeddable":true,"href":"http:\/\/maudep.com.vn\/chuyengiadienmay\/index.php?rest_route=%2Fwp%2Fv2%2Fcomments&post=2519"}],"wp:featuredmedia":[{"embeddable":true,"href":"http:\/\/maudep.com.vn\/chuyengiadienmay\/index.php?rest_route=\/wp\/v2\/media\/2520"}],"wp:attachment":[{"href":"http:\/\/maudep.com.vn\/chuyengiadienmay\/index.php?rest_route=%2Fwp%2Fv2%2Fmedia&parent=2519"}],"curies":[{"name":"wp","href":"https:\/\/api.w.org\/{rel}","templated":true}]}}