{"id":2532,"date":"2019-01-08T10:24:16","date_gmt":"2019-01-08T03:24:16","guid":{"rendered":"http:\/\/maudep.com.vn\/chuyengiadienmay\/?post_type=product&#038;p=2532"},"modified":"2019-01-15T17:36:41","modified_gmt":"2019-01-15T10:36:41","slug":"lo-nuong-bosch-zelmer-zeo32c3151","status":"publish","type":"product","link":"http:\/\/maudep.com.vn\/chuyengiadienmay\/?product=lo-nuong-bosch-zelmer-zeo32c3151","title":{"rendered":"L\u00f2 n\u01b0\u1edbng Bosch Zelmer ZEO32C3151"},"content":{"rendered":"<h3 class=\"title\">T\u1ed5ng quan chung L\u00f2 n\u01b0\u1edbng Bosch Zelmer ZEO32C3151<\/h3>\n<div class=\"article-content\">\n<div class=\"js-content\">\n<h2>Lo\u0300 n\u01b0\u01a1\u0301ng Bosch\u00a0Zelmer ZEO32C3151 v\u01a1\u0301i\u00a0thi\u1ebft k\u1ebf ki\u1ec3u c\u1ed5 \u0111i\u1ec3n l\u1eafp \u00e2m mang phong c\u00e1ch ch\u00e2u \u00c2u, m\u00e0u s\u1eafc sang tr\u1ecdng hi\u1ec7n \u0111\u1ea1i v\u1edbi 6 ch\u1ee9c n\u0103ng n\u01b0\u1edbng gi\u00fap c\u00e1c b\u00e0 n\u1ed9i tr\u1ee3 tho\u1ea3i m\u00e1i l\u1ef1a ch\u1ecdn \u0111\u1ec3 ph\u1ee5c v\u1ee5 nh\u1eefng b\u1eefa \u0103n ngon cho gia \u0111\u00ecnh. Khoang l\u00f2 tr\u00e1ng l\u1edbp men gi\u00fap l\u00e0m s\u1ea1ch d\u1ec5 d\u00e0ng, ti\u00ea\u0301t ki\u00ea\u0323m th\u01a1\u0300i gian.<\/h2>\n<h3><strong>Lo\u0300 n\u01b0\u01a1\u0301ng ZEO32C3151 giu\u0301p c\u00f4ng ta\u0301c n\u00e2\u0301u \u0103n d\u00ea\u0303 da\u0300ng h\u01a1n<\/strong><\/h3>\n<p>D\u1ec5 d\u00e0ng thao t\u00e1c \u0111\u00e2y l\u00e0 \u01b0u \u0111i\u1ec3m ch\u00ednh c\u1ee7a\u00a0<strong>\u00a0l\u00f2 n\u01b0\u1edbng Bosch Zelmer\u00a0ZEO32C3151<\/strong>. B\u1ea1n ch\u1ec9 ph\u1ea3i m\u1ea5t t\u1eeb 10 \u0111\u1ebfn 15 ph\u00fat l\u00e0 nhi\u1ec7t \u0111\u1ed9 trong l\u00f2 \u0111\u00e3 n\u00f3ng l\u00ean v\u00e0 duy tr\u00ec \u1edf m\u1ee9c \u1ed5n \u0111\u1ecbnh, do \u0111\u00f3, th\u1ee9c \u0103n b\u00ean trong c\u00f3 th\u1ec3 \u0111\u01b0\u1ee3c n\u01b0\u1edbng ch\u00edn m\u1ed9t c\u00e1ch ho\u00e0n h\u1ea3o.<\/p>\n<p><img title=\"lo-nuong-bosch-zelmer-zeo32c3151\" src=\"https:\/\/bepvuson.vn\/Data\/upload\/images\/lo%CC%80%20n%C6%B0%C6%A1%CC%81ng\/lo-nuong-am-tu-mua-o-dau.jpg\" alt=\"lo-nuong-bosch-zelmer-zeo32c3151\" \/><\/p>\n<ul>\n<li><em>Lo\u0300 n\u01b0\u01a1\u0301ng Bosch trang bi\u0323\u00a0\u0111i\u1ec1u khi\u1ec3n c\u01a1 \u0111\u1ec3 b\u1ea1n d\u1ec5 d\u00e0ng c\u00e0i \u0111\u1eb7t nhi\u1ec1u ch\u1ebf \u0111\u1ed9 nhi\u1ec7t trong qu\u00e1 tr\u00ecnh n\u1ea5u n\u01b0\u1edbng. Thi\u1ebft b\u1ecb n\u00e0y r\u1ea5t ti\u1ec7n d\u1ee5ng \u0111\u1ed1i v\u1edbi nh\u1eefng ng\u01b0\u1eddi b\u1eadn r\u1ed9n, b\u1ea1n ch\u1ec9 c\u1ea7n m\u1ea5t th\u1eddi gian ch\u01b0a \u0111\u1ebfn m\u1ed9t ti\u1ebfng \u0111\u1ec3 chu\u1ea9n b\u1ecb b\u1eefa \u0103n cho gia \u0111\u00ecnh<\/em><\/li>\n<li><em>C\u00f3 6 ch\u1ee9c n\u0103ng n\u01b0\u1edbng ti\u1ec7n l\u1ee3i an to\u00e0n l\u00f2 n\u01b0\u1edbng Bosch\u00a0ho\u1ea1t \u0111\u1ed9ng \u1edf m\u1ee9c nhi\u1ec7t \u0111\u1ed9 cao v\u00e0 \u1ed5n \u0111\u1ecbnh n\u00ean c\u00e1c m\u00f3n n\u01b0\u1edbng \u0111\u01b0\u1ee3c ch\u00edn v\u00e0ng \u0111\u1ec1u v\u00e0 ngon.<\/em><\/li>\n<li><em>Lo\u0300 n\u01b0\u01a1\u0301ng\u00a0Bosch \u0111a d\u1ea1ng ch\u1ee9c n\u0103ng n\u01b0\u1edbng n\u00ean b\u1ea1n c\u00f3 th\u1ec3 ch\u1ebf bi\u1ebfn \u0111\u01b0\u1ee3c r\u1ea5t nhi\u1ec1u m\u00f3n n\u01b0\u1edbng c\u0169ng nh\u01b0 c\u00e1c m\u00f3n b\u00e1nh ng\u1ecdt y\u00eau th\u00edch cho gia \u0111\u00ecnh.<\/em><\/li>\n<li><em>Que c\u1ea3m bi\u1ebfn th\u00f4ng minh cu\u0309a lo\u0300 n\u01b0\u01a1\u0301ng\u00a0gi\u00fap b\u1ea1n n\u1ea5u ngon nh\u01b0 mong mu\u1ed1n, tr\u00e1nh t\u00ecnh tr\u1ea1ng m\u00f3n \u0103n c\u00f2n s\u1ed1ng hay qu\u00e1 ch\u00edn.<\/em><\/li>\n<\/ul>\n<p><em>\u200b<img title=\"lo-nuong-bosch-zelmer-zeo32c3151-01\" src=\"https:\/\/bepvuson.vn\/Data\/upload\/images\/lo%CC%80%20n%C6%B0%C6%A1%CC%81ng\/lo-nuong-Bosch-eur0cook.jpg\" alt=\"lo-nuong-bosch-zelmer-zeo32c3151-01\" \/><\/em><\/p>\n<h3><strong>Lo\u0300 n\u01b0\u01a1\u0301ng Bosch ZEO32C3151 giu\u0301p n\u00e2\u0301u \u0103n linh hoa\u0323t<\/strong><\/h3>\n<p>V\u01a1\u0301i ca\u0301c ch\u00ea\u0301 \u0111\u00f4\u0323 la\u0300m ba\u0301nh, n\u01b0\u01a1\u0301ng va\u0300 quay thi\u0323t cu\u0309a\u00a0<strong>l\u00f2 n\u01b0\u1edbng Bosch Zelmer ZEO32C3151<\/strong>, ba\u0323n co\u0301 th\u00ea\u0309 tha h\u00f4\u0300 chi\u00eau \u0111a\u0303i ba\u0323n be\u0300 va\u0300 gia \u0111i\u0300nh v\u01a1\u0301i nh\u01b0\u0303ng mo\u0301n ngon tuy\u00ea\u0323t ha\u0309o ngay ta\u0323i nha\u0300.<\/p>\n<p><img title=\"lo-nuong-bosch-zelmer-zeo32c3151-02\" src=\"https:\/\/bepvuson.vn\/Data\/upload\/images\/lo%CC%80%20n%C6%B0%C6%A1%CC%81ng\/lo-nuong-am-tu(1).jpg\" alt=\"lo-nuong-bosch-zelmer-zeo32c3151-02\" \/><\/p>\n<ul>\n<li><em>Nh\u01a1\u0300 qua\u0323t \u0111\u00f4\u0301i l\u01b0u \u0111\u01b0\u01a1\u0323c l\u0103\u0301p \u0111\u0103\u0323t trong lo\u0300 n\u01b0\u01a1\u0301ng Bosch , nhi\u00ea\u0323t l\u01b0\u01a1\u0323ng \u0111\u01b0\u01a1\u0323c to\u0309a \u0111\u00ea\u0300u kh\u0103\u0301p khoang lo\u0300 giu\u0301p th\u01b0\u0323c ph\u00e2\u0309m \u01a1\u0309 mo\u0323i n\u01a1i trong lo\u0300 chi\u0301n \u0111\u00ea\u0300u va\u0300 th\u01a1m ngon nh\u01b0 ba\u0323n mong mu\u00f4\u0301n.<\/em><\/li>\n<li><em>Lo\u0300 n\u01b0\u01a1\u0301ng Bosch\u00a0mang \u0111\u1ebfn m\u00f3n \u0103n ho\u00e0n h\u1ea3o m\u1ed7i l\u1ea7n n\u01b0\u1edbng v\u1edbi ch\u1ee9c n\u0103ng n\u01b0\u1edbng k\u1ebft h\u1ee3p h\u01a1i n\u01b0\u1edbc PlusSteam gi\u00fap cho th\u1ef1c ph\u1ea9m ch\u00edn \u0111\u1ec1u, v\u00e0ng ru\u1ed9m \u1edf b\u00ean ngo\u00e0i, \u0111\u1ed3ng th\u1eddi gi\u1eef \u0111\u01b0\u1ee3c v\u1ecb th\u01a1m ngon, m\u1ec1m m\u1ecbn \u1edf b\u00ean trong.<\/em><\/li>\n<li><em>Sau khi l\u00f2 n\u01b0\u1edbng Bosch \u0111\u00e3 \u0111\u01b0\u1ee3c t\u1eaft, m\u1ed9t b\u1ed9 c\u1ea3m bi\u1ebfn nhi\u1ec7t v\u1eabn gi\u1eef cho qu\u1ea1t ti\u1ebfp t\u1ee5c ho\u1ea1t \u0111\u1ed9ng cho \u0111\u1ebfn khi nhi\u1ec7t \u0111\u1ed9 l\u00f2 n\u01b0\u1edbng gi\u1ea3m xu\u1ed1ng d\u01b0\u1edbi 60\u2070C (DC+). B\u1eb1ng vi\u1ec7c gi\u1ea3m nhi\u1ec7t \u0111\u1ed9 c\u1ee7a v\u00e1ch l\u00f2 v\u00e0 c\u1eeda l\u00f2 xu\u1ed1ng, DynamiCooling c\u1ea3i thi\u1ec7n m\u1ed9t c\u00e1ch \u0111\u00e1ng k\u1ec3 s\u1ef1 an to\u00e0n trong vi\u1ec7c s\u1eed d\u1ee5ng l\u00f2 n\u01b0\u1edbng.<\/em><\/li>\n<\/ul>\n<p>S\u1ea3n ph\u1ea9m c\u00f3 gi\u00e1 c\u1ea3 kh\u00f4ng qu\u00e1 cao, ph\u00f9 h\u1ee3p v\u1edbi nhi\u1ec1u gia \u0111\u00ecnh Vi\u00ea\u0323t. N\u1ebfu gia \u0111\u00ecnh c\u00f3 kh\u00f4ng gian b\u1ebfp r\u1ed9ng v\u00e0 nhu c\u1ea7u n\u1ea5u n\u01b0\u1edbng cao th\u00ec\u00a0<strong>lo\u0300 n\u01b0\u01a1\u0301ng Bosch Zelmer ZEO32C3151<\/strong>\u00a0x\u1ee9ng \u0111\u00e1ng l\u00e0 s\u1ef1 l\u1ef1a ch\u1ecdn ho\u00e0n<\/p>\n<\/div>\n<\/div>\n","protected":false},"excerpt":{"rendered":"<p>T\u1ed5ng quan chung L\u00f2 n\u01b0\u1edbng Bosch Zelmer ZEO32C3151 Lo\u0300 n\u01b0\u01a1\u0301ng Bosch\u00a0Zelmer ZEO32C3151 v\u01a1\u0301i\u00a0thi\u1ebft k\u1ebf ki\u1ec3u c\u1ed5 \u0111i\u1ec3n l\u1eafp \u00e2m mang &hellip; <a class=\"link-more\" href=\"http:\/\/maudep.com.vn\/chuyengiadienmay\/?product=lo-nuong-bosch-zelmer-zeo32c3151\" class=\"more-link\">\u0110\u1ecdc th\u00eam &raquo;<span class=\"screen-reader-text\"> &#8220;L\u00f2 n\u01b0\u1edbng Bosch Zelmer ZEO32C3151&#8221;<\/span><\/a><\/p>\n","protected":false},"featured_media":2533,"comment_status":"open","ping_status":"closed","template":"","meta":[],"_links":{"self":[{"href":"http:\/\/maudep.com.vn\/chuyengiadienmay\/index.php?rest_route=\/wp\/v2\/product\/2532"}],"collection":[{"href":"http:\/\/maudep.com.vn\/chuyengiadienmay\/index.php?rest_route=\/wp\/v2\/product"}],"about":[{"href":"http:\/\/maudep.com.vn\/chuyengiadienmay\/index.php?rest_route=\/wp\/v2\/types\/product"}],"replies":[{"embeddable":true,"href":"http:\/\/maudep.com.vn\/chuyengiadienmay\/index.php?rest_route=%2Fwp%2Fv2%2Fcomments&post=2532"}],"wp:featuredmedia":[{"embeddable":true,"href":"http:\/\/maudep.com.vn\/chuyengiadienmay\/index.php?rest_route=\/wp\/v2\/media\/2533"}],"wp:attachment":[{"href":"http:\/\/maudep.com.vn\/chuyengiadienmay\/index.php?rest_route=%2Fwp%2Fv2%2Fmedia&parent=2532"}],"curies":[{"name":"wp","href":"https:\/\/api.w.org\/{rel}","templated":true}]}}