{"id":2896,"date":"2019-01-10T14:47:35","date_gmt":"2019-01-10T07:47:35","guid":{"rendered":"http:\/\/maudep.com.vn\/chuyengiadienmay\/?post_type=product&#038;p=2896"},"modified":"2019-01-21T18:05:55","modified_gmt":"2019-01-21T11:05:55","slug":"dieu-hoa-noi-ong-gio-daikin-42-000btu-fdmnq42mv1-rnq42my1","status":"publish","type":"product","link":"http:\/\/maudep.com.vn\/chuyengiadienmay\/?product=dieu-hoa-noi-ong-gio-daikin-42-000btu-fdmnq42mv1-rnq42my1","title":{"rendered":"\u0110i\u1ec1u h\u00f2a n\u1ed1i \u1ed1ng gi\u00f3 Daikin 42.000BTU FDMNQ42MV1\/RNQ42MY1"},"content":{"rendered":"<div id=\"chitiet-1\" class=\"w-pd-i-content\">\n<p class=\"w-pd-i-c-head\">\u0110i\u1ec1u h\u00f2a n\u1ed1i \u1ed1ng gi\u00f3 Daikin 1 chi\u1ec1u 42.000BTU FDMNQ42MV1\/RNQ42MV1<\/p>\n<p>\u0110i\u1ec1u h\u00f2a n\u1ed1i \u1ed1ng gi\u00f3 Daikin\u00a0<strong>FDMNQ42MV1\/RNQ42MV1<\/strong> c\u00f4ng su\u1ea5t 42000btu s\u1eed d\u1ee5ng gas r410a model m\u1edbi nh\u1ea5t 2016 ho\u1ea1t \u0111\u1ed9ng \u00eam \u00e1i ph\u00f9 h\u1ee3p l\u1eafp \u0111\u1eb7t nh\u00e0 h\u00e0ng, kh\u00e1ch s\u1ea1n<\/p>\n<p>M\u00e1y \u0111i\u1ec1u h\u00f2a gi\u1ea5u tr\u1ea7n n\u1ed1i \u1ed1ng gi\u00f3 Daikin d\u00e0n l\u1ea1nh <strong>FDMNQ42MV1<\/strong> c\u00f3 th\u1ec3 l\u1eafp \u0111\u1eb7t b\u00ean trong tr\u1ea7n v\u00e0 kh\u00f4ng kh\u00ed l\u1ea1nh \u0111\u01b0\u1ee3c c\u1ea5p \u0111\u1ebfn m\u1ecdi n\u01a1i th\u00f4ng qua \u1ed1ng gi\u00f3 l\u00e0m l\u1ea1nh nhanh, v\u1eadn h\u00e0nh \u00eam \u00e1i.<\/p>\n<p>Ho\u1ea1t \u0111\u1ed9ng \u00eam \u00e1i<\/p>\n<p>\u0110\u1ed9 \u1ed3n khi v\u1eadn h\u00e0nh c\u1ee7a d\u00e0n n\u00f3ng RNQ42MY1 \u0111\u1ed9 \u1ed3n ch\u1ec9 c\u00f3 56db<\/p>\n<p>\u0110\u01b0\u1ee3c trang b\u1ecb l\u01b0\u1edbi b\u1ea3o v\u1ec7 d\u1ea1ng kh\u00ed \u0111\u1ed9ng h\u1ecdc<\/p>\n<p>\u0110\u1ec3 ng\u0103n ch\u1eb7n d\u00f2ng xo\u00e1yv\u00e0 gi\u00fap m\u00e1y ho\u1ea1t \u0111\u1ed9ng \u00eam \u00e1i, c\u00e1c \u0111\u01b0\u1eddng cong c\u1ee7a l\u01b0\u1edbi b\u1ea3o v\u1ec7 \u0111\u01b0\u1ee3ct\u1ed1i \u01b0u h\u00f3a \u0111\u1ec3 ch\u1ecbu \u0111\u01b0\u1ee3cc\u00e1c d\u00f2ng gi\u00f3 th\u1ed5i ra.<\/p>\n<p>\u0110\u01b0\u1ee3c trang b\u1ecb m\u00e1y n\u00e9n d\u1ea1ng xo\u1eafn \u1ed1c gi\u00fap ho\u1ea1t \u0111\u1ed9ng \u00eam \u00e1i h\u01a1n<\/p>\n<p>Ho\u1ea1t \u0111\u1ed9ng \u00eam, gi\u1ea3m thi\u1ec3u rung \u0111\u1ed9ng v\u00e0 \u0111\u1ed9 \u1ed3n khi ho\u1ea1t \u0111\u1ed9ng.<\/p>\n<p>D\u1ec5 b\u1ed1 tr\u00ed nh\u1edd n\u1ed1i \u1ed1ng theo 4 h\u01b0\u1edbng<\/p>\n<p>M\u1eb7t n\u1ea1 b\u00ean ngo\u00e0i c\u1ee7a \u1ed1ng k\u1ebft n\u1ed1i v\u1edbi m\u1ed9t ph\u1ea7n m\u1eb7t tr\u01b0\u1edbc, m\u1eb7t ph\u1ea3i v\u00e0 m\u1eb7t sau c\u00f3 th\u1ec3 \u0111\u01b0\u1ee3c g\u1ee1 b\u1ecf thu\u1eadn ti\u1ec7n cho vi\u1ec7c thi c\u00f4ng \u1ed1ng sau khi l\u1eafp \u0111\u1eb7t.<\/p>\n<p>T\u1eadp \u0111o\u00e0n Daikin \u0111\u00e3 \u0111\u01b0\u1ee3c c\u1ea5p ch\u1ee9ng nh\u1eadn Qu\u1ed1c t\u1ebf v\u1ec1 M\u00f4i tr\u01b0\u1eddng ISO 14001 cho c\u00e1c thi\u1ebft b\u1ecb, s\u1ea3n ph\u1ea9m Daikin. ISO 14001 l\u00e0 ti\u00eau chu\u1ea9n qu\u1ed1c t\u1ebf v\u1ec1 h\u1ec7 th\u1ed1ng qu\u1ea3n l\u00fd m\u00f4i tr\u01b0\u1eddng, cho ph\u00e9p t\u1ed5 ch\u1ee9c thi\u1ebft l\u1eadp m\u1ee5c ti\u00eau v\u00e0 ch\u00ednh s\u00e1ch, \u0111\u01b0a ra c\u00e1c y\u00eau c\u1ea7u mang t\u00ednh ph\u00e1p ch\u1ebf v\u00e0 th\u00f4ng tin v\u1ec1 nh\u1eefng y\u1ebfu t\u1ed1 quan tr\u1ecdng li\u00ean quan \u0111\u1ebfn m\u00f4i tr\u01b0\u1eddng. Quy \u0111\u1ecbnh n\u00e0y \u00e1p d\u1ee5ng cho nh\u1eefng y\u1ebfu t\u1ed1 m\u00f4i tr\u01b0\u1eddng trong ph\u1ea1m vi t\u1ed5 ch\u1ee9c v\u00e0 c\u00f3 s\u1ee9c \u1ea3nh h\u01b0\u1edfng v\u1edbi b\u00ean ngo\u00e0i.<\/p>\n<p>M\u00e1y \u0111i\u1ec1u h\u00f2a Daikin \u00e2m tr\u1ea7n n\u1ed1i \u1ed1ng gi\u00f3 th\u01b0\u01a1ng hi\u1ec7u b\u00e1n t\u1ed1t nh\u1ea5t hi\u1ec7n nay: Ch\u1ea5t l\u01b0\u1ee3ng t\u1ed1t, d\u1ecbch v\u1ee5 b\u1ea3o h\u00e0nh chuy\u00ean nghi\u1ec7p.<\/p>\n<\/div>\n<p>&nbsp;<\/p>\n","protected":false},"excerpt":{"rendered":"<ul class=\"l pr-des-featured\">\n<li>\u0110i\u1ec1u h\u00f2a n\u1ed1i \u1ed1ng gi\u00f3 Daikin FDMNQ42MV1\/RNQ42MY1<\/li>\n<li>1 chi\u1ec1u &#8211; 42.000Btu &#8211; Gas R410a &#8211; 3 pha<\/li>\n<li>C\u1eeda gi\u00f3 l\u1eafp \u0111\u1eb7t linh ho\u1ea1t<\/li>\n<li>D\u1ec5 d\u00e0ng l\u1eafp \u0111\u1eb7t, b\u1ea3o d\u01b0\u1ee1ng<\/li>\n<li>Xu\u1ea5t x\u1ee9: Ch\u00ednh h\u00e3ng Th\u00e1i Lan<\/li>\n<li>B\u1ea3o h\u00e0nh: Ch\u00ednh h\u00e3ng 12 th\u00e1ng<\/li>\n<\/ul>\n","protected":false},"featured_media":2891,"comment_status":"open","ping_status":"closed","template":"","meta":[],"_links":{"self":[{"href":"http:\/\/maudep.com.vn\/chuyengiadienmay\/index.php?rest_route=\/wp\/v2\/product\/2896"}],"collection":[{"href":"http:\/\/maudep.com.vn\/chuyengiadienmay\/index.php?rest_route=\/wp\/v2\/product"}],"about":[{"href":"http:\/\/maudep.com.vn\/chuyengiadienmay\/index.php?rest_route=\/wp\/v2\/types\/product"}],"replies":[{"embeddable":true,"href":"http:\/\/maudep.com.vn\/chuyengiadienmay\/index.php?rest_route=%2Fwp%2Fv2%2Fcomments&post=2896"}],"wp:featuredmedia":[{"embeddable":true,"href":"http:\/\/maudep.com.vn\/chuyengiadienmay\/index.php?rest_route=\/wp\/v2\/media\/2891"}],"wp:attachment":[{"href":"http:\/\/maudep.com.vn\/chuyengiadienmay\/index.php?rest_route=%2Fwp%2Fv2%2Fmedia&parent=2896"}],"curies":[{"name":"wp","href":"https:\/\/api.w.org\/{rel}","templated":true}]}}