{"id":2954,"date":"2019-01-10T19:23:34","date_gmt":"2019-01-10T12:23:34","guid":{"rendered":"http:\/\/maudep.com.vn\/chuyengiadienmay\/?post_type=product&#038;p=2954"},"modified":"2019-01-17T15:25:18","modified_gmt":"2019-01-17T08:25:18","slug":"noi-chien-khong-dau-klarstein-vitair-9-lit","status":"publish","type":"product","link":"http:\/\/maudep.com.vn\/chuyengiadienmay\/?product=noi-chien-khong-dau-klarstein-vitair-9-lit","title":{"rendered":"N\u1ed3i chi\u1ec1n kh\u00f4ng d\u1ea7u Klarstein Vitair 9 L\u00edt"},"content":{"rendered":"<p><strong>N\u1ed3i chi\u00ean kh\u00f4ng d\u1ea7u Klarstein Vitair\u00a0<\/strong><\/p>\n<p><span class=\"textexposedshow\"><strong>Chi ti\u1ebft s\u1ea3n ph\u1ea9m\u00a0<\/strong><\/span><strong><br \/>\n<\/strong><\/p>\n<p><span class=\"textexposedshow\">-G\u1ed3m n\u1ed3i v\u00e0 ph\u1ee5 ki\u1ec7n \u2013 khay tr\u00f2n, ph\u00ean n\u01b0\u1edbng, xi\u00ean th\u1ecbt v\u00e0 l\u1ed3ng n\u01b0\u1edbng.<\/span><br \/>\n<span class=\"textexposedshow\">-Tr\u1ecdng l\u01b0\u1ee3ng: Netweight 6,1kg, gross weight: 8 kg.\u00a0<\/span><br \/>\n<span class=\"textexposedshow\">&#8211; Dung t\u00edch: 9 l\u00edt<\/span><\/p>\n<p><span class=\"textexposedshow\"><strong>T\u00ednh n\u0103ng :<\/strong><\/span><\/p>\n<p>C\u00e0i \u0111\u1eb7t nhi\u1ec7t \u0111\u1ed9: 50-230 \u00b0 C<br \/>\nCho ph\u00e9p chi\u00ean kh\u00f4ng d\u1ea7u th\u1ecbt, c\u00e1, g\u00e0 nguy\u00ean con ho\u1eb7c n\u01b0\u1edbng b\u00e1nh, th\u1ecbt, khoai Ch\u1ee9c n\u0103ng h\u1eb9n gi\u1edd<br \/>\nKh\u1ea3m kim lo\u1ea1i c\u00f3 th\u1ec3 th\u00e1o r\u1eddi v\u1edbi l\u1edbp ph\u1ee7 kh\u00f4ng d\u00ednh<br \/>\n<span class=\"7oe\">T<\/span>\u1ef1 \u0111\u1ed9ng t\u1eaft m\u00e1y v\u00e0o cu\u1ed1i ch\u01b0\u01a1ng tr\u00ecnh ho\u1eb7c m\u1edf n\u1eafp<br \/>\nQu\u1ea1t th\u00f4ng gi\u00f3<br \/>\nM\u00e0n h\u00ecnh LCD \u0111\u1ed9 ph\u00e2n gi\u1ea3i cao<\/p>\n<p><strong>8 ch\u01b0\u01a1ng tr\u00ecnh c\u00e0i s\u1eb5n:<\/strong><br \/>\n\u2013 Ch\u01b0\u01a1ng tr\u00ecnh nhanh<br \/>\n\u2013 Chi\u00ean g\u00e0\/c\u00e1\/th\u1ecbt\/BBQ<br \/>\n\u2013 N\u01b0\u1edbng trong l\u1ed3ng (khoai t\u00e2y chi\u00ean)<br \/>\n\u2013 Baking<br \/>\n\u2013 Pizza<br \/>\n\u2013 Steak<br \/>\n\u2013 Xi\u00ean<br \/>\n\u2013 Chuy\u1ec3n c\u00e1c ch\u1ee9c n\u0103ng quay<\/p>\n<p>&nbsp;<\/p>\n","protected":false},"excerpt":{"rendered":"<p>C\u00e0i \u0111\u1eb7t nhi\u1ec7t \u0111\u1ed9: 50-230 \u00b0 C<br \/>\nCho ph\u00e9p chi\u00ean kh\u00f4ng d\u1ea7u th\u1ecbt, c\u00e1, g\u00e0 nguy\u00ean con ho\u1eb7c n\u01b0\u1edbng b\u00e1nh, th\u1ecbt, khoai Ch\u1ee9c n\u0103ng h\u1eb9n gi\u1edd<br \/>\nKh\u1ea3m kim lo\u1ea1i c\u00f3 th\u1ec3 th\u00e1o r\u1eddi v\u1edbi l\u1edbp ph\u1ee7 kh\u00f4ng d\u00ednh<br \/>\n<span class=\"7oe\">T<\/span>\u1ef1 \u0111\u1ed9ng t\u1eaft m\u00e1y v\u00e0o cu\u1ed1i ch\u01b0\u01a1ng tr\u00ecnh ho\u1eb7c m\u1edf n\u1eafp<br \/>\nQu\u1ea1t th\u00f4ng gi\u00f3<br \/>\nM\u00e0n h\u00ecnh LCD \u0111\u1ed9 ph\u00e2n gi\u1ea3i cao<\/p>\n<p>&nbsp;<\/p>\n","protected":false},"featured_media":2955,"comment_status":"open","ping_status":"closed","template":"","meta":[],"_links":{"self":[{"href":"http:\/\/maudep.com.vn\/chuyengiadienmay\/index.php?rest_route=\/wp\/v2\/product\/2954"}],"collection":[{"href":"http:\/\/maudep.com.vn\/chuyengiadienmay\/index.php?rest_route=\/wp\/v2\/product"}],"about":[{"href":"http:\/\/maudep.com.vn\/chuyengiadienmay\/index.php?rest_route=\/wp\/v2\/types\/product"}],"replies":[{"embeddable":true,"href":"http:\/\/maudep.com.vn\/chuyengiadienmay\/index.php?rest_route=%2Fwp%2Fv2%2Fcomments&post=2954"}],"wp:featuredmedia":[{"embeddable":true,"href":"http:\/\/maudep.com.vn\/chuyengiadienmay\/index.php?rest_route=\/wp\/v2\/media\/2955"}],"wp:attachment":[{"href":"http:\/\/maudep.com.vn\/chuyengiadienmay\/index.php?rest_route=%2Fwp%2Fv2%2Fmedia&parent=2954"}],"curies":[{"name":"wp","href":"https:\/\/api.w.org\/{rel}","templated":true}]}}