{"id":3274,"date":"2019-01-14T18:01:32","date_gmt":"2019-01-14T11:01:32","guid":{"rendered":"http:\/\/maudep.com.vn\/chuyengiadienmay\/?post_type=product&#038;p=3274"},"modified":"2019-01-14T18:06:24","modified_gmt":"2019-01-14T11:06:24","slug":"may-say-quan-ao-8kg-electrolux-edv8052s","status":"publish","type":"product","link":"http:\/\/maudep.com.vn\/chuyengiadienmay\/?product=may-say-quan-ao-8kg-electrolux-edv8052s","title":{"rendered":"M\u00e1y S\u1ea5y Qu\u1ea7n \u00e1o 8Kg Electrolux EDV8052S"},"content":{"rendered":"<p><strong>Thi\u1ebft k\u1ebf hi\u1ec7n \u0111\u1ea1i, sang tr\u1ecdng v\u1edbi gam m\u00e0u x\u00e1m b\u1ea1c tinh t\u1ebf<\/strong><\/p>\n<p>M\u00e1y s\u1ea5y Electrolux 8 kg EDV8052S\u00a0ngo\u00e0i ki\u1ec3u d\u00e1ng c\u1eeda tr\u01b0\u1edbc trong su\u1ed1t, hi\u1ec7n \u0111\u1ea1i th\u00ec c\u00f2n \u0111\u01b0\u1ee3c trang b\u1ecb l\u1edbp v\u1ecf ngo\u00e0i v\u1edbi gam m\u00e0u x\u00e1m b\u1ea1c v\u00f4 c\u00f9ng tinh t\u1ebf, g\u00f3p ph\u1ea7n t\u00f4 \u0111i\u1ec3m th\u00eam phong c\u00e1ch ri\u00eang cho kh\u00f4ng gian n\u1ed9i th\u1ea5t c\u1ee7a gia \u0111\u00ecnh.<\/p>\n<p><img class=\"lazy\" src=\"https:\/\/cdn.mediamart.vn\/Upload\/download\/2018-10-News\/MJm5uRE3TQ9jq13.jpg\" data-original=\"https:\/\/cdn.mediamart.vn\/Upload\/download\/2018-10-News\/MJm5uRE3TQ9jq13.jpg\" \/><\/p>\n<p><strong>Kh\u1ed1i l\u01b0\u1ee3ng s\u1ea5y 8 kg<\/strong><\/p>\n<p>V\u00e0o nh\u1eefng ng\u00e0y tr\u1eddi m\u01b0a, qu\u1ea7n \u00e1o kh\u00f4ng \u0111\u01b0\u1ee3c ph\u01a1i kh\u00f4 ho\u00e0n to\u00e0n d\u1ec5 d\u00e0ng ph\u00e1t sinh n\u1ea5m m\u1ed1c g\u00e2y m\u00f9i v\u00e0 vi khu\u1ea9n g\u00e2y h\u1ea1n kh\u00f3 ch\u1ecbu. Ch\u00ednh v\u00ec l\u1ebd \u0111\u00f3, chi\u1ebfc\u00a0m\u00e1y s\u1ea5y Electrolux 8 kg\u00a0n\u00e0y s\u1ebd l\u00e0 m\u1ed9t tr\u1ee3 th\u1ee7 \u0111\u1eafc l\u1ef1c cho c\u1ea3 gia \u0111\u00ecnh.<\/p>\n<p><img class=\"lazy\" src=\"https:\/\/cdn.mediamart.vn\/Upload\/download\/2018-10-News\/lBH75trHpY2rTDQ.jpg\" data-original=\"https:\/\/cdn.mediamart.vn\/Upload\/download\/2018-10-News\/lBH75trHpY2rTDQ.jpg\" \/><\/p>\n<p><strong>S\u1ea5y th\u00f4ng h\u01a1i ti\u1ebft ki\u1ec7m \u0111i\u1ec7n, gi\u00e1 th\u00e0nh ph\u1ea3i ch\u0103ng<\/strong><\/p>\n<p>S\u1eed d\u1ee5ng c\u00f4ng ngh\u1ec7\u00a0s\u1ea5y th\u00f4ng h\u01a1i\u00a0trong v\u1eadn h\u00e0nh,\u00a0m\u00e1y s\u1ea5y Electrolux\u00a0kh\u00f4ng ch\u1ec9 gi\u00fap qu\u1ea7n \u00e1o nhanh ch\u00f3ng \u0111\u01b0\u1ee3c hong kh\u00f4 ch\u1ec9 trong t\u00edch t\u1eafc m\u00e0 n\u00f3 c\u00f2n ti\u1ebft ki\u1ec7m \u0111\u00e1ng k\u1ec3 chi ph\u00ed \u0111i\u1ec7n h\u00e0ng th\u00e1ng c\u0169ng nh\u01b0 b\u1ea1n kh\u00f4ng ph\u1ea3i t\u1ed1n nhi\u1ec1u &#8220;h\u1ea7u bao&#8221; \u0111\u1ec3 l\u1ef1a ch\u1ecdn cho m\u00ecnh m\u1ed9t chi\u1ebfc m\u00e1y s\u1ea5y th\u00f4ng h\u01a1i.<\/p>\n<p><img class=\"lazy\" src=\"https:\/\/cdn.mediamart.vn\/Upload\/download\/2018-10-News\/zp0o1Ml4YX7Mmas.jpg\" data-original=\"https:\/\/cdn.mediamart.vn\/Upload\/download\/2018-10-News\/zp0o1Ml4YX7Mmas.jpg\" \/><\/p>\n<p><strong>C\u1ea3m bi\u1ebfn th\u00f4ng minh Smart Sensor t\u1ef1 \u0111i\u1ec1u ch\u1ec9nh th\u1eddi gian s\u1ea5y sao cho ph\u00f9 h\u1ee3p v\u1edbi kh\u1ed1i l\u01b0\u1ee3ng v\u00e0 \u0111\u1ed9 \u1ea9m qu\u1ea7n \u00e1o, ti\u1ebft ki\u1ec7m th\u1eddi gian v\u00e0 chi ph\u00ed \u0111i\u1ec7n<\/strong><\/p>\n<p><img class=\"lazy\" src=\"https:\/\/cdn.mediamart.vn\/Upload\/download\/2018-10-News\/I6x0662WH25VOC9.jpg\" data-original=\"https:\/\/cdn.mediamart.vn\/Upload\/download\/2018-10-News\/I6x0662WH25VOC9.jpg\" \/><\/p>\n<p><strong>S\u1ea5y xoay tr\u00f2n \u0111\u1ea3o chi\u1ec1u gi\u00fap qu\u1ea7n \u00e1o kh\u00f4 \u0111\u1ec1u v\u00e0 ch\u1ed1ng xo\u1eafn r\u1ed1i<\/strong><\/p>\n<p>S\u1eed d\u1ee5ng k\u1ef9 thu\u1eadt s\u1ea5y \u0111\u1ea3o chi\u1ec1u,\u00a0m\u00e1y s\u1ea5y\u00a0gi\u00fap qu\u1ea7n \u00e1o \u0111\u01b0\u1ee3c ph\u00e2n b\u1ed5 \u0111\u1ec1u trong l\u1ed3ng s\u1ea5y, cho qu\u1ea7n \u00e1o \u0111\u01b0\u1ee3c s\u1ea5y kh\u00f4 \u0111\u1ed3ng \u0111\u1ec1u m\u00e0 kh\u00f4ng lo ch\u1ed7 c\u00f2n \u1ea9m, ch\u1ed7 b\u1ecb s\u1ea5y qu\u00e1 nhi\u1ec7t g\u00e2y h\u01b0 h\u1ecfng. \u0110\u1ed3ng th\u1eddi k\u1ef9 thu\u1eadt n\u00e0y c\u00f2n gi\u00fap qu\u1ea7n \u00e1o \u0111\u01b0\u1ee3c t\u01a1i ra, kh\u00f4ng xo\u1eafn r\u1ed1i v\u00e0o nhau g\u00e2y nh\u0103n nh\u00fam, t\u1ed1n th\u1eddi gian l\u00e0 \u1ee7i.<\/p>\n<p><img class=\"lazy\" src=\"https:\/\/cdn.mediamart.vn\/Upload\/download\/2018-10-News\/CND7Ia7jnhpxLUa.jpg\" data-original=\"https:\/\/cdn.mediamart.vn\/Upload\/download\/2018-10-News\/CND7Ia7jnhpxLUa.jpg\" \/><\/p>\n<p><strong>Ch\u01b0\u01a1ng tr\u00ecnh s\u1ea5y nhanh 40 ph\u00fat \u0111\u1ed9c \u0111\u00e1o, h\u1ed7 tr\u1ee3 t\u1ed1i \u0111a cho ng\u01b0\u1eddi b\u1eadn r\u1ed9n<\/strong><\/p>\n<p><img class=\"lazy\" src=\"https:\/\/cdn.mediamart.vn\/Upload\/download\/2018-10-News\/d593E26d9X0sbPw.jpg\" data-original=\"https:\/\/cdn.mediamart.vn\/Upload\/download\/2018-10-News\/d593E26d9X0sbPw.jpg\" \/><\/p>\n<p>D\u1ec5 d\u00e0ng ch\u1ed3ng ng\u01b0\u1ee3c l\u00ean tr\u00ean\u00a0m\u00e1y gi\u1eb7t\u00a0c\u1eeda tr\u01b0\u1edbc \u0111\u1ec3 t\u1ed1i \u01b0u h\u00f3a di\u1ec7n t\u00edch<\/p>\n<p><img class=\"lazy\" src=\"https:\/\/cdn.mediamart.vn\/Upload\/download\/2018-10-News\/8jdnXF9pVy6LaPH.jpg\" data-original=\"https:\/\/cdn.mediamart.vn\/Upload\/download\/2018-10-News\/8jdnXF9pVy6LaPH.jpg\" \/><\/p>\n<p>&nbsp;<\/p>\n","protected":false},"excerpt":{"rendered":"<p>&#8211; Kh\u1ed1i l\u01b0\u1ee3ng: 8.0 kg<br \/>\n&#8211; C\u00f4ng su\u1ea5t: 2250W<br \/>\n&#8211; H\u1ec7 th\u1ed1ng s\u1ea5y \u0111\u1ea3o chi\u1ec1u<br \/>\n&#8211; K\u00edch th\u01b0\u1edbc:Cao 87 cm &#8211; R\u1ed9ng 63.5 cm &#8211; S\u00e2u 66 cm<\/p>\n<p>&#8211; B\u1ea3o h\u00e0nh: 24 th\u00e1ng<\/p>\n<p>&#8211; Xu\u1ea5t x\u1ee9: Thai Lan<\/p>\n<p>&nbsp;<\/p>\n","protected":false},"featured_media":3276,"comment_status":"open","ping_status":"closed","template":"","meta":[],"_links":{"self":[{"href":"http:\/\/maudep.com.vn\/chuyengiadienmay\/index.php?rest_route=\/wp\/v2\/product\/3274"}],"collection":[{"href":"http:\/\/maudep.com.vn\/chuyengiadienmay\/index.php?rest_route=\/wp\/v2\/product"}],"about":[{"href":"http:\/\/maudep.com.vn\/chuyengiadienmay\/index.php?rest_route=\/wp\/v2\/types\/product"}],"replies":[{"embeddable":true,"href":"http:\/\/maudep.com.vn\/chuyengiadienmay\/index.php?rest_route=%2Fwp%2Fv2%2Fcomments&post=3274"}],"wp:featuredmedia":[{"embeddable":true,"href":"http:\/\/maudep.com.vn\/chuyengiadienmay\/index.php?rest_route=\/wp\/v2\/media\/3276"}],"wp:attachment":[{"href":"http:\/\/maudep.com.vn\/chuyengiadienmay\/index.php?rest_route=%2Fwp%2Fv2%2Fmedia&parent=3274"}],"curies":[{"name":"wp","href":"https:\/\/api.w.org\/{rel}","templated":true}]}}