{"id":3277,"date":"2019-01-14T18:13:06","date_gmt":"2019-01-14T11:13:06","guid":{"rendered":"http:\/\/maudep.com.vn\/chuyengiadienmay\/?post_type=product&#038;p=3277"},"modified":"2019-01-14T18:13:06","modified_gmt":"2019-01-14T11:13:06","slug":"may-say-quan-ao-8kg-electrolux-edv8052","status":"publish","type":"product","link":"http:\/\/maudep.com.vn\/chuyengiadienmay\/?product=may-say-quan-ao-8kg-electrolux-edv8052","title":{"rendered":"M\u00e1y S\u1ea5y Qu\u1ea7n \u00e1o 8Kg Electrolux EDV8052"},"content":{"rendered":"<p><strong>M\u00e0u s\u1eafc tr\u00e1ng s\u00e1ng tinh t\u1ebf, trang nh\u00e3<\/strong><\/p>\n<p>M\u00e1y s\u1ea5y Electrolux 8 kg EDV8052\u00a0mang m\u00e0u s\u1eafc tr\u1eafng s\u00e1ng v\u00f4 c\u00f9ng trang nh\u00e3, tinh t\u1ebf, h\u1ee9a h\u1eb9n s\u1ebd l\u00e0m h\u00e0i l\u00f2ng m\u1ecdi v\u1ecb gia ch\u1ee7 y\u00eau th\u00edch v\u1ebb \u0111\u1eb9p \u0111\u01a1n gi\u1ea3n, kh\u00f4ng c\u1ea7u k\u00ec.<\/p>\n<p><img class=\"lazy\" src=\"https:\/\/cdn.mediamart.vn\/Upload\/download\/2018-10-News\/pzPa05UW1LRo7G0.jpg\" data-original=\"https:\/\/cdn.mediamart.vn\/Upload\/download\/2018-10-News\/pzPa05UW1LRo7G0.jpg\" \/><\/p>\n<p>Kh\u1ed1i l\u01b0\u1ee3ng s\u1ea5y 8kg, tr\u1ee3 th\u1ee7 \u0111\u1eafc l\u1ef1c gi\u00fap s\u1ea5y kh\u00f4 nhi\u1ec1u qu\u1ea7n \u00e1o trong nh\u1eefng ng\u00e0y m\u01b0a<\/p>\n<p><img class=\"lazy\" src=\"https:\/\/cdn.mediamart.vn\/Upload\/download\/2018-10-News\/fC9H0h9UuIUQDKs.jpg\" data-original=\"https:\/\/cdn.mediamart.vn\/Upload\/download\/2018-10-News\/fC9H0h9UuIUQDKs.jpg\" \/><\/p>\n<p><strong>C\u00f4ng ngh\u1ec7 s\u1ea5y th\u00f4ng h\u01a1i v\u1edbi gi\u00e1 th\u00e0nh ph\u1ea3i ch\u0103ng<\/strong><\/p>\n<p>N\u1ebfu gia \u0111\u00ecnh b\u1ea1n c\u00f3 kh\u00f4ng gian t\u01b0\u01a1ng \u0111\u1ed1i r\u1ed9ng, chi\u1ebfc m\u00e1y\u00a0s\u1ea5y th\u00f4ng h\u01a1i\u00a0n\u00e0y s\u1ebd l\u00e0 m\u1ed9t s\u1ef1 l\u1ef1a ch\u1ecdn \u0111\u00e1ng c\u00e2n nh\u1eafc. V\u1edbi c\u00f4ng ngh\u1ec7 s\u1ea5y th\u00f4ng h\u01a1i,\u00a0 chi\u1ebfc\u00a0m\u00e1y s\u1ea5y Electrolux\u00a0n\u00e0y s\u1ebd kh\u00f4ng khi\u1ebfn b\u1ea1n ph\u1ea3i t\u1ed1n qu\u00e1 nhi\u1ec1u chi ph\u00ed v\u00ec gi\u00e1 th\u00e0nh ph\u1ea3i ch\u0103ng nh\u01b0ng v\u1eabn c\u00f3 th\u1ec3 gi\u00fap qu\u1ea7n \u00e1o kh\u00f4 nhanh nh\u01b0 c\u00f3 n\u1eafng.<\/p>\n<p><img class=\"lazy\" src=\"https:\/\/cdn.mediamart.vn\/Upload\/download\/2018-10-News\/626uV3C8Z3YzIi1.jpg\" data-original=\"https:\/\/cdn.mediamart.vn\/Upload\/download\/2018-10-News\/626uV3C8Z3YzIi1.jpg\" \/><\/p>\n<p><strong>C\u1ea3m bi\u1ebfn th\u00f4ng minh Smart Sensor t\u1ef1 \u0111\u1ed9ng c\u00e2n ch\u1ec9nh th\u1eddi gian s\u1ea5y ph\u00f9 h\u1ee3p v\u1edbi kh\u1ed1i l\u01b0\u1ee3ng qu\u1ea7n \u00e1o<\/strong><\/p>\n<p>Kh\u00f4ng ch\u1ec9 ti\u1ebft ki\u1ec7m \u0111i\u1ec7n v\u00e0 th\u1eddi gian, c\u1ea3m bi\u1ebfn Smart Sensor c\u1ee7a m\u00e1y s\u1ea5y v\u1edbi kh\u1ea3 n\u0103ng\u00a0c\u00e2n ch\u1ec9nh th\u1eddi gian s\u1ea5y ph\u00f9 h\u1ee3p v\u1edbi kh\u1ed1i l\u01b0\u1ee3ng c\u0169ng nh\u01b0 \u0111\u1ed9 \u1ea9m qu\u1ea7n \u00e1o c\u00f2n gi\u00fap cho qu\u1ea7n \u00e1o kh\u00f4ng b\u1ecb s\u1ea5y kh\u00f4 qu\u00e1 m\u1ee9c g\u00e2y h\u01b0 h\u1ecfng, nh\u0103n nh\u00fam.<\/p>\n<p><img class=\"lazy\" src=\"https:\/\/cdn.mediamart.vn\/Upload\/download\/2018-10-News\/FjVgTPHO00HBRl1.jpg\" data-original=\"https:\/\/cdn.mediamart.vn\/Upload\/download\/2018-10-News\/FjVgTPHO00HBRl1.jpg\" \/><\/p>\n<p><strong>C\u00f4ng ngh\u1ec7 s\u1ea5y \u0111\u1ea3o chi\u1ec1u h\u1ea1n ch\u1ebf xo\u1eafn r\u1ed1i, nh\u0103n nh\u00fam hi\u1ec7u qu\u1ea3<\/strong><\/p>\n<p><img class=\"lazy\" src=\"https:\/\/cdn.mediamart.vn\/Upload\/download\/2018-10-News\/6LsZy3o5e675vVg.jpg\" data-original=\"https:\/\/cdn.mediamart.vn\/Upload\/download\/2018-10-News\/6LsZy3o5e675vVg.jpg\" \/><\/p>\n<p><strong>S\u1ea5y nhanh 40 ph\u00fat &#8211; gi\u1ea3i ph\u00e1p tuy\u1ec7t v\u1eddi cho cu\u1ed9c s\u1ed1ng b\u1eadn r\u1ed9n<\/strong><\/p>\n<p>N\u1ebfu c\u00f3 vi\u1ec7c g\u1ea5p c\u1ea7n ra ngo\u00e0i m\u00e0 qu\u1ea7n \u00e1o ch\u01b0a k\u1ecbp kh\u00f4, b\u1ea1n c\u00f3 th\u1ec3 l\u1ef1a ch\u1ecdn ch\u1ee9c n\u0103ng s\u1ea5y nhanh 40 ph\u00fat c\u1ee7a\u00a0m\u00e1y s\u1ea5y. Nh\u1edd t\u00ednh n\u0103ng n\u00e0y, qu\u1ea7n \u00e1o s\u1ebd \u0111\u01b0\u1ee3c s\u1ea5y kh\u00f4 nhanh ch\u00f3ng ch\u1ec9 trong 40 ph\u00fat ng\u1eafn ng\u1ee7i, mang \u0111\u1ebfn cho b\u1ea1n nh\u1eefng b\u1ed9 qu\u1ea7n \u00e1o ph\u00f9 h\u1ee3p v\u1edbi nhu c\u1ea7u ch\u1ec9 trong t\u00edch t\u1eafc.<\/p>\n<h3><img class=\"lazy\" src=\"https:\/\/cdn.mediamart.vn\/Upload\/download\/2018-10-News\/45rs8H5eg85b93t.jpg\" data-original=\"https:\/\/cdn.mediamart.vn\/Upload\/download\/2018-10-News\/45rs8H5eg85b93t.jpg\" \/><\/h3>\n<p><strong>V\u00f4 c\u00f9ng ti\u1ec7n l\u1ee3i khi c\u00f3 th\u1ec3 ch\u1ed3ng ng\u01b0\u1ee3c l\u00ean tr\u00ean m\u00e1y gi\u1eb7t \u0111\u1ec3 ti\u1ebft ki\u1ec7m di\u1ec7n t\u00edch<\/strong><\/p>\n<h3><img class=\"lazy\" src=\"https:\/\/cdn.mediamart.vn\/Upload\/download\/2018-10-News\/08Cr4IQ69i3co7J.jpg\" data-original=\"https:\/\/cdn.mediamart.vn\/Upload\/download\/2018-10-News\/08Cr4IQ69i3co7J.jpg\" \/><\/h3>\n<p>&nbsp;<\/p>\n","protected":false},"excerpt":{"rendered":"<p>&#8211; Kh\u1ed1i l\u01b0\u1ee3ng: 8.0 kg<br \/>\n&#8211; C\u00f4ng su\u1ea5t: 2250W<br \/>\n&#8211; H\u1ec7 th\u1ed1ng s\u1ea5y \u0111\u1ea3o chi\u1ec1u<br \/>\n&#8211; K\u00edch th\u01b0\u1edbc:Cao 87 cm &#8211; R\u1ed9ng 63.5 cm &#8211; S\u00e2u 66 cm<\/p>\n<p>&#8211; B\u1ea3o h\u00e0nh: 24 th\u00e1ng<\/p>\n<p>&#8211; Xu\u1ea5t x\u1ee9: Th\u00e1i Lan<\/p>\n<p>&nbsp;<\/p>\n","protected":false},"featured_media":3279,"comment_status":"open","ping_status":"closed","template":"","meta":[],"_links":{"self":[{"href":"http:\/\/maudep.com.vn\/chuyengiadienmay\/index.php?rest_route=\/wp\/v2\/product\/3277"}],"collection":[{"href":"http:\/\/maudep.com.vn\/chuyengiadienmay\/index.php?rest_route=\/wp\/v2\/product"}],"about":[{"href":"http:\/\/maudep.com.vn\/chuyengiadienmay\/index.php?rest_route=\/wp\/v2\/types\/product"}],"replies":[{"embeddable":true,"href":"http:\/\/maudep.com.vn\/chuyengiadienmay\/index.php?rest_route=%2Fwp%2Fv2%2Fcomments&post=3277"}],"wp:featuredmedia":[{"embeddable":true,"href":"http:\/\/maudep.com.vn\/chuyengiadienmay\/index.php?rest_route=\/wp\/v2\/media\/3279"}],"wp:attachment":[{"href":"http:\/\/maudep.com.vn\/chuyengiadienmay\/index.php?rest_route=%2Fwp%2Fv2%2Fmedia&parent=3277"}],"curies":[{"name":"wp","href":"https:\/\/api.w.org\/{rel}","templated":true}]}}