{"id":3284,"date":"2019-01-14T18:29:51","date_gmt":"2019-01-14T11:29:51","guid":{"rendered":"http:\/\/maudep.com.vn\/chuyengiadienmay\/?post_type=product&#038;p=3284"},"modified":"2019-01-14T18:29:52","modified_gmt":"2019-01-14T11:29:52","slug":"may-say-quan-ao-electrolux-edv7552s-75kg","status":"publish","type":"product","link":"http:\/\/maudep.com.vn\/chuyengiadienmay\/?product=may-say-quan-ao-electrolux-edv7552s-75kg","title":{"rendered":"M\u00e1y s\u1ea5y qu\u1ea7n \u00e1o Electrolux EDV7552S &#8211; 7,5Kg"},"content":{"rendered":"<h3>\u0110\u1eb6C \u0110I\u1ec2M N\u1ed4I B\u1eacT<\/h3>\n<ul>\n<li>Ki\u1ec3u d\u00e1ng hi\u1ec7n \u0111\u1ea1i, m\u00e0u x\u00e1c b\u1ea1c sang tr\u1ecdng, h\u00e0i h\u00f2a v\u1edbi m\u1ecdi kh\u00f4ng gian<\/li>\n<li>C\u00f4ng ngh\u1ec7 s\u1ea5y tr\u00f2n gi\u1ea3m thi\u1ec3u n\u1ebfp nh\u0103n tr\u00ean qu\u1ea7n \u00e1o<\/li>\n<li>C\u1ea3m bi\u1ebfn th\u00f4ng minh ti\u1ebft ki\u1ec7m th\u1eddi gian s\u1ea5y kh\u00f4, ch\u0103m s\u00f3c qu\u1ea7n \u00e1o b\u1ec1n \u0111\u1eb9p<\/li>\n<li>Ch\u1ee9c n\u0103ng s\u1ea5y nhanh trong 40 ph\u00fat v\u1edbi 2 kg qu\u1ea7n \u00e1o<\/li>\n<li>C\u00f4ng ngh\u1ec7 s\u1ea5y \u0111\u1ea3o chi\u1ec1u cho v\u1ea3i v\u00f3c m\u1ec1n m\u1ea1i<\/li>\n<li>Ti\u1ebft ki\u1ec7m kh\u00f4ng gian v\u1edbi gi\u00e1 treo ti\u1ec7n l\u1ee3i<\/li>\n<li>Ho\u1ea1t \u0111\u1ed9ng b\u1ec1n b\u1ec9, \u00eam \u00e1i, kh\u1ed1i l\u01b0\u1ee3ng s\u1ea5y 7.5 kg<\/li>\n<\/ul>\n<p><img class=\"lazy\" src=\"https:\/\/cdn.nguyenkimmall.com\/images\/companies\/_1\/Content\/dien-lanh\/may-say-quan-ao\/may-say-electrolux-edv7552s-1.jpg\" data-original=\"https:\/\/cdn.nguyenkimmall.com\/images\/companies\/_1\/Content\/dien-lanh\/may-say-quan-ao\/may-say-electrolux-edv7552s-1.jpg\" \/><\/p>\n<h2>CHI TI\u1ebeT T\u00cdNH N\u0102NG<\/h2>\n<h3>C\u00f4ng ngh\u1ec7 s\u1ea5y \u0111\u1ea3o chi\u1ec1u gi\u00fap qu\u1ea7n \u00e1o nhanh kh\u00f4<\/h3>\n<p>M\u00e1y s\u1ea5y Electrolux EDV7552S m\u00e0u x\u00e1m\u00a0trang b\u1ecb t\u00ednh n\u0103ng s\u1ea5y t\u00e1c \u0111\u1ed9ng k\u00e9p gi\u00fap gi\u1eef cho s\u1ee3i v\u1ea3i m\u1ec1m m\u1ea1i \u00eam d\u1ecbu v\u00e0 kh\u00f4 nhanh h\u01a1n. M\u1eb7t kh\u00e1c, c\u00f4ng ngh\u1ec7 s\u1ea5y \u0111\u1ea3o chi\u1ec1u c\u00f2n gi\u1eef cho nhi\u1ec7t l\u01b0\u1ee3ng t\u1ecfa ra \u0111\u1ec1u v\u00e0 kh\u00f4ng l\u00e0m h\u01b0 h\u1ea1i \u0111\u1ebfn m\u00e0u s\u1eafc c\u0169ng nh\u01b0 ch\u1ea5t l\u01b0\u1ee3ng v\u1ea3i.<\/p>\n<p><img class=\"lazy\" src=\"https:\/\/cdn.nguyenkimmall.com\/images\/companies\/_1\/Content\/dien-lanh\/may-say-quan-ao\/may-say-electrolux-edv7552s-3.jpg\" data-original=\"https:\/\/cdn.nguyenkimmall.com\/images\/companies\/_1\/Content\/dien-lanh\/may-say-quan-ao\/may-say-electrolux-edv7552s-3.jpg\" \/><\/p>\n<p>M\u00e1y s\u1ea5y Electrolux EDV7552S m\u00e0u x\u00e1m b\u1ea1c s\u1ea5y kh\u00f4 qu\u1ea7n \u00e1o nhanh ch\u00f3ng, m\u1ec1m m\u1ea1i<\/p>\n<h3>S\u1ea5y nhanh \u00e1o qu\u1ea7n trong v\u00f2ng 40 ph\u00fat<\/h3>\n<p>S\u1edf h\u1eefu chi\u1ebfc m\u00e1y s\u1ea5y Electrolux EDV7552S m\u00e0u x\u00e1m b\u1ea1c b\u1ea1n s\u1ebd kh\u00f4ng c\u00f2n ph\u1ea3i lo l\u1eafng kh\u00f4ng c\u00f3 qu\u1ea7n \u00e1o \u0111\u1eb9p \u0111\u1ec3 m\u1eb7t. N\u1ebfu b\u1ea1n c\u00f3 vi\u1ec7c c\u1ea7n ra ngo\u00e0i nh\u01b0ng qu\u1ea7n \u00e1o ch\u01b0a k\u1ecbp kh\u00f4? \u0110\u1eebng lo l\u1eafng v\u00ec \u0111\u00e3 c\u00f3 t\u00ednh n\u0103ng Fast 40 s\u1ea5y nhanh cho 2 kg qu\u1ea7n \u00e1o, b\u1ea1n s\u1ebd c\u00f3 ngay b\u1ed9 qu\u1ea7n \u00e1o c\u1ea7n thi\u1ebft \u0111\u1ec3 ra ngo\u00e0i trong v\u00f2ng 40 ph\u00fat. Th\u1eadt ti\u1ec7n l\u1ee3i ph\u1ea3i kh\u00f4ng?<\/p>\n<p><img class=\"lazy\" src=\"https:\/\/cdn.nguyenkimmall.com\/images\/companies\/_1\/Content\/dien-lanh\/may-say-quan-ao\/may-say-electrolux-edv7552s-2.jpg\" data-original=\"https:\/\/cdn.nguyenkimmall.com\/images\/companies\/_1\/Content\/dien-lanh\/may-say-quan-ao\/may-say-electrolux-edv7552s-2.jpg\" \/><\/p>\n<p>M\u00e1y s\u1ea5y Electrolux EDV7552S m\u00e0u x\u00e1m b\u1ea1c s\u1ea5y kh\u00f4 \u00e1o qu\u1ea7n nhanh ch\u00f3ng trong 40 ph\u00fat<\/p>\n<h3>C\u1ea3m bi\u1ebfn th\u00f4ng minh gi\u00fap ti\u1ebft ki\u1ec7m th\u1eddi gian<\/h3>\n<p>M\u00e1y s\u1ea5y qu\u1ea7n \u00e1o Electrolux 7.5 kg EDV7552S\u00a0trang b\u1ecb b\u1ea3ng \u0111i\u1ec1u khi\u1ec3n \u0111i\u1ec7n t\u1eed d\u1ec5 d\u00e0ng s\u1eed d\u1ee5ng, v\u1edbi kh\u1ed1i l\u01b0\u1ee3ng 7.5 kg \u0111\u00e1p \u1ee9ng nhu c\u1ea7u s\u1ea5y c\u1ee7a h\u1ea7u h\u1ebft m\u1ecdi gia \u0111\u00ecnh. Ngo\u00e0i ra, v\u1edbi ch\u1ebf \u0111\u1ed9 c\u1ea3m bi\u1ebfn th\u00f4ng minh, m\u00e1y s\u1ebd t\u1ef1 \u0111\u1ed9ng ng\u1eebng s\u1ea5y khi \u0111\u1ea1t \u0111\u1ed9 kh\u00f4 chu\u1ea9n, tr\u00e1nh l\u00e0m h\u01b0 v\u1ea3i qu\u1ea7n \u00e1o c\u0169ng nh\u01b0 ti\u1ebft ki\u1ec7m th\u1eddi gian s\u1ea5y cho b\u1ea1n.<\/p>\n<p><img class=\"lazy\" src=\"https:\/\/cdn.nguyenkimmall.com\/images\/companies\/_1\/Content\/dien-lanh\/may-say-quan-ao\/may-say-electrolux-edv7552s-5.jpg\" data-original=\"https:\/\/cdn.nguyenkimmall.com\/images\/companies\/_1\/Content\/dien-lanh\/may-say-quan-ao\/may-say-electrolux-edv7552s-5.jpg\" \/><\/p>\n<p>M\u00e1y s\u1ea5y Electrolux EDV7552S m\u00e0u x\u00e1m b\u1ea1c ti\u1ebft ki\u1ec7m th\u1eddi gian s\u1ea5y kh\u00f4 v\u1edbi c\u1ea3m bi\u1ebfn th\u00f4ng minh<\/p>\n<h3>Ch\u1ee9c n\u0103ng gi\u1ea3m thi\u1ec3u n\u1ebfp nh\u0103n tr\u00ean qu\u1ea7n \u00e1o<\/h3>\n<p>M\u00e1y s\u1ea5y qu\u1ea7n \u00e1o\u00a0trang b\u1ecb c\u00f4ng ngh\u1ec7 s\u1ea5y xoay tr\u00f2n Iron Aid ti\u00ean ti\u1ebfn gi\u00fap l\u00e0m gi\u1ea3m n\u1ebfp nh\u0103n tr\u00ean qu\u1ea7n \u00e1o hi\u1ec7u qu\u1ea3. V\u1edbi c\u00f4ng ngh\u1ec7 n\u00e0y, m\u00e1y s\u1ea5y s\u1ebd gi\u00fap b\u1ea1n ti\u1ebft ki\u1ec7m \u0111\u01b0\u1ee3c kh\u00e1 nhi\u1ec1u th\u1eddi gian v\u00e0o c\u00f4ng vi\u1ec7c \u1ee7i qu\u1ea7n \u00e1o. M\u1eb7t kh\u00e1c, c\u00f4ng ngh\u1ec7 n\u00e0y c\u00f2n h\u1ea1n ch\u1ebf t\u1ed1i \u0111a n\u1ebfp nh\u0103n tr\u00ean qu\u1ea7n \u00e1o, ngay c\u1ea3 khi ch\u01b0a k\u1ecbp l\u1ea5y ra sau khi s\u1ea5y xong, mang \u0111\u1ebfn cho gia \u0111\u00ecnh b\u1ea1n nh\u1eefng b\u1ed9 qu\u1ea7n \u00e1o th\u1eb3ng t\u1eafp, th\u00eam \u0111\u1eb9p.<\/p>\n<p><img class=\"lazy\" src=\"https:\/\/cdn.nguyenkimmall.com\/images\/companies\/_1\/Content\/dien-lanh\/may-say-quan-ao\/may-say-electrolux-edv7552s-4.jpg\" data-original=\"https:\/\/cdn.nguyenkimmall.com\/images\/companies\/_1\/Content\/dien-lanh\/may-say-quan-ao\/may-say-electrolux-edv7552s-4.jpg\" \/><\/p>\n<p>M\u00e1y s\u1ea5y Electrolux EDV7552S m\u00e0u x\u00e1m b\u1ea1c gi\u00fap qu\u1ea7n \u00e1o th\u1eafng \u0111\u1eb9p, v\u00e0o n\u1ebfp<\/p>\n<h3>Thi\u1ebft k\u1ebf hi\u1ec7n \u0111\u1ea1i, ti\u1ebft ki\u1ec7m kh\u00f4ng gian hi\u1ec7u qu\u1ea3<\/h3>\n<p>M\u00e1y s\u1ea5y Electrolux EDV7552S m\u00e0u x\u00e1m b\u1ea1c c\u00f3 ki\u1ec3u d\u00e1ng hi\u1ec7n \u0111\u1ea1i, m\u00e0u s\u1eafc trang nh\u00e3, ph\u00f9 h\u1ee3p l\u1eafp \u0111\u1eb7t trong nhi\u1ec1u kh\u00f4ng gian n\u1ed9i th\u1ea5t kh\u00e1c nhau, c\u00f3 th\u1ec3 \u0111\u1eb7t c\u1ea1nh, treo tr\u00ean t\u01b0\u1eddng ho\u1eb7c \u0111\u1eb7t l\u00ean tr\u00ean m\u00e1y gi\u1eb7t c\u1eeda tr\u01b0\u1edbc c\u1ee7a Electrolux. H\u01a1n n\u1eefa, m\u00e0u s\u1eafc c\u1ee7a s\u1ea3n ph\u1ea9m c\u00f2n \u0111\u00e1p \u1ee9ng s\u1edf th\u00edch nhi\u1ec1u \u0111\u1ed1i t\u01b0\u1ee3ng ng\u01b0\u1eddi d\u00f9ng.<\/p>\n<p><img class=\"lazy\" src=\"https:\/\/cdn.nguyenkimmall.com\/images\/companies\/_1\/Content\/dien-lanh\/may-say-quan-ao\/may-say-quan-ao-electrolux-7.5-kg-eds7552-7.jpg\" data-original=\"https:\/\/cdn.nguyenkimmall.com\/images\/companies\/_1\/Content\/dien-lanh\/may-say-quan-ao\/may-say-quan-ao-electrolux-7.5-kg-eds7552-7.jpg\" \/><\/p>\n<p>M\u00e1y s\u1ea5y Electrolux EDV7552S m\u00e0u x\u00e1c b\u1ea1c thi\u1ebft k\u1ebf hi\u1ec7n \u0111\u1ea1i, ti\u1ebft ki\u1ec7m kh\u00f4ng gian<\/p>\n<h3>Ho\u1ea1t \u0111\u1ed9ng b\u1ec1n b\u1ec9 \u00eam \u00e1i<\/h3>\n<p>M\u00e1y s\u1ea5y Electrolux EDV7552S m\u00e0u x\u00e1c b\u1ea1c l\u1ed3ng s\u1ea5y b\u1eb1ng th\u00e9p kh\u00f4ng g\u1ec9 cao\u00a0c\u1ea5p gi\u00fap t\u0103ng tu\u1ed5i th\u1ecd m\u00e1y, ng\u0103n n\u1ea5m m\u1ed1c ph\u00e1t tri\u1ec3n.\u00a0M\u00e1y s\u1ea5y qu\u1ea7n \u00e1o Electrolux\u00a0\u0111\u01b0\u1ee3c trang b\u1ecb c\u00f4ng ngh\u1ec7 chuy\u1ec3n \u0111\u1ed9ng hi\u1ec7n \u0111\u1ea1i, ti\u00ean ti\u1ebfn n\u00ean gi\u1ea3m thi\u1ec3u \u0111\u01b0\u1ee3c ti\u1ebfng \u1ed3n, gi\u00fap m\u00e1y v\u1eadn h\u00e0nh nh\u1eb9 nh\u00e0ng, \u00eam \u00e1i v\u00e0 h\u1ea1n ch\u1ebf rung l\u1eafc trong qu\u00e1 tr\u00ecnh ho\u1ea1t \u0111\u1ed9ng. B\u1ea1n c\u00f3 th\u1ec3 an t\u00e2m l\u00e0m vi\u1ec7c, h\u1ecdc t\u1eadp v\u00e0 ngh\u1ec9 ng\u01a1i m\u00e0 kh\u00f4ng s\u1ee3 ti\u1ebfng m\u00e1y l\u00e0m phi\u1ec1n.<\/p>\n<p><img class=\"lazy\" src=\"https:\/\/cdn.nguyenkimmall.com\/images\/companies\/_1\/Content\/dien-lanh\/may-say-quan-ao\/may-say-electrolux-edv7552s-7.jpg\" data-original=\"https:\/\/cdn.nguyenkimmall.com\/images\/companies\/_1\/Content\/dien-lanh\/may-say-quan-ao\/may-say-electrolux-edv7552s-7.jpg\" \/><\/p>\n<p>M\u00e1y s\u1ea5y Electrolux EDV7552S m\u00e0u x\u00e1c b\u1ea1c gi\u1ea3m thi\u1ec3u ti\u1ebfng \u1ed3n hi\u1ec7u qu\u1ea3<\/p>\n<p>&nbsp;<\/p>\n","protected":false},"excerpt":{"rendered":"<p>&#8211; T\u00ednh n\u0103ng s\u1ea5y h\u01a1i n\u01b0\u1edbc ti\u00ean ti\u1ebfn, gi\u00fap gi\u1ea3m thi\u1ec3u n\u1ebfp nh\u0103n tr\u00ean qu\u1ea7n \u00e1o, gi\u00fap qu\u1ea7n \u00e1o m\u1ec1m m\u1ea1i, gi\u1ea3m thi\u1ec3u th\u1eddi gian \u1ee7i qu\u1ea7n \u00e1o<br \/>\n&#8211; Ch\u1ee9c n\u0103ng s\u1ea5y nhanh trong 40 ph\u00fat cho kh\u1ed1i l\u01b0\u1ee3ng s\u1ea5y 2kg<br \/>\n&#8211;\u00a0\u0110i\u1ec1u ch\u1ec9nh th\u1eddi gian s\u1ea5y kh\u00f4 gi\u00fap ti\u1ebft ki\u1ec7m th\u1eddi gian tr\u00e1nh vi\u1ec7c s\u1ea5y qu\u00e1 kh\u00f4 g\u00e2y h\u01b0 h\u1ecfng qu\u1ea7n \u00e1o<\/p>\n<p>&#8211; B\u1ea3o h\u00e0nh: 24 th\u00e1ng<\/p>\n<p>&#8211; Xu\u1ea5t x\u1ee9: Th\u00e1i Lan<\/p>\n<p>&nbsp;<\/p>\n","protected":false},"featured_media":3285,"comment_status":"open","ping_status":"closed","template":"","meta":[],"_links":{"self":[{"href":"http:\/\/maudep.com.vn\/chuyengiadienmay\/index.php?rest_route=\/wp\/v2\/product\/3284"}],"collection":[{"href":"http:\/\/maudep.com.vn\/chuyengiadienmay\/index.php?rest_route=\/wp\/v2\/product"}],"about":[{"href":"http:\/\/maudep.com.vn\/chuyengiadienmay\/index.php?rest_route=\/wp\/v2\/types\/product"}],"replies":[{"embeddable":true,"href":"http:\/\/maudep.com.vn\/chuyengiadienmay\/index.php?rest_route=%2Fwp%2Fv2%2Fcomments&post=3284"}],"wp:featuredmedia":[{"embeddable":true,"href":"http:\/\/maudep.com.vn\/chuyengiadienmay\/index.php?rest_route=\/wp\/v2\/media\/3285"}],"wp:attachment":[{"href":"http:\/\/maudep.com.vn\/chuyengiadienmay\/index.php?rest_route=%2Fwp%2Fv2%2Fmedia&parent=3284"}],"curies":[{"name":"wp","href":"https:\/\/api.w.org\/{rel}","templated":true}]}}