{"id":3286,"date":"2019-01-14T18:34:20","date_gmt":"2019-01-14T11:34:20","guid":{"rendered":"http:\/\/maudep.com.vn\/chuyengiadienmay\/?post_type=product&#038;p=3286"},"modified":"2019-01-14T18:34:20","modified_gmt":"2019-01-14T11:34:20","slug":"may-say-quan-ao-electrolux-eds7552-75kg","status":"publish","type":"product","link":"http:\/\/maudep.com.vn\/chuyengiadienmay\/?product=may-say-quan-ao-electrolux-eds7552-75kg","title":{"rendered":"M\u00e1y s\u1ea5y qu\u1ea7n \u00e1o Electrolux EDS7552- 7,5Kg"},"content":{"rendered":"<h3 class=\"pd-news-title\">M\u00e1y s\u1ea5y qu\u1ea7n \u00e1o Electrolux EDS7552- 7,5Kg<\/h3>\n<div class=\"pd-news-content\">\n<h3>Thi\u1ebft k\u1ebf g\u1ecdn nh\u1eb9, ti\u1ebft ki\u1ec7m kh\u00f4ng gian<\/h3>\n<p>S\u1edf h\u1eefu thi\u1ebft k\u1ebf nh\u1ecf g\u1ecdn nh\u01b0ng kh\u00f4ng k\u00e9m ph\u1ea7n sang tr\u1ecdng,\u00a0m\u00e1y s\u1ea5y Electrolux EDS7552\u00a0s\u1ebd d\u1ec5 d\u00e0ng ph\u00f9 h\u1ee3p v\u1edbi m\u1ecdi ki\u1ec3u kh\u00f4ng gian n\u1ed9i th\u1ea5t. B\u1ea1n c\u00f3 th\u1ec3 \u0111\u1eb7t\u00a0m\u00e1y s\u1ea5y\u00a0n\u00e0y \u1edf c\u1ea1nh\u00a0m\u00e1y gi\u1eb7t, treo t\u01b0\u1eddng ho\u1eb7c \u0111\u1eb7t l\u00ean tr\u00ean\u00a0m\u00e1y gi\u1eb7t c\u1eeda tr\u01b0\u1edbc Electrolux, r\u1ea5t ti\u1ec7n \u0111\u1ec3 ti\u1ebft ki\u1ec7m di\u1ec7n t\u00edch.<\/p>\n<p><img class=\"lazy\" src=\"https:\/\/cdn.tgdd.vn\/Products\/Images\/2202\/101840\/may-say-electrolux-eds75525.jpg\" data-original=\"https:\/\/cdn.tgdd.vn\/Products\/Images\/2202\/101840\/may-say-electrolux-eds75525.jpg\" \/><\/p>\n<h3>S\u1ea5y nhanh trong v\u00f2ng 40 ph\u00fat<\/h3>\n<p>Ch\u1ee9c n\u0103ng s\u1ea5y nhanh Fast 40 \u0111\u01b0\u1ee3c t\u00edch h\u1ee3p tr\u00ean\u00a0m\u00e1y s\u1ea5y Electrolux\u00a0n\u00e0y cho hi\u1ec7u qu\u1ea3 s\u1ea5y kh\u00f4 \u0111\u00e1ng kinh ng\u1ea1c. Ch\u1ee9c n\u0103ng n\u00e0y cho ph\u00e9p s\u1ea5y kh\u00f4 2 kg qu\u1ea7n \u00e1o ch\u1ec9 trong v\u00f2ng 40 ph\u00fat, \u0111\u1eb7c bi\u1ec7t th\u00edch h\u1ee3p khi c\u1ea7n s\u1ea5y g\u1ea5p ho\u1eb7c c\u00f3 \u00edt qu\u1ea7n \u00e1o \u0111\u1ec3 s\u1ea5y.<\/p>\n<p><img class=\"lazy\" src=\"https:\/\/cdn.tgdd.vn\/Products\/Images\/2202\/101840\/electrolux-eds7552-3.jpg\" data-original=\"https:\/\/cdn.tgdd.vn\/Products\/Images\/2202\/101840\/electrolux-eds7552-3.jpg\" \/><\/p>\n<h3>C\u00f4ng ngh\u1ec7 s\u1ea5y \u0111\u1ea3o chi\u1ec1u ch\u1ed1ng r\u1ed1i hi\u1ec7u qu\u1ea3<\/h3>\n<p>C\u00f4ng ngh\u1ec7 s\u1ea5y \u0111\u1ea3o chi\u1ec1u c\u00f3 t\u00e1c d\u1ee5ng l\u00e0m cho qu\u1ea7n \u00e1o kh\u00f4ng xo\u1eafn r\u1ed1i v\u00e0o nhau trong qu\u00e1 tr\u00ecnh s\u1ea5y. Nh\u1edd \u0111\u00f3, gi\u00fap s\u1ea5y \u0111\u1ec1u h\u01a1n, kh\u00f4 nhanh h\u01a1n v\u00e0 gi\u1eef cho t\u1eebng s\u1ee3i v\u1ea3i m\u1ec1m m\u1ea1i h\u01a1n.<\/p>\n<p><img class=\"lazy\" src=\"https:\/\/cdn.tgdd.vn\/Products\/Images\/2202\/101840\/may-say-electrolux-eds75523.jpg\" data-original=\"https:\/\/cdn.tgdd.vn\/Products\/Images\/2202\/101840\/may-say-electrolux-eds75523.jpg\" \/><\/p>\n<h3>H\u1ed7 tr\u1ee3 l\u00e0 \u1ee7i Iron Aid\u2122<\/h3>\n<p>T\u00edch h\u1ee3p v\u00f2i phun n\u01b0\u1edbc d\u1ea1ng s\u01b0\u01a1ng h\u1ed7 tr\u1ee3 cho ch\u1ee9c n\u0103ng s\u1ea5y h\u01a1i n\u01b0\u1edbc ti\u00ean ti\u1ebfn mang t\u00ean h\u1ed7 tr\u1ee3 l\u00e0 \u1ee7i Iron Aid\u2122. T\u00ednh n\u0103ng n\u00e0y gi\u00fap gi\u1ea3m thi\u1ec3u \u0111\u00e1ng k\u1ec3 n\u1ebfp nh\u0103n tr\u00ean qu\u1ea7n \u00e1o, r\u1ea5t th\u00edch h\u1ee3p v\u1edbi nh\u1eefng b\u1ed9 qu\u1ea7n \u00e1o c\u00f3 ch\u1ea5t li\u1ec7u d\u1ec5 nh\u0103n nh\u01b0 \u00e1o s\u01a1 mi, qu\u1ea7n \u00e1o sau khi s\u1ea5y s\u1ebd m\u1ec1m m\u1ea1i h\u01a1n, ti\u1ebft ki\u1ec7m th\u1eddi gian h\u01a1n.<\/p>\n<p><img class=\"lazy\" src=\"https:\/\/cdn.tgdd.vn\/Products\/Images\/2202\/101840\/electrolux-eds7552-4.jpg\" data-original=\"https:\/\/cdn.tgdd.vn\/Products\/Images\/2202\/101840\/electrolux-eds7552-4.jpg\" \/><\/p>\n<h3>C\u1ea3m bi\u1ebfn th\u00f4ng minh Sensor<\/h3>\n<p>C\u1ea3m bi\u1ebfn th\u00f4ng minh Sensor tr\u00ean m\u00e1y s\u1ea5y Electrolux c\u00f3 kh\u1ea3 n\u0103ng t\u1ef1 \u0111\u1ed9ng \u0111i\u1ec1u ch\u1ec9nh th\u1eddi gian s\u1ea5y, tr\u00e1nh t\u00ecnh tr\u1ea1ng s\u1ea5y kh\u00f4 qu\u00e1 m\u1ee9c g\u00e2y h\u01b0 t\u1ed5n qu\u1ea7n \u00e1o. V\u00ec v\u1eady, b\u1ea1n ho\u00e0n to\u00e0n c\u00f3 th\u1ec3 y\u00ean t\u00e2m khi s\u1eed d\u1ee5ng.<\/p>\n<p><img class=\"lazy\" src=\"https:\/\/cdn.tgdd.vn\/Products\/Images\/2202\/101840\/electrolux-eds7552-5.jpg\" data-original=\"https:\/\/cdn.tgdd.vn\/Products\/Images\/2202\/101840\/electrolux-eds7552-5.jpg\" \/><\/p>\n<h3>L\u1ed3ng s\u1ea5y ch\u1ed1ng g\u1ec9 c\u1ef1c b\u1ec1n<\/h3>\n<p>L\u1ed3ng s\u1ea5y \u0111\u01b0\u1ee3c l\u00e0m t\u1eeb th\u00e9p ch\u1ed1ng g\u1ec9, c\u00f3 t\u00e1c d\u1ee5ng ng\u0103n ng\u1eeba n\u1ea5m m\u1ed1c, vi khu\u1ea9n \u0111\u1ec3 \u0111\u1ea3m b\u1ea3o an to\u00e0n cho s\u1ee9c kh\u1ecfe ng\u01b0\u1eddi d\u00f9ng v\u00e0 c\u0169ng gi\u00fap b\u1ea3o v\u1ec7 m\u00e1y b\u1ec1n b\u1ec9 h\u01a1n. \u0110\u1ed3ng th\u1eddi, b\u1ea1n c\u00f3 th\u1ec3 d\u1ec5 d\u00e0ng h\u01a1n trong vi\u1ec7c l\u00e0m s\u1ea1ch l\u1ed3ng sau m\u1ed7i l\u1ea7n s\u1ea5y.<\/p>\n<p><img class=\"lazy\" src=\"https:\/\/cdn.tgdd.vn\/Products\/Images\/2202\/101840\/may-say-electrolux-eds75522.jpg\" data-original=\"https:\/\/cdn.tgdd.vn\/Products\/Images\/2202\/101840\/may-say-electrolux-eds75522.jpg\" \/><\/p>\n<div class=\"cl\"><\/div>\n<\/div>\n<div class=\"nav-news-epx\"><\/div>\n","protected":false},"excerpt":{"rendered":"<p>&#8211; T\u00ednh n\u0103ng s\u1ea5y h\u01a1i n\u01b0\u1edbc ti\u00ean ti\u1ebfn, gi\u00fap gi\u1ea3m thi\u1ec3u n\u1ebfp nh\u0103n tr\u00ean qu\u1ea7n \u00e1o, gi\u00fap qu\u1ea7n \u00e1o m\u1ec1m m\u1ea1i, gi\u1ea3m thi\u1ec3u th\u1eddi gian \u1ee7i qu\u1ea7n \u00e1o<br \/>\n&#8211; Ch\u1ee9c n\u0103ng s\u1ea5y nhanh trong 40 ph\u00fat cho kh\u1ed1i l\u01b0\u1ee3ng s\u1ea5y 2kg<br \/>\n&#8211;\u00a0\u0110i\u1ec1u ch\u1ec9nh th\u1eddi gian s\u1ea5y kh\u00f4 gi\u00fap ti\u1ebft ki\u1ec7m th\u1eddi gian tr\u00e1nh vi\u1ec7c s\u1ea5y qu\u00e1 kh\u00f4 g\u00e2y h\u01b0 h\u1ecfng qu\u1ea7n \u00e1o<\/p>\n<p>&#8211; B\u1ea3o h\u00e0nh: 24 th\u00e1ng<\/p>\n<p>&#8211; Xu\u1ea5t x\u1ee9: Th\u00e1i Lan<\/p>\n<p>&nbsp;<\/p>\n","protected":false},"featured_media":3287,"comment_status":"open","ping_status":"closed","template":"","meta":[],"_links":{"self":[{"href":"http:\/\/maudep.com.vn\/chuyengiadienmay\/index.php?rest_route=\/wp\/v2\/product\/3286"}],"collection":[{"href":"http:\/\/maudep.com.vn\/chuyengiadienmay\/index.php?rest_route=\/wp\/v2\/product"}],"about":[{"href":"http:\/\/maudep.com.vn\/chuyengiadienmay\/index.php?rest_route=\/wp\/v2\/types\/product"}],"replies":[{"embeddable":true,"href":"http:\/\/maudep.com.vn\/chuyengiadienmay\/index.php?rest_route=%2Fwp%2Fv2%2Fcomments&post=3286"}],"wp:featuredmedia":[{"embeddable":true,"href":"http:\/\/maudep.com.vn\/chuyengiadienmay\/index.php?rest_route=\/wp\/v2\/media\/3287"}],"wp:attachment":[{"href":"http:\/\/maudep.com.vn\/chuyengiadienmay\/index.php?rest_route=%2Fwp%2Fv2%2Fmedia&parent=3286"}],"curies":[{"name":"wp","href":"https:\/\/api.w.org\/{rel}","templated":true}]}}