{"id":3419,"date":"2019-01-17T15:59:58","date_gmt":"2019-01-17T08:59:58","guid":{"rendered":"http:\/\/maudep.com.vn\/chuyengiadienmay\/?post_type=product&#038;p=3419"},"modified":"2019-01-17T15:59:58","modified_gmt":"2019-01-17T08:59:58","slug":"lo-vi-song-bosch-hmh-bfl634gs1b","status":"publish","type":"product","link":"http:\/\/maudep.com.vn\/chuyengiadienmay\/?product=lo-vi-song-bosch-hmh-bfl634gs1b","title":{"rendered":"L\u00f2 Vi S\u00f3ng BOSCH HMH BFL634GS1B"},"content":{"rendered":"<h3 class=\"title\">T\u1ed5ng quan chung L\u00f2 Vi S\u00f3ng BOSCH HMH BFL634GS1B<\/h3>\n<div class=\"article-content\">\n<div class=\"js-content\">\n<h2>B\u1ea1n mu\u1ed1n mua cho m\u00ecnh m\u1ed9t thi\u1ebft b\u1ecb gi\u00fap l\u00e0m b\u1ebfp d\u1ec5 d\u00e0ng v\u00e0 \u0111\u01a1n gi\u1ea3n nh\u01b0 l\u00e0 l\u00f2 vi s\u00f3ng Bosch HMH BFL634GS1B se\u0303 \u0111a\u0301p \u01b0\u0301ng mo\u0323i nhu c\u00e2\u0300u cu\u0309a ba\u0323n.\u00a0Ch\u1ee9c n\u0103ng ch\u1ee7 y\u1ebfu c\u1ee7a l\u00f2 vi s\u00f3ng (Microwave) l\u00e0 h\u00e2m n\u00f3ng, r\u00e3 \u0111\u00f4ng th\u1ef1c ph\u1ea9m,\u00a0c\u00e1c th\u1ef1c ph\u1ea9m trong l\u00f2 se\u0303 \u0111\u01b0\u1ee3c l\u00e0m n\u00f3ng v\u00e0 ch\u00edn t\u1eeb b\u00ean trong.<\/h2>\n<h3><strong>Th\u00f4ng tin chi ti\u00ea\u0301t lo\u0300 vi so\u0301ng HMH BFL634GS1B<\/strong><\/h3>\n<p>S\u1ea3n ph\u1ea9m\u00a0<strong>l\u00f2 vi s\u00f3ng Bosch\u00a0HMH BFL634GS1B<\/strong>\u00a0\u0111\u01b0\u1ee3c s\u1ea3n xu\u1ea5t b\u1eb1ng c\u00f4ng ngh\u1ec7 hi\u1ec7n \u0111\u1ea1i v\u1edbi c\u00f4ng ngh\u1ec7 t\u1eeb Ch\u00e2u \u00c2u. \u0110\u1eb7c \u0111i\u1ec3m n\u1ed5i b\u1eadt c\u1ee7a l\u00f2 vi s\u00f3ng Bosch c\u00f3 th\u1ec3 k\u1ec3 \u0111\u1ebfn nh\u01b0 :<\/p>\n<p><img title=\"lo-vi-song-bosch-hmh-bfl634gs1b\" src=\"https:\/\/bepvuson.vn\/Data\/upload\/images\/lo%CC%80%20vi%20so%CC%81ng\/MCSA00776801_423857_BFL634GS1_def.jpg\" alt=\"lo-vi-song-bosch-hmh-bfl634gs1b\" \/><\/p>\n<ul>\n<li><em>\u00a0T\u1ed5ng c\u00f4ng su\u1ea5t cu\u0309a lo\u0300 vi so\u0301ng Bosch\u00a0:\u00a01.2 kW<\/em><\/li>\n<li><em>\u00a0Hi\u1ec7u \u0111i\u1ec7n th\u1ebf: 220 \u2013 240 V<\/em><\/li>\n<li><em>\u00a0T\u1ea7n s\u1ed1: 50\/60 Hz, 10A<\/em><\/li>\n<li><em>\u00a0Chi\u1ec1u d\u00e0i d\u00e2y c\u00e1p cu\u0309a lo\u0300 vi so\u0301ng Bosch : 1,5 m, kh\u00f4ng k\u00e8m \u0111\u1ea7u c\u1eafm<\/em><\/li>\n<li><em>\u00a0Th\u1ec3 t\u00edch: 21 l\u00edt\/li&gt;<\/em><\/li>\n<li><em>\u00a0Kh\u1ed1i t\u01b0\u1ee3ng t\u1ecbnh(Net Weight): 16 kgs<\/em><\/li>\n<li><em>\u00a0Kh\u1ed1i t\u01b0\u1ee3ng to\u00e0n b\u1ed9(Gross Weight): 18 kgs<\/em><\/li>\n<li><em>\u00a0Ti\u00eau chu\u1ea9n ch\u1ea5t l\u01b0\u1ee3ng lo\u0300 vi so\u0301ng : CE, VDE<\/em><\/li>\n<li><em>\u00a0K\u00edch th\u01b0\u1edbc lo\u0300 vi so\u0301ng Bosch : 382C x 594R x 318S mm<\/em><\/li>\n<li><em>\u00a0K\u00edch th\u01b0\u1edbc h\u1ed9c b\u1ebfp: 362 \u2013 365C x 560-568R x 320S mm<\/em><\/li>\n<\/ul>\n<h3><strong>\u0110\u0103\u0323c ti\u0301nh cu\u0309a lo\u0300 vi so\u0301ng Bosch BFL634GS1B<\/strong><\/h3>\n<p><strong>L\u00f2 vi s\u00f3ng Bosch HMH BFL634GS1BE<\/strong>\u00a0\u0111\u01b0\u1ee3c s\u1ea3n xu\u1ea5t t\u1ea1i Anh Qu\u1ed1c theo ti\u00eau chu\u1ea9n c\u1ee7a \u0110\u1ee9c v\u1edbi 7 ch\u01b0\u01a1ng tr\u00ecnh n\u1ea5u t\u1ef1 \u0111\u1ed9ng Autopilot 7 gi\u00fap ch\u00fang ta d\u1ec5 dang s\u1eed d\u1ee5ng v\u00e0 ch\u1ebf bi\u1ebfn c\u00e1c m\u00f3n \u0103n v\u1edbi l\u00f2 vi s\u00f3ng c\u1ee7a Bosch.<\/p>\n<p><img title=\"lo-vi-song-bosch-hmh-bfl634gs1b-01\" src=\"https:\/\/bepvuson.vn\/Data\/upload\/images\/lo%CC%80%20vi%20so%CC%81ng\/MCSA00677389_E2850_HMT84G651_330325_Midea25L_def.jpg\" alt=\"lo-vi-song-bosch-hmh-bfl634gs1b-01\" \/><\/p>\n<ul>\n<li><em>\u00a0L\u00f2 vi s\u00f3ng Bosch BFL634GS1BE\u00a0l\u00e0 s\u1ea3n ph\u1ea9m thu\u1ed9c d\u00f2ng s\u1ea3n ph\u1ea9m th\u1ebf h\u1ec7 m\u1edbi Series 8<\/em><\/li>\n<li><em>\u00a0L\u00f2 vi s\u00f3ng Bosch BFL634GS1BE\u00a0c\u00f3 7 ch\u01b0\u01a1ng tr\u00ecnh t\u1ef1 \u0111\u1ed9ng v\u00e0 5 c\u1ea5p \u0111\u1ed9 n\u0103ng l\u01b0\u1ee3ng<\/em><\/li>\n<li><em>\u00a0L\u00f2 c\u00f3 c\u1ee7a k\u00ednh c\u00e1ch nhi\u1ec7t 3 l\u1edbp.<\/em><\/li>\n<li><em>\u00a0M\u00e0n h\u00ecnh hi\u1ec3n th\u1ecb c\u1ee7a\u00a0Bosch BFL634GSBE\u00a0l\u00e0 m\u00e0n h\u00ecnh c\u1ea3m \u1ee9ng TFT 2.5 inch hi\u1ec3n th\u1ecb m\u00e0u s\u1eafc v\u00e0 h\u00ecnh \u1ea3nh h\u01b0\u1edbng d\u1eabn.<\/em><\/li>\n<li><em>\u00a0L\u00f2 vi s\u00f3ng BFL634GS1BE\u00a0c\u00f3 ch\u1ee9c n\u0103ng h\u1eb9n gi\u1edd v\u00e0 \u0111\u1ed3ng h\u1ed3 \u0111i\u1ec7n t\u1eed hi\u1ec3n th\u1ecb.<\/em><\/li>\n<li><em>\u00a0Thi\u1ebft k\u1ebf v\u1edbi v\u00f2ng tr\u00f2n \u0111i\u1ec1u khi\u1ec3n d\u1ea1ng v\u00f2ng tr\u00f2n b\u1eb1ng inox (control wheel), c\u1eeda m\u1edf v\u1edbi b\u1ea3n l\u1ec1 b\u00ean tr\u00e1i v\u00e0 n\u00fat \u1ea5n c\u1ea3m \u1ee9ng tr\u00ean m\u00e0n h\u00ecnh.<\/em><\/li>\n<li><em>\u00a0L\u00f2 vi s\u00f3ng Bosch BFL634GS1BE\u00a0c\u00f3 \u0111\u00e8n led chi\u1ebfu s\u00e1ng b\u00ean trong l\u00f2.<\/em><\/li>\n<li><em>\u00a0Bosch BFL634GS1BE\u00a0c\u00f3 th\u00eam m\u1ed9t ch\u1ee9c n\u0103ng n\u01b0\u1edbng c\u00f9ng v\u1edbi ch\u1ee9c n\u0103ng vi s\u00f3ng.<\/em><\/li>\n<\/ul>\n<h3><strong>Ch\u01b0\u0301c n\u0103ng n\u00f4\u0309i b\u00e2\u0323t cu\u0309a lo\u0300 vi so\u0301ng\u00a0HMH BFL634GS1B<\/strong><\/h3>\n<p><strong>L\u00f2 vi s\u00f3ng Bosch\u00a0HMH BFL634GS1B<\/strong>\u00a0c\u0169ng \u0111\u01b0\u1ee3c trang b\u1ecb \u0111\u1ea7y \u0111\u1ee7 nh\u1eefng ch\u1ee9c n\u0103ng kh\u00f3a tr\u1ebb em, h\u1eb9n gi\u1edd, ti\u1ec7n d\u1ee5ng cho nh\u1eefng \u0111\u1ed1i t\u01b0\u1ee3ng s\u1eed d\u1ee5ng kh\u00e1c nhau.<\/p>\n<p><img title=\"lo-vi-song-bosch-hmh-bfl634gs1b-02\" src=\"https:\/\/bepvuson.vn\/Data\/upload\/images\/lo%CC%80%20vi%20so%CC%81ng\/den-chieu-sang-lvs-bosch.jpg\" alt=\"lo-vi-song-bosch-hmh-bfl634gs1b-02\" \/><\/p>\n<ul>\n<li><em>\u0110i\u1ec1u \u0111\u1eb7c bi\u1ec7t \u1edf l\u00f2 vi s\u00f3ng Bosch\u00a0l\u00e0 b\u1ea1n c\u00f3 th\u1ec3 h\u00e2m n\u00f3ng th\u1ee9c \u0103n m\u00e0 kh\u00f4ng c\u1ea7n ph\u1ea3i cho th\u00eam n\u01b0\u1edbc, kh\u00f4ng s\u1ee3 m\u00f3n \u0103n kh\u00f4 ch\u00e1y v\u00e0 d\u00ednh v\u00e0o nhau.<\/em><\/li>\n<li><em>L\u00f2 vi s\u00f3ng Bosch\u00a0c\u00f3 th\u1ec3 n\u1ea5u \u0111\u01b0\u1ee3c h\u1ea7u h\u1ebft c\u00e1c lo\u1ea1i th\u1ef1c ph\u1ea9m, c\u00f3 th\u1ec3 n\u1ea5u x\u00f4i b\u1eb1ng l\u00f2 vi s\u00f3ng, n\u1ea5u c\u01a1m b\u1eb1ng l\u00f2 vi s\u00f3ng, l\u00e0m th\u1ecbt x\u00f4ng kh\u00f3i b\u1eb1ng l\u00f2 vi s\u00f3ng&#8230; m\u00e0 v\u1eabn \u0111\u1ea3m b\u1ea3o th\u1ee9c \u0103n \u0111\u01b0\u1ee3c ch\u00edn \u0111\u1ec1u.<\/em><\/li>\n<li><em>L\u00f2 vi s\u00f3ng Bosch c\u00f3 ch\u1ee9c n\u0103ng r\u00e3 \u0111\u00f4ng gi\u00fap b\u1ea1n gi\u1ea3i quy\u1ebft \u0111\u01b0\u1ee3c v\u1ea5n \u0111\u1ec1 n\u00e0y m\u1ed9t c\u00e1ch d\u1ec5 d\u00e0ng v\u00e0 nhanh ch\u00f3ng. B\u1ea1n ch\u1ec9 c\u1ea7n ch\u1ecdn th\u1eddi gian r\u00e3 \u0111\u00f4ng, sau khi r\u00e3 \u0111\u00f4ng xong b\u1eb1ng l\u00f2 vi s\u00f3ng, c\u00f3 th\u1ec3 mang th\u1ee9c \u0103n \u0111i ch\u1ebf bi\u1ebfn ngay \u0111\u1ec3 tr\u00e1nh b\u1ecb vi khu\u1ea9n x\u00e2m nh\u1eadp.\u00a0<\/em><\/li>\n<\/ul>\n<\/div>\n<\/div>\n<p>&nbsp;<\/p>\n","protected":false},"excerpt":{"rendered":"<p>T\u1ed5ng quan chung L\u00f2 Vi S\u00f3ng BOSCH HMH BFL634GS1B B\u1ea1n mu\u1ed1n mua cho m\u00ecnh m\u1ed9t thi\u1ebft b\u1ecb gi\u00fap l\u00e0m b\u1ebfp &hellip; <a class=\"link-more\" href=\"http:\/\/maudep.com.vn\/chuyengiadienmay\/?product=lo-vi-song-bosch-hmh-bfl634gs1b\" class=\"more-link\">\u0110\u1ecdc th\u00eam &raquo;<span class=\"screen-reader-text\"> &#8220;L\u00f2 Vi S\u00f3ng BOSCH HMH BFL634GS1B&#8221;<\/span><\/a><\/p>\n","protected":false},"featured_media":3420,"comment_status":"open","ping_status":"closed","template":"","meta":[],"_links":{"self":[{"href":"http:\/\/maudep.com.vn\/chuyengiadienmay\/index.php?rest_route=\/wp\/v2\/product\/3419"}],"collection":[{"href":"http:\/\/maudep.com.vn\/chuyengiadienmay\/index.php?rest_route=\/wp\/v2\/product"}],"about":[{"href":"http:\/\/maudep.com.vn\/chuyengiadienmay\/index.php?rest_route=\/wp\/v2\/types\/product"}],"replies":[{"embeddable":true,"href":"http:\/\/maudep.com.vn\/chuyengiadienmay\/index.php?rest_route=%2Fwp%2Fv2%2Fcomments&post=3419"}],"wp:featuredmedia":[{"embeddable":true,"href":"http:\/\/maudep.com.vn\/chuyengiadienmay\/index.php?rest_route=\/wp\/v2\/media\/3420"}],"wp:attachment":[{"href":"http:\/\/maudep.com.vn\/chuyengiadienmay\/index.php?rest_route=%2Fwp%2Fv2%2Fmedia&parent=3419"}],"curies":[{"name":"wp","href":"https:\/\/api.w.org\/{rel}","templated":true}]}}