{"id":3431,"date":"2019-01-17T16:32:43","date_gmt":"2019-01-17T09:32:43","guid":{"rendered":"http:\/\/maudep.com.vn\/chuyengiadienmay\/?post_type=product&#038;p=3431"},"modified":"2019-01-17T16:32:43","modified_gmt":"2019-01-17T09:32:43","slug":"lo-vi-song-bosch-hmt72g650","status":"publish","type":"product","link":"http:\/\/maudep.com.vn\/chuyengiadienmay\/?product=lo-vi-song-bosch-hmt72g650","title":{"rendered":"L\u00f2 vi s\u00f3ng Bosch HMT72G650"},"content":{"rendered":"<h3 class=\"title\">T\u1ed5ng quan chung L\u00f2 vi s\u00f3ng Bosch BFL634GS1<\/h3>\n<div class=\"article-content\">\n<div class=\"js-content\">\n<h2>Do\u0300ng l\u00f2 vi s\u00f3ng Bosch BFL634GS1\u00a0kh\u00f4ng c\u1ea7n b\u00e0n (\u0111\u0129a) xoay, hi\u00ea\u0323n la\u0300 c\u00f4ng ngh\u00ea\u0323 cao c\u00e2\u0301p nh\u00e2\u0301t cu\u0309a lo\u0300 vi so\u0301ng hi\u00ea\u0323n nay, nhi\u1ec7t \u0111\u01b0\u1ee3c ph\u00e2n b\u1ed1 xoay quanh th\u1ef1c ph\u1ea9m \u0111\u1ec3 l\u00e0m ch\u00edn th\u1ef1c ph\u1ea9m, th\u01b0\u0323c ph\u00e2\u0309m se\u0303 chi\u0301n \u0111\u00ea\u0300u h\u01a1n, ngon h\u01a1n va\u0300 gi\u01b0\u0303 \u0111\u01b0\u01a1\u0323c nhi\u00ea\u0300u ch\u00e2\u0301t dinh d\u01b0\u01a1\u0303ng h\u01a1n.<\/h2>\n<h3><strong>\u01afu \u0111i\u00ea\u0309m v\u01b0\u01a1\u0323t tr\u00f4\u0323i cu\u0309a lo\u0300 vi so\u0301ng Bosch BFL634GS1<\/strong><\/h3>\n<p>Thi\u1ebft k\u1ebf\u00a0<strong>l\u00f2 vi s\u00f3ng Bosch BFL634GS1<\/strong>\u00a0sang tr\u1ecdng, tinh t\u1ebf m\u00e0 an to\u00e0n, v\u1edbi k\u00ednh 2 l\u1edbp si\u00eau b\u1ec1n tr\u00e1nh th\u1ea5t tho\u00e1t nhi\u1ec7t, v\u1ecf l\u00f2 b\u1eb1ng inox to\u00e0n ph\u1ea7n b\u1ec1n b\u1ec9 v\u1edbi th\u1eddi gian s\u1eed d\u1ee5ng.<\/p>\n<p><img title=\"lo-vi-song-bosch-bfl634gs1\" src=\"https:\/\/bepvuson.vn\/Data\/upload\/images\/lo%CC%80%20vi%20so%CC%81ng\/lo-vi-song-bosch-HMT84M654B.jpg\" alt=\"lo-vi-song-bosch-bfl634gs1\" \/><\/p>\n<ul>\n<li><em>V\u1edbi dung t\u00edch 20 l\u00edt, lo\u0300 vi so\u0301ng BFL634GS1\u00a0c\u00f3 k\u00edch th\u01b0\u1edbc nh\u1ecf g\u1ecdn, ph\u00f9 h\u1ee3p l\u1eafp \u0111\u1eb7t v\u00e0 b\u1ed1 tr\u00ed thu\u1eadn ti\u1ec7n \u1edf nhi\u1ec1u v\u1ecb tr\u00ed kh\u00e1c nhau. L\u1edbp v\u1ecf b\u1eb1ng th\u00e9p s\u01a1n t\u0129nh \u0111i\u1ec7n sang tr\u1ecdng l\u00e0m s\u00e1ng m\u1ecdi kh\u00f4ng gian b\u1ebfp. L\u1edbp v\u1ecf n\u00e0y c\u00f2n c\u00f3 \u01b0u \u0111i\u1ec3m l\u00e0 kh\u00f4ng b\u1ecb oxy h\u00f3a, kh\u00f4ng g\u1ec9 s\u00e9t, d\u1ec5 d\u00e0ng v\u1ec7 sinh, lau ch\u00f9i.<\/em><\/li>\n<li><em>M\u00e0n h\u00ecnh hi\u1ec3n th\u1ecb TFT (Thin Film Transistor) cu\u0309a lo\u0300 vi so\u0301ng Bosch cho\u00a0\u0111\u1ed9 s\u1eafc n\u00e9t cao, gi\u00fap ng\u01b0\u1eddi d\u00f9ng d\u1ec5 d\u00e0ng quan s\u00e1t, ki\u1ec3m so\u00e1t v\u00e0 \u0111i\u1ec1u ch\u1ec9nh qu\u00e1 tr\u00ecnh ho\u1ea1t \u0111\u1ed9ng c\u1ee7a l\u00f2.<\/em><\/li>\n<li><em>L\u00e0 lo\u1ea1i l\u00f2 c\u00f3 2 gi\u00e0n n\u01b0\u1edbng tr\u00ean v\u00e0 d\u01b0\u1edbi. Nh\u1edd v\u1eady, l\u01b0\u1ee3ng nhi\u1ec7t cu\u0309a lo\u0300 vi so\u0301ng Bosch\u00a0s\u1ebd \u0111\u01b0\u1ee3c ph\u00e2n b\u1ed1 \u0111\u1ec1u h\u01a1n l\u00ean th\u1ee9c \u0103n n\u00ean th\u1ee9c \u0103n s\u1ebd \u0111\u01b0\u1ee3c ch\u00edn nhanh h\u01a1n m\u00e0 v\u1eabn gi\u1eef \u0111\u01b0\u1ee3c h\u01b0\u01a1ng v\u1ecb th\u01a1m ngon.<\/em><\/li>\n<\/ul>\n<p><em>\u200b<img title=\"lo-vi-song-bosch-bfl634gs1-01\" src=\"https:\/\/bepvuson.vn\/Data\/upload\/images\/lo%CC%80%20vi%20so%CC%81ng\/kich-thuoc-lo-vi-song-bosch-bfl634gs1-cao-cap-600x600.jpg\" alt=\"lo-vi-song-bosch-bfl634gs1-01\" \/><\/em><\/p>\n<h3><strong>Ch\u01b0\u0301c n\u0103ng th\u00f4ng minh cu\u0309a lo\u0300 vi so\u0301ng BFL634GS1<\/strong><\/h3>\n<p><strong>\u00a0L\u00f2 vi s\u00f3ng Bosch BFL634GS1<\/strong>\u00a0co\u0301\u00a07 c\u00f4ng th\u1ee9c n\u1ea5u \u0103n t\u1ef1 \u0111\u1ed9ng \u0111\u01b0\u1ee3c c\u00e0i \u0111\u1eb7t trong l\u00f2. T\u1ea5t c\u1ea3 nh\u1eefng g\u00ec b\u1ea1n l\u00e0m ch\u1ec9 l\u00e0 \u0111\u1eb7t th\u1ef1c ph\u1ea9m v\u00e0o trong, ch\u1ecdn c\u00f4ng th\u1ee9c ph\u00f9 h\u1ee3p v\u00e0 nh\u1eadp tr\u1ecdng l\u01b0\u1ee3ng,\u00a0thi\u1ebft b\u1ecb s\u1ebd t\u1ef1 \u0111\u1ed9ng thi\u1ebft l\u1eadp ph\u00f9 h\u1ee3p v\u1edbi lo\u1ea1i th\u1ef1c ph\u1ea9m \u0111\u00f3.<\/p>\n<p><img title=\"lo-vi-song-bosch-bfl634gs1-02\" src=\"https:\/\/bepvuson.vn\/Data\/upload\/images\/lo%CC%80%20vi%20so%CC%81ng\/199581a4-e30a-43e5-8734-520c3b4065f9.jpg\" alt=\"lo-vi-song-bosch-bfl634gs1-02\" \/><\/p>\n<ul>\n<li><em>T\u1ef1 \u0111\u1ed9ng r\u00e3 \u0111\u00f4ng theo tr\u1ecdng l\u01b0\u1ee3ng th\u1ef1c ph\u1ea9m. B\u1ea1n ch\u1ec9 c\u1ea7n l\u1ef1a ch\u1ecdn ch\u01b0\u01a1ng tr\u00ecnh sau \u0111\u00f3 nh\u1eadp tr\u1ecdng l\u01b0\u1ee3ng th\u1ef1c ph\u1ea9m, chi\u1ebfc l\u00f2 vi s\u00f3ng s\u1ebd gi\u00fap b\u1ea1n l\u00e0m t\u1ea5t c\u1ea3 nh\u1eefng c\u00f4ng vi\u1ec7c c\u00f2n l\u1ea1i.<\/em><\/li>\n<li><em>L\u00f2 vi s\u00f3ng Bosch\u00a0c\u00f3 c\u00f4ng su\u1ea5t l\u1edbn , v\u1edbi c\u00e1c ch\u1ebf \u0111\u1ed9 nhi\u1ec7t kh\u00e1c nhau, c\u00f3 th\u1ec3 gi\u00fap b\u1ea1n l\u00e0m n\u00f3ng m\u00e0 kh\u00f4ng l\u00e0m kh\u00f4 th\u1ef1c ph\u1ea9m, kh\u00f4ng l\u00e0m r\u00fat n\u01b0\u1edbc, gi\u1eef nguy\u00ean \u0111\u1ed9 m\u1ec1m dai v\u00e0 gi\u00e1 tr\u1ecb dinh d\u01b0\u1ee1ng.\u00a0<\/em><\/li>\n<li><em>V\u1edbi ch\u1ee9c n\u0103ng r\u00e3 \u0111\u00f4ng th\u01b0\u1eddng cu\u0309a lo\u0300 vi so\u0301ng, ch\u1ec9 c\u1ea7n ch\u1ecdn th\u1eddi gian r\u00e3 \u0111\u00f4ng sau khi r\u00e3 \u0111\u00f4ng xong c\u00f3 th\u1ec3 mang th\u1ee9c \u0103n \u0111i ch\u1ebf bi\u1ebfn ngay \u0111\u1ec3 tr\u00e1nh b\u1ecb vi khu\u1ea9n x\u00e2m nh\u1eadp.<\/em><\/li>\n<\/ul>\n<\/div>\n<\/div>\n","protected":false},"excerpt":{"rendered":"<p>T\u1ed5ng quan chung L\u00f2 vi s\u00f3ng Bosch BFL634GS1 Do\u0300ng l\u00f2 vi s\u00f3ng Bosch BFL634GS1\u00a0kh\u00f4ng c\u1ea7n b\u00e0n (\u0111\u0129a) xoay, hi\u00ea\u0323n la\u0300 &hellip; <a class=\"link-more\" href=\"http:\/\/maudep.com.vn\/chuyengiadienmay\/?product=lo-vi-song-bosch-hmt72g650\" class=\"more-link\">\u0110\u1ecdc th\u00eam &raquo;<span class=\"screen-reader-text\"> &#8220;L\u00f2 vi s\u00f3ng Bosch HMT72G650&#8221;<\/span><\/a><\/p>\n","protected":false},"featured_media":3432,"comment_status":"open","ping_status":"closed","template":"","meta":[],"_links":{"self":[{"href":"http:\/\/maudep.com.vn\/chuyengiadienmay\/index.php?rest_route=\/wp\/v2\/product\/3431"}],"collection":[{"href":"http:\/\/maudep.com.vn\/chuyengiadienmay\/index.php?rest_route=\/wp\/v2\/product"}],"about":[{"href":"http:\/\/maudep.com.vn\/chuyengiadienmay\/index.php?rest_route=\/wp\/v2\/types\/product"}],"replies":[{"embeddable":true,"href":"http:\/\/maudep.com.vn\/chuyengiadienmay\/index.php?rest_route=%2Fwp%2Fv2%2Fcomments&post=3431"}],"wp:featuredmedia":[{"embeddable":true,"href":"http:\/\/maudep.com.vn\/chuyengiadienmay\/index.php?rest_route=\/wp\/v2\/media\/3432"}],"wp:attachment":[{"href":"http:\/\/maudep.com.vn\/chuyengiadienmay\/index.php?rest_route=%2Fwp%2Fv2%2Fmedia&parent=3431"}],"curies":[{"name":"wp","href":"https:\/\/api.w.org\/{rel}","templated":true}]}}