{"id":3839,"date":"2019-02-14T14:43:57","date_gmt":"2019-02-14T07:43:57","guid":{"rendered":"http:\/\/maudep.com.vn\/chuyengiadienmay\/?post_type=product&#038;p=3839"},"modified":"2019-02-14T14:43:57","modified_gmt":"2019-02-14T07:43:57","slug":"dieu-hoa-multi-daikin-18-000btu-ctxm50rvmv","status":"publish","type":"product","link":"http:\/\/maudep.com.vn\/chuyengiadienmay\/?product=dieu-hoa-multi-daikin-18-000btu-ctxm50rvmv","title":{"rendered":"\u0110i\u1ec1u h\u00f2a multi Daikin 18.000BTU CTXM50RVMV"},"content":{"rendered":"<div id=\"chitiet-1\" class=\"w-pd-i-content\">\n<p class=\"w-pd-i-c-head\">\u0110i\u1ec1u h\u00f2a multi Daikin 18.000BTU CTXM50RVMV<\/p>\n<h3 style=\"text-align: justify;\">Thi\u1ebft k\u1ebf \u0111\u01a1n gi\u1ea3n, nh\u1ecf g\u1ecdn v\u00e0 tinh t\u1ebf<\/h3>\n<p style=\"text-align: justify;\">D\u00e0n l\u1ea1nh treo t\u01b0\u1eddng \u0111i\u1ec1u h\u00f2a multi Daikin\u00a0<strong>CTXM50RVMV <\/strong>thi\u1ebft k\u1ebf nh\u1ecf g\u1ecdn \u0111i c\u00f9ng t\u00f4ng m\u00e0u tr\u1eafng tinh t\u1ebf. Ki\u1ec3u d\u00e1ng m\u00f4 ph\u1ecfng \u0111\u01b0\u1eddng cong n\u1ee5 c\u01b0\u1eddi &#8211; Smile Curve r\u1ea5t tinh t\u1ebf v\u00e0 thanh l\u1ecbch, v\u00ec v\u1eady m\u00e0 r\u1ea5t \u0111\u01b0\u1ee3c kh\u00e1ch h\u00e0ng \u01b0u \u00e1i l\u1ef1a ch\u1ecdn l\u1eafp \u0111\u1eb7t cho c\u00e1c kh\u00f4ng gian y\u00eau c\u1ea7u t\u00ednh th\u1ea9m m\u1ef9 cao v\u00e0 y\u00eau c\u1ea7u v\u1ec1 s\u1ef1 sang tr\u1ecdng. V\u1edbi c\u00f4ng su\u1ea5t 18.000BTU, <strong>Daikin CTXM50RVMV\u00a0<\/strong>s\u1ebd nhanh ch\u00f3ng l\u00e0m m\u00e1t c\u0103n ph\u00f2ng ph\u00f9 h\u1ee3p v\u1edbi nh\u1eefng c\u0103n ph\u00f2ng c\u00f3 di\u1ec7n t\u00edch &lt; 30m<sup>2<\/sup> nh\u01b0 ph\u00f2ng \u0103n, ph\u00f2ng kh\u00e1ch, ph\u00f2ng ng\u1ee7,..<\/p>\n<h3 style=\"text-align: justify;\">S\u01b0\u1edfi \u1ea5m, l\u00e0m l\u1ea1nh nhanh ch\u00f3ng<\/h3>\n<p style=\"text-align: justify;\">M\u00e1y \u0111i\u1ec1u h\u00f2a mutli 2 chi\u1ec1u <strong>Daikin CTXM50RVMV <\/strong>\u0111\u01b0\u1ee3c trang b\u1ecb c\u00f4ng ngh\u1ec7 bi\u1ebfn t\u1ea7n Inverter c\u1ee7a Daikin \u0111\u01b0\u1ee3c bi\u1ebft \u0111\u1ebfn nh\u01b0 m\u1ed9t c\u01a1 ch\u1ebf \u0111i\u1ec1u khi\u1ec3n ho\u1ea1t \u0111\u1ed9ng ch\u00ednh x\u00e1c, gi\u00fap c\u1eaft gi\u1ea3m h\u00f3a \u0111\u01a1n ti\u1ec1n \u0111i\u1ec7n so v\u1edbi c\u00e1c d\u00f2ng m\u00e1y kh\u00f4ng c\u00f3 ch\u1ee9c n\u0103ng Inverter, \u0111\u1ed3ng th\u1eddi mang l\u1ea1i s\u1ef1 ti\u1ec7n nghi tho\u1ea3i m\u00e1i v\u00e0 m\u1ed9t m\u00f4i tr\u01b0\u1eddng \u0111i\u1ec1u h\u00f2a l\u00fd t\u01b0\u1edfng ch\u1ec9 v\u1edbi m\u1ed9t n\u00fat nh\u1ea5n.<\/p>\n<p>Kh\u00e1c v\u1edbi \u0111i\u1ec1u h\u00f2a multi 1 chi\u1ec1u ch\u1ec9 c\u00f3 kh\u1ea3 n\u0103ng l\u00e0m m\u00e1t, m\u00e1y \u0111i\u1ec1u h\u00f2a multi 2 chi\u1ec1u v\u1eeba l\u00e0m m\u00e1t v\u00e0 v\u1eeba s\u01b0\u1edfi \u1ea5m. Nh\u01b0 v\u1eady, ngo\u00e0i kh\u1ea3 n\u0103ng t\u1ea1o lu\u1ed3ng kh\u00ed m\u00e1t l\u1ea1nh nh\u01b0 th\u00f4ng th\u01b0\u1eddng, \u0111i\u1ec1u h\u00f2a multi hai chi\u1ec1u c\u00f2n th\u00edch h\u1ee3p cho nh\u1eefng n\u01a1i c\u00f3 ki\u1ec3u kh\u00ed h\u1eadu l\u1ea1nh nh\u1edd kh\u1ea3 n\u0103ng s\u01b0\u1edfi \u1ea5m c\u1ee7a m\u00ecnh.<\/p>\n<h3 style=\"text-align: justify;\">M\u1eaft Th\u1ea7n Th\u00f4ng Minh (ti\u1ebft ki\u1ec7m \u0111i\u1ec7n n\u0103ng)<\/h3>\n<p style=\"text-align: justify;\">M\u1ed7i d\u00e0n l\u1ea1nh treo t\u01b0\u1eddng \u0111i\u1ec1u h\u00f2a multi Daikin \u0111\u01b0\u1ee3c trang b\u1ecb c\u1ea3m bi\u1ebfn m\u1eaft th\u1ea7n th\u00f4ng minh, m\u1eaft th\u1ea7n v\u1edbi c\u1ea3m bi\u1ebfn h\u1ed3ng ngo\u1ea1i gi\u00fap d\u00f2 t\u00ecm s\u1ef1 chuy\u1ec3n \u0111\u1ed9ng trong ph\u00f2ng. Khi kh\u00f4ng c\u00f3 ng\u01b0\u1eddi m\u00e1y s\u1ebd t\u1ef1 \u0111\u1ed9ng t\u0103ng 2C \u0111\u1ec3 ti\u1ebft ki\u1ec7m n\u0103ng l\u01b0\u1ee3ng.<\/p>\n<h3 style=\"text-align: justify;\">Tinh l\u1ecdc kh\u00f4ng kh\u00ed<\/h3>\n<p>T\u1ea5m l\u1ecdc vi b\u1ee5i Apatit Titan \u0111\u01b0\u1ee3c t\u00edch h\u1ee3p tr\u00ean d\u00e0n l\u1ea1nh \u0111i\u1ec1u h\u00f2a multi Daikin 2 chi\u1ec1u <strong>CTXM50RVMV <\/strong>c\u00f3 t\u00e1c d\u1ee5ng l\u1ecdc s\u1ea1ch vi khu\u1ea9n v\u00e0 b\u1ee5i b\u1ea9n t\u1ed3n t\u1ea1i trong kh\u00f4ng kh\u00ed. Nh\u1edd t\u1ea5m l\u1ecdc n\u00e0y, kh\u00f4ng kh\u00ed trong ph\u00f2ng s\u1ebd lu\u00f4n \u0111\u1ea3m b\u1ea3o trong l\u00e0nh v\u00e0 thanh s\u1ea1ch, b\u1ea3o v\u1ec7 t\u1ed1i \u01b0u s\u1ee9c kh\u1ecfe cho c\u00e1c th\u00e0nh vi\u00ean trong gia \u0111\u00ecnh.<\/p>\n<h3>Ch\u1ebf \u0111\u1ed9 th\u1ed5i gi\u00f3 3 chi\u1ec1u<\/h3>\n<p>Ch\u1ebf \u0111\u1ed9 th\u1ed5i gi\u00f3 3 chi\u1ec1u k\u1ebft h\u1ee3p \u0111\u1ea3o gi\u00f3 theo h\u01b0\u1edbng \u0111\u1ee9ng v\u00e0 ngang \u0111\u1ec3 tu\u1ea7n ho\u00e0n gi\u00f3 \u0111\u1ebfn m\u1ecdi ng\u00f3c ng\u00e1ch c\u1ee7a ph\u00f2ng gi\u00fap l\u00e0m m\u00e1t to\u00e0n di\u1ec7n, k\u1ec3 c\u1ea3 \u1edf c\u00e1c kh\u00f4ng gian r\u1ed9ng.<\/p>\n<h3 style=\"text-align: justify;\">Ch\u1ebf \u0111\u1ed9 ho\u1ea1t \u0111\u1ed9ng ban \u0111\u00eam<\/h3>\n<p style=\"text-align: justify;\">Ch\u1ec9 c\u1ea7n nh\u1ea5n n\u00fat Off time tr\u00ean \u0111i\u1ec1u khi\u1ec3n d\u00e0n l\u1ea1nh treo t\u01b0\u1eddng \u0111i\u1ec1u h\u00f2a multi 2 chi\u1ec1u <strong>Daikin CTXM50RVMV<\/strong> \u0111\u1ec3 l\u1ef1a ch\u1ecdn ch\u1ebf \u0111\u1ed9 c\u00e0i \u0111\u1eb7t ban \u0111\u00eam. Ch\u1ee9c n\u0103ng n\u00e0y gi\u00fap ng\u0103n l\u1ea1nh qu\u00e1 m\u1ee9c gi\u00fap b\u1ea1n ng\u1ee7 ngon gi\u1ea5c.<\/p>\n<h3 style=\"text-align: justify;\">N\u00fat B\u1eadt\/T\u1eaft Tr\u00ean D\u00e0n L\u1ea1nh<\/h3>\n<p style=\"text-align: justify;\">C\u00f3 th\u1ec3 d\u1ec5 d\u00e0ng kh\u1edfi \u0111\u1ed9ng m\u00e1y b\u1eb1ng tay trong tr\u01b0\u1eddng h\u1ee3p th\u1ea5t l\u1ea1c b\u1ed9 \u0111i\u1ec1u khi\u1ec3n t\u1eeb xa kh\u00f4ng d\u00e2y ho\u1eb7c pin \u0111i\u1ec1u khi\u1ec3n y\u1ebfu.<\/p>\n<h3 style=\"text-align: justify;\">V\u1ec7 sinh d\u1ec5 d\u00e0ng<\/h3>\n<p style=\"text-align: justify;\">V\u1edbi thi\u1ebf k\u1ebf d\u1ea1ng ph\u1eb3ng, vi\u1ec7c v\u1ec7 sinh b\u1ec1 m\u1eb7t c\u00f3 th\u1ec3 d\u1ec5 d\u00e0ng th\u1ef1c hi\u1ec7n ch\u1ec9 v\u1edbi m\u1ed9t gi\u1ebb lau.<\/p>\n<p style=\"text-align: justify;\">C\u00e0i \u0111\u1eb7t t\u1ef1 \u0111\u1ed9ng t\u1eaft\/m\u1edf m\u00e1y<\/p>\n<p style=\"text-align: justify;\">C\u00f3 th\u1ec3 c\u00e0i \u0111\u1eb7t tr\u01b0\u1edbc th\u1eddi \u0111i\u1ec3m m\u1edf v\u00e0 t\u1eaft m\u00e1y b\u1ea5t k\u1ef3 l\u00fac n\u00e0o trong kho\u1ea3ng th\u1eddi gian 24 gi\u1edd trong ng\u00e0y. Vi\u1ec7c n\u00e0y c\u00f3 th\u1ec3 th\u1ef1c hi\u1ec7n d\u1ec5 d\u00e0ng b\u1eb1ng n\u00fat nh\u1ea5n On\/Off tr\u00ean b\u1ed9 \u0111i\u1ec1u khi\u1ec3n t\u1eeb xa.<\/p>\n<h3 style=\"text-align: justify;\">Gas R32 th\u00e2n thi\u1ec7n m\u00f4i tr\u01b0\u1eddng<\/h3>\n<p style=\"text-align: justify;\">\u0110i\u1ec1u h\u00f2a multi Daikin gas R32 kh\u00f4ng ph\u00e1 h\u1ee7y t\u1ea7ng \u00d4-z\u00f4n (ODP) v\u00e0 ch\u1ec9 s\u1ed1 l\u00e0m n\u00f3ng l\u00ean to\u00e0n c\u1ea7u (GWP) ch\u1ec9 b\u1eb1ng 1\/3 so v\u1edbi ch\u1ea5t l\u00e0m l\u1ea1nh R-410A v\u00e0 R-22.<\/p>\n<\/div>\n<p>&nbsp;<\/p>\n","protected":false},"excerpt":{"rendered":"<ul class=\"l pr-des-featured\">\n<li>\u0110i\u1ec1u h\u00f2a multi Daikin CTXM50RVMV d\u00e0n l\u1ea1nh treo t\u01b0\u1eddng<\/li>\n<li>2 chi\u1ec1u (l\u1ea1nh\/s\u01b0\u1edfi) &#8211; 18.000BTU (5KW) &#8211; Gas R32<\/li>\n<li>C\u1ea3m bi\u1ebfn m\u1eaft th\u1ea7n th\u00f4ng minh<\/li>\n<li>Phin l\u1ecdc Aptatit titan di\u1ec7t khu\u1ea9n kh\u1eed m\u00f9i<\/li>\n<li>Xu\u1ea5t x\u1ee9: Ch\u00ednh h\u00e3ng Th\u00e1i Lan<\/li>\n<li>B\u1ea3o h\u00e0nh: M\u00e1y 1 n\u0103m, m\u00e1y n\u00e9n 4 n\u0103m<\/li>\n<\/ul>\n","protected":false},"featured_media":3835,"comment_status":"open","ping_status":"closed","template":"","meta":[],"_links":{"self":[{"href":"http:\/\/maudep.com.vn\/chuyengiadienmay\/index.php?rest_route=\/wp\/v2\/product\/3839"}],"collection":[{"href":"http:\/\/maudep.com.vn\/chuyengiadienmay\/index.php?rest_route=\/wp\/v2\/product"}],"about":[{"href":"http:\/\/maudep.com.vn\/chuyengiadienmay\/index.php?rest_route=\/wp\/v2\/types\/product"}],"replies":[{"embeddable":true,"href":"http:\/\/maudep.com.vn\/chuyengiadienmay\/index.php?rest_route=%2Fwp%2Fv2%2Fcomments&post=3839"}],"wp:featuredmedia":[{"embeddable":true,"href":"http:\/\/maudep.com.vn\/chuyengiadienmay\/index.php?rest_route=\/wp\/v2\/media\/3835"}],"wp:attachment":[{"href":"http:\/\/maudep.com.vn\/chuyengiadienmay\/index.php?rest_route=%2Fwp%2Fv2%2Fmedia&parent=3839"}],"curies":[{"name":"wp","href":"https:\/\/api.w.org\/{rel}","templated":true}]}}