{"id":6098,"date":"2019-05-29T14:51:08","date_gmt":"2019-05-29T07:51:08","guid":{"rendered":"http:\/\/maudep.com.vn\/chuyengiadienmay\/?post_type=product&#038;p=6098"},"modified":"2021-10-14T10:14:48","modified_gmt":"2021-10-14T03:14:48","slug":"dieu-hoa-panasonic-1-chieu-24-000btu-n24vkh-8","status":"publish","type":"product","link":"http:\/\/maudep.com.vn\/chuyengiadienmay\/?product=dieu-hoa-panasonic-1-chieu-24-000btu-n24vkh-8","title":{"rendered":"\u0110i\u1ec1u h\u00f2a Panasonic 1 chi\u1ec1u 24.000BTU N24VKH-8"},"content":{"rendered":"<h2>\u0110i\u1ec1u H\u00f2a Panasonic 1 Chi\u1ec1u 24.000BTU (CU\/CS-N24VKH-8)<\/h2>\n<p>\u0110i\u1ec1u h\u00f2a Panasonic 1 chi\u1ec1u 24.000BTU (CU\/CS-N24VKH-8) thu\u1ed9c d\u00f2ng s\u1ea3n ph\u1ea9m \u0111i\u1ec1u h\u00f2a d\u00e2n d\u1ee5ng c\u1ee7a Panasonic m\u1ed9t trong nh\u1eefng th\u01b0\u01a1ng hi\u1ec7u chuy\u00ean s\u1ea3n xu\u1ea5t ph\u00e1t tri\u1ec3n ch\u1ebf t\u1ea1o c\u00e1c d\u00f2ng \u0111i\u1ec1u h\u00f2a treo t\u01b0\u1eddng v\u1edbi nh\u1eefng t\u00ednh n\u0103ng \u01b0u vi\u1ec7t th\u00e2n thi\u1ec7n v\u1edbi ng\u01b0\u1eddi s\u1eed d\u1ee5ng.<\/p>\n<p>\u0110i\u1ec1u h\u00f2a Panasonic 1 chi\u1ec1u 24.000BTU (CU\/CS-N24VKH-8) \u0111\u01b0\u1ee3c s\u1ea3n xu\u1ea5t t\u1ea1i Malaysia \u00e1p d\u1ee5ng c\u00f4ng ngh\u1ec7 ti\u00ean ti\u1ebfn c\u1ee7a Nh\u1eadt B\u1ea3n, \u0111\u00e2y l\u00e0 d\u1ea1ng \u0111i\u1ec1u h\u00f2a d\u00e2n d\u1ee5ng\u00a0c\u00f3 1 chi\u1ec1u l\u1ea1nh v\u1edbi c\u00f4ng su\u1ea5t l\u00e0m l\u1ea1nh l\u00e0 24.000BTU ph\u00f9 h\u1ee3p v\u1edbi c\u00e1c c\u0103n ph\u00f2ng c\u00f3 di\u1ec7n t\u00edch trung b\u00ecnh 30m2. S\u1eed d\u1ee5ng Gas R32 hay c\u00f2n \u0111\u01b0\u1ee3c g\u1ecdi l\u00e0 ch\u1ea5t b\u00f4i tr\u01a1n m\u1edbi nh\u1ea5t tr\u00ean th\u1ecb tr\u01b0\u1eddng hi\u1ec7n nay. \u0110\u1eb7c bi\u1ec7t v\u00e0o m\u00f9a h\u00e8 s\u1eafp \u0111\u1ebfn n\u00e0y \u0111\u00e3 \u0111\u01b0\u1ee3c d\u1ef1 b\u00e1o s\u1ebd n\u00f3ng h\u01a1n nhi\u1ec1u so v\u1edbi c\u00e1c n\u0103m tr\u01b0\u1edbc th\u00ec ch\u1eafc h\u1eb3n vi\u1ec7c s\u1eed d\u1ee5ng 1 chi\u1ebfc\u00a0<strong>\u0111i\u1ec1u h\u00f2a treo t\u01b0\u1eddng<\/strong>\u00a0v\u1edbi m\u1ee9c gi\u00e1 kh\u00f4ng qu\u00e1 cao m\u00e0 \u0111\u1ea7y \u0111\u1ee7 t\u00ednh n\u0103ng ti\u1ec7n \u00edch nh\u01b0 n\u00e0y l\u00e0 \u0111i\u1ec1u m\u00e0 bao ng\u01b0\u1eddi m\u01a1 \u01b0\u1edbc.<\/p>\n<p><strong>\u00a0Thi\u1ebft k\u1ebf m\u1edbi n\u1ed5i b\u1eadt h\u01a1n, mang l\u1ea1i v\u1ebb \u0111\u1eb9p sang tr\u1ecdng, hi\u1ec7n \u0111\u1ea1i cho kh\u00f4ng gian n\u1ed9i th\u1ea5t c\u1ee7a gia \u0111\u00ecnh b\u1ea1n.<\/strong><\/p>\n<p>D\u00e0n l\u1ea1nh \u0111\u01b0\u1ee3c thi\u1ebft k\u1ebf l\u1ea1i ki\u1ec3u c\u00e1ch h\u01a1n, v\u1edbi \u0111\u01b0\u1eddng cong c\u00e1 t\u00ednh m\u1eb7t vi\u1ec1n s\u00e1ng b\u00f3ng khi\u1ebfn s\u1ea3n ph\u1ea9m tr\u00f4ng n\u1ed5i b\u1eadt h\u01a1n. Nh\u1eafc \u0111\u1ebfn Panasonic l\u00e0 kh\u00e1ch h\u00e0ng lu\u00f4n ngh\u0129 \u0111\u1ebfn s\u1ef1 n\u1ed5i b\u1eadt trong thi\u1ebft k\u1ebf, m\u00e1y \u0111i\u1ec1u ho\u00e0 Panasonic 24000Btu 1 chi\u1ec1u CU\/CS-N24VKH-8 mang \u0111\u1ebfn m\u1ed9t kh\u00f4ng gian hi\u1ec7n \u0111\u1ea1i, sang tr\u1ecdng cho kh\u00f4ng gian n\u1ed9i th\u1ea5t c\u1ee7a gia \u0111\u00ecnh b\u1ea1n.<\/p>\n<p><img class=\"aligncenter\" src=\"https:\/\/hopphat.com\/media\/product\/1012_dieu_hoa_panasonic_1_chieu_24_000btu_cucs_n24vkh_8_chinh_hang.jpg\" alt=\"\u0110i\u1ec1u H\u00f2a Panasonic 1 Chi\u1ec1u 24.000BTU (CU\/CS-N24VKH-8)\" width=\"600\" \/><\/p>\n<p>C\u00f4ng su\u1ea5t l\u00e0m l\u1ea1nh 24000Btu (2.5HP) l\u00e0 s\u1ef1 l\u1ef1a ch\u1ecdn h\u1ee3p l\u00fd d\u00e0nh cho nh\u1eefng c\u0103n ph\u00f2ng c\u00f3 di\u1ec7n t\u00edch t\u1eeb 35m2 \u2013 40m2. N\u1ebfu v\u01b0\u1ee3t qu\u00e1 di\u1ec7n t\u00edch quy \u0111\u1ecbnh m\u00e1y v\u1eabn ho\u1ea1t \u0111\u1ed9ng b\u00ecnh th\u01b0\u1eddng nh\u01b0ng cho k\u1ebft qu\u1ea3 l\u00e0m l\u1ea1nh k\u00e9m. Qu\u00fd kh\u00e1ch h\u00e0ng c\u1ea7n l\u01b0u \u00fd \u0111\u1ec3 c\u00f3 th\u1ec3 l\u1ef1a ch\u1ecdn \u0111\u01b0\u1ee3c m\u1ed9t s\u1ea3n ph\u1ea9m m\u00e1y \u0111i\u1ec1u ho\u00e0 kh\u00f4ng kh\u00ed \u01b0ng \u00fd v\u00e0 hi\u1ec7u qu\u1ea3.<\/p>\n<p><strong>B\u1ea3o v\u1ec7 s\u1ee9c kho\u1ebb v\u1edbi c\u00f4ng ngh\u1ec7 l\u00e0m s\u1ea1ch kh\u00f4ng kh\u00ed, kh\u00e1ng khu\u1ea9n Nanoe-G<\/strong><\/p>\n<p>L\u00e0 c\u00f4ng ngh\u1ec7 \u0111\u1eb7c tr\u01b0ng c\u1ee7a m\u00e1y \u0111i\u1ec1u h\u00f2a treo t\u01b0\u1eddng\u00a0Panasonic, \u0111em l\u1ea1i th\u00e0nh c\u00f4ng v\u00e0 t\u1ea1o n\u00ean th\u01b0\u01a1ng hi\u1ec7u Panasonic ti\u1ebfng t\u0103m tr\u00ean th\u1ecb tr\u01b0\u1eddng. C\u00f4ng ngh\u1ec7 n\u00e0y cho ph\u00e9p m\u00e1y \u0111i\u1ec1u ho\u00e0 Panasonic c\u00f3 kh\u1ea3 n\u0103ng v\u00f4 hi\u1ec7u ho\u00e1 c\u00e1c lo\u1ea1i vi khu\u1ea9n, b\u1ee5i b\u1ea9n, m\u00f9i h\u00f4i t\u1ea1i m\u00e0ng l\u1ecdc mang \u0111\u1ebfn m\u1ed9t kh\u00f4ng gian t\u01b0\u01a1i m\u00e1t, trong l\u00e0nh cho c\u0103n ph\u00f2ng c\u1ee7a b\u1ea1n.<\/p>\n<p>Nh\u1eadn th\u1ea5y v\u1ea5n \u0111\u1ec1 \u0111\u1ea3m b\u1ea3o s\u1ee9c kho\u1ebb cho kh\u00e1ch h\u00e0ng lu\u00f4n c\u1ea7n \u0111\u1eb7t l\u00ean h\u00e0ng \u0111\u1ea7u, cho n\u00ean trong n\u0103m 2019 t\u1ea5t c\u1ea3 c\u00e1c d\u00f2ng s\u1ea3n ph\u1ea9m m\u00e1y \u0111i\u1ec1u ho\u00e0 Panasonic treo t\u01b0\u1eddng \u0111\u1ec1u t\u00edch h\u1ee3p s\u1eb5n c\u00f4ng ngh\u1ec7 Nanoe-G. V\u00e0 \u0111\u01b0\u01a1ng nhi\u00ean l\u00e0 Nanoe-G hi\u1ec7n t\u1ea1i \u0111\u00e3 \u0111\u01b0\u1ee3c t\u00edch h\u1ee3p s\u1eb5n c\u1ea3 tr\u00ean nh\u1eefng d\u00f2ng s\u1ea3n ph\u1ea9m th\u00f4ng th\u01b0\u1eddng, \u0111\u00f3 l\u00e0 s\u1ef1 kh\u00e1c bi\u1ec7t m\u00e0 Panasonic \u0111\u00e3 l\u00e0m \u0111\u01b0\u1ee3c trong n\u0103m 2019 khi m\u1ed9t c\u00f4ng ngh\u1ec7 cao c\u1ea5p v\u1eabn \u0111\u01b0\u1ee3c t\u00edch h\u1ee3p tr\u00ean c\u00e1c d\u00f2ng s\u1ea3n ph\u1ea9m th\u00f4ng th\u01b0\u1eddng. Ch\u1eafc h\u1eb3n Panasonic \u0111\u00e3 hi\u1ec3u r\u00f5 \u0111\u01b0\u1ee3c vi\u1ec7c n\u00e2ng cao gi\u00e1 tr\u1ecb c\u1ee7a th\u01b0\u01a1ng hi\u1ec7u kh\u00f4ng n\u1eb1m \u1edf tr\u00ean d\u1ea3i s\u1ea3n ph\u1ea9m \u0111a d\u1ea1ng t\u1eeb cao c\u1ea5p cho \u0111\u1ebfn th\u1ea5p c\u1ea5p m\u00e0 n\u00f3 n\u1eb1m \u1edf s\u1ef1 quan t\u00e2m, d\u1ecbch v\u1ee5 ch\u0103m s\u00f3c cao c\u1ea5p d\u00e0nh cho m\u1ecdi \u0111\u1ed1i t\u01b0\u1ee3ng kh\u00e1ch hang.<\/p>\n<p><strong>Ch\u1ebf \u0111\u1ed9 l\u00e0m l\u1ea1nh nhanh iAuto<\/strong><\/p>\n<p>M\u00e1y \u0111i\u1ec1u ho\u00e0 Panasonic 24000Btu 1 chi\u1ec1u CU\/CS-N24VKH-8 \u0111\u01b0\u1ee3c trang b\u1ecb t\u00ednh n\u0103ng n\u00e0y gi\u00fap s\u1ea3n ph\u1ea9m c\u00f3 kh\u1ea3 n\u0103ng l\u00e0m l\u1ea1nh nhanh ch\u00f3ng, hi\u1ec7u qu\u1ea3. Ch\u1ec9 nh\u1ea5n n\u00fat m\u1ed9t c\u00e1ch \u0111\u01a1n gi\u1ea3n b\u1ea1n c\u00f3 th\u1ec3 t\u1eadn h\u01b0\u1edfng ngay c\u1ea3m gi\u00e1c m\u00e1t l\u1ea1nh d\u1ec5 ch\u1ecbu ch\u1ec9 sau m\u1ed9t v\u00e0i ph\u00fat ng\u1eafn ng\u1ee7i. C\u00f4ng ngh\u1ec7 r\u1ea5t h\u1eefu hi\u1ec7u \u0111em l\u1ea1i c\u1ea3m gi\u00e1c th\u01b0 gi\u00e3n, tho\u1ea3i m\u00e1i gi\u1ea3i to\u1ea3 stress cho b\u1ea1n sau nh\u1eefng ng\u00e0y l\u00e0m vi\u1ec7c c\u0103ng th\u1eb3ng, m\u1ec7t nh\u1ecdc trong ti\u1ebft tr\u1eddi n\u1eafng n\u00f3ng c\u1ee7a m\u00f9a H\u00e8.<\/p>\n<p><img class=\"aligncenter\" src=\"https:\/\/hopphat.com\/media\/product\/1012_dieu_hoa_panasonic_1_chieu_24_000btu_cucs_n24vkh_8.jpg\" alt=\"\u0110i\u1ec1u H\u00f2a Panasonic 1 Chi\u1ec1u 24.000BTU (CU\/CS-N24VKH-8) ch\u00ednh h\u00e3ng\" width=\"600\" \/><\/p>\n<p><strong>\u00a0Ch\u1ebf \u0111\u1ed9 ng\u1ee7 \u0111\u00eam \u00eam \u00e1i<\/strong><\/p>\n<p>V\u1eadn h\u00e0nh ch\u1ebf \u0111\u1ed9 ng\u1ee7 \u0111\u00eam m\u00e1y \u0111i\u1ec1u h\u00f2a Panasonic N24VKH-8\u00a0s\u1ebd t\u0103ng nhi\u1ec7t \u0111\u1ed9 \u0111\u1ed3ng th\u1eddi gi\u1ea3m t\u1ed1c \u0111\u1ed9 qu\u1ea1t gi\u00f3 \u0111em \u0111\u1ebfn n\u0103ng v\u1eadn h\u00e0nh \u00eam \u00e1i. V\u1edbi ch\u1ebf \u0111\u1ed9 n\u00e0y g\u1ea7n nh\u01b0 v\u00e0o ban \u0111\u00eam b\u1ea1n s\u1ebd kh\u00f4ng nghe th\u1ea5y ti\u1ebfng \u0111\u1ed9ng c\u01a1 ho\u1ea1t \u0111\u1ed9ng, mang \u0111\u1ebfn cho gia \u0111\u00ecnh b\u1ea1n m\u1ed9t gi\u1ea5c ng\u1ee7 s\u00e2u \u0111\u00fang ngh\u0129a v\u00e0 b\u1ea1n s\u1ebd kh\u00f4ng ph\u1ea3i lo ngh\u0129 v\u1ec1 vi\u1ec7c b\u1ecb c\u1ea3m l\u1ea1nh v\u00e0o ban \u0111\u00eam v\u00ec m\u00e1y s\u1ebd t\u1ef1 \u0111\u1ed9ng t\u0103ng nhi\u1ec7t \u0111\u1ed9 l\u00ean.<\/p>\n<p>\u0110\u00f3 l\u00e0 ph\u1ea7n n\u00e0o th\u00f4ng \u0111i\u1ec7p m\u00e0 c\u00e1c s\u1ea3n ph\u1ea9m \u0111i\u1ec1u ho\u00e0 Panasonic lu\u00f4n mu\u1ed1n truy\u1ec1n t\u1ea3i \u0111\u1ebfn cho ng\u01b0\u1eddi d\u00f9ng \u201cC\u00e1c b\u1ea1n ch\u1ec9 vi\u1ec7c t\u1eadn h\u01b0\u1edfng vi\u1ec7c c\u00f2n l\u1ea1i h\u00e3y \u0111\u1ec3 ch\u00fang t\u00f4i lo\u201d.<\/p>\n<p><strong>Ch\u1ebf \u0111\u1ed9 l\u00e0m kh\u00f4, h\u00fat \u1ea9m<\/strong><\/p>\n<p>M\u1ed9t trong nh\u1eefng lo\u1ea1i th\u1eddi ti\u1ebft m\u00e0 ch\u1eafc h\u1eb3n ai c\u0169ng kh\u00f4ng th\u00edch \u0111\u00f3 ch\u00ednh l\u00e0 n\u1ed3m \u1ea9m. N\u1ed3m \u1ea9m khi\u1ebfn c\u0103n ph\u00f2ng c\u1ee7a b\u1ea1n lu\u00f4n trong t\u00ecnh tr\u1ea1ng \u1ea9m \u01b0\u1edbt, \u0111\u1ed5 m\u1ed3 h\u00f4i \u0111\u00e2y c\u0169ng l\u00e0 m\u00f4i tr\u01b0\u1eddng thu\u1eadn l\u1ee3i t\u1ea1o \u0111i\u1ec1u ki\u1ec7n cho vi khu\u1ea9n, vi r\u00fat g\u00e2y h\u1ea1i cho s\u1ee9c kho\u1ebb sinh s\u00f4i, ph\u00e1t tri\u1ec3n. H\u00e3y \u0111\u1ec3 \u0111i\u1ec1u ho\u00e0 Panasonic CU\/CS-N24VKH-8 gi\u1ea3i to\u1ea3 n\u1ed7i lo \u0111\u00f3 cho b\u1ea1n, ch\u1ec9 c\u1ea7n l\u1ef1a ch\u1ecdn ch\u1ebf \u0111\u1ed9 \u201cDry\u201d ch\u1ec9 sau m\u1ed9t th\u1eddi gian ng\u1eafn ngu\u1ec9 c\u0103n ph\u00f2ng c\u1ee7a b\u1ea1n s\u1ebd \u0111\u01b0\u1ee3c tr\u1ea3 l\u1ea1i nh\u01b0 c\u0169, kh\u00f4 r\u00e1o h\u01a1n, tho\u00e1ng m\u00e1t h\u01a1n, vi khu\u1ea9n, vi r\u00fat s\u1ebd kh\u00f4ng c\u00f2n \u0111i\u1ec1u ki\u1ec7n \u0111\u1ec3 ph\u00e1t tri\u1ec3n mang \u0111\u1ebfn kh\u00f4ng gian tho\u00e1ng m\u00e1t, d\u1ec5 ch\u1ecbu.<\/p>\n<p><strong>T\u1ef1 \u0111\u1ed9ng ch\u1ea9n \u0111o\u00e1n l\u1ed7i khi g\u1eb7p s\u1ef1 c\u1ed1<\/strong><\/p>\n<p>Trong qu\u00e1 tr\u00ecnh s\u1eed d\u1ee5ng, khi s\u1ea3n ph\u1ea9m g\u1eb7p s\u1ef1 c\u1ed1 tr\u1ee5c tr\u1eb7c t\u00ednh n\u0103ng n\u00e0y s\u1ebd t\u1ef1 \u0111\u1ed9ng x\u00e1c \u0111\u1ecbnh l\u1ed7i g\u1eedi m\u00e3 l\u1ed7i v\u00e0o ph\u1ea7n hi\u1ec3n th\u1ecb tr\u00ean \u0111i\u1ec1u khi\u1ec3n (remote), t\u1eeb \u0111\u00f3 b\u1ea1n ho\u1eb7c k\u1ef9 thu\u1eadt c\u00f3 th\u1ec3 x\u00e1c \u0111\u1ecbnh r\u00f5 r\u00e0ng \u0111\u01b0\u1ee3c s\u1ea3n ph\u1ea9m \u0111ang g\u1eb7p tr\u1ee5c tr\u1eb7c t\u1ea1i \u0111\u00e2u. Ch\u1ee9c n\u0103ng n\u00e0y gi\u00fap qu\u00e1 tr\u00ecnh s\u1eeda ch\u1eefa, b\u1ea3o h\u00e0nh tr\u1edf n\u00ean nhanh ch\u00f3ng, thu\u1eadn ti\u1ec7n h\u01a1n, ti\u1ebft ki\u1ec7m chi ph\u00ed cho ng\u01b0\u1eddi s\u1eed d\u1ee5ng.<\/p>\n<p>&nbsp;<\/p>\n","protected":false},"excerpt":{"rendered":"<div class=\"short-description\">\n<div class=\"std\">&#8211; Lo\u1ea1i \u0111i\u1ec1u h\u00f2a: \u0110i\u1ec1u h\u00f2a treo t\u01b0\u1eddng<br \/>\n&#8211; Kh\u1ed1i trong nh\u00e0: CS-N24VKH-8<br \/>\n&#8211; Kh\u1ed1i ngo\u00e0i tr\u1eddi: CU-N24VKH-8<br \/>\n&#8211; C\u00f4ng su\u1ea5t l\u1ea1nh: 24000BTU (2.5HP)<br \/>\n&#8211; Ph\u1ea1m vi l\u00e0m l\u1ea1nh: 35m\u00b2 &#8211; 40m\u00b2<br \/>\n&#8211; Chi\u1ec1u: \u0110i\u1ec1u h\u00f2a 1 chi\u1ec1u l\u1ea1nh<br \/>\n&#8211; C\u00f4ng ngh\u1ec7 Inverter: Kh\u00f4ng c\u00f3<br \/>\n&#8211; M\u00f4i ch\u1ea5t l\u00e0m l\u1ea1nh: R32<\/div>\n<\/div>\n<div class=\"add-to-box\">\n<div class=\"single-product-action\"><i class=\"fa fa-facebook\"><\/i>\u00a0<i class=\"fa fa-twitter\"><\/i>\u00a0<i class=\"fa fa-google-plus\"><\/i><\/div>\n<\/div>\n","protected":false},"featured_media":6099,"comment_status":"open","ping_status":"closed","template":"","meta":[],"_links":{"self":[{"href":"http:\/\/maudep.com.vn\/chuyengiadienmay\/index.php?rest_route=\/wp\/v2\/product\/6098"}],"collection":[{"href":"http:\/\/maudep.com.vn\/chuyengiadienmay\/index.php?rest_route=\/wp\/v2\/product"}],"about":[{"href":"http:\/\/maudep.com.vn\/chuyengiadienmay\/index.php?rest_route=\/wp\/v2\/types\/product"}],"replies":[{"embeddable":true,"href":"http:\/\/maudep.com.vn\/chuyengiadienmay\/index.php?rest_route=%2Fwp%2Fv2%2Fcomments&post=6098"}],"wp:featuredmedia":[{"embeddable":true,"href":"http:\/\/maudep.com.vn\/chuyengiadienmay\/index.php?rest_route=\/wp\/v2\/media\/6099"}],"wp:attachment":[{"href":"http:\/\/maudep.com.vn\/chuyengiadienmay\/index.php?rest_route=%2Fwp%2Fv2%2Fmedia&parent=6098"}],"curies":[{"name":"wp","href":"https:\/\/api.w.org\/{rel}","templated":true}]}}