{"id":6245,"date":"2019-06-03T14:14:26","date_gmt":"2019-06-03T07:14:26","guid":{"rendered":"http:\/\/maudep.com.vn\/chuyengiadienmay\/?post_type=product&#038;p=6245"},"modified":"2019-06-03T14:14:27","modified_gmt":"2019-06-03T07:14:27","slug":"dieu-hoa-gree-1-chieu-18-000btu-inverter-gwc12ca","status":"publish","type":"product","link":"http:\/\/maudep.com.vn\/chuyengiadienmay\/?product=dieu-hoa-gree-1-chieu-18-000btu-inverter-gwc12ca","title":{"rendered":"\u0110i\u1ec1u h\u00f2a Gree  1 chi\u1ec1u 18.000BTU Inverter GWC12CA"},"content":{"rendered":"<h3 class=\"pd-news-title\">\u0110i\u1ec1u h\u00f2a 1 chi\u1ec1u Inverter Gree GWC12CA-K3DNC2I &#8211; 12000BTU<\/h3>\n<div class=\"pd-news-content\">\n<h3>Thi\u1ebft k\u1ebf nh\u1ecf g\u1ecdn, ti\u1ec7n d\u1ee5ng<\/h3>\n<p>M\u00e1y lanh Gree Inverter 12.000 BTU\u00a0GWC12CA-K3DNC2I\u00a0\u0111\u1ebfn t\u1eeb h\u00e3ng s\u1ea3n xu\u1ea5t \u0111i\u1ec7n l\u1ea1nh r\u1ea5t n\u1ed5i ti\u1ebfng Gree. M\u00e1y c\u00f3 thi\u1ebft k\u1ebf nh\u1ecf g\u1ecdn c\u00f9ng m\u00e0n h\u00ecnh LED hi\u1ec3n th\u1ecb nhi\u1ec7t \u0111\u1ed9 ngay tr\u00ean d\u00e0n l\u1ea1nh gi\u00fap b\u1ea1n d\u1ec5 d\u00e0ng theo d\u00f5i, thao t\u00e1c \u0111i\u1ec1u ch\u1ec9nh nhi\u1ec7t \u0111\u1ed9.<\/p>\n<p>V\u1edbi\u00a0c\u00f4ng su\u1ea5t 12.000 BTU, s\u1ea3n ph\u1ea9m n\u00e0y s\u1ebd r\u1ea5t ph\u00f9 h\u1ee3p v\u1edbi nh\u1eefng gian ph\u00f2ng c\u00f3 di\u1ec7n t\u00edch t\u1eeb 15 \u0111\u1ebfn 20 m2 nh\u01b0 ph\u00f2ng h\u1ecdc, ph\u00f2ng ng\u1ee7 hay ph\u00f2ng l\u00e0m vi\u1ec7c,&#8230;<\/p>\n<p><img class=\"lazy\" src=\"https:\/\/cdn.tgdd.vn\/Products\/Images\/2002\/153924\/gree-gwc12ca-k3dnc2i-thiet-ke.jpg\" data-original=\"https:\/\/cdn.tgdd.vn\/Products\/Images\/2002\/153924\/gree-gwc12ca-k3dnc2i-thiet-ke.jpg\" \/><\/p>\n<h3>Ti\u1ebft ki\u1ec7m \u0111i\u1ec7n n\u0103ng t\u1ed1i \u01b0u c\u00f9ng c\u00f4ng ngh\u1ec7 Inverter<\/h3>\n<p>M\u00e1y l\u1ea1nh\u00a0thu\u1ed9c ph\u00e2n kh\u00fac b\u00ecnh d\u00e2n nh\u01b0ng v\u1eabn \u0111\u01b0\u1ee3c trang b\u1ecb c\u00f4ng ngh\u1ec7 Inverter ti\u00ean ti\u1ebfn nh\u1ea5t. V\u1edbi kh\u1ea3 n\u0103ng ti\u1ebft ki\u1ec7m \u0111i\u1ec7n hi\u1ec7u qu\u1ea3 l\u00ean \u0111\u1ebfn 50% so v\u1edbi c\u00e1c m\u00e1y l\u1ea1nh th\u01b0\u1eddng, gi\u00fap b\u1ea1n b\u1edbt \u0111i n\u1ed7i lo v\u1ec1 chi ph\u00ed \u0111i\u1ec7n h\u00e0ng th\u00e1ng.<\/p>\n<p>Ngo\u00e0i ra,\u00a0c\u00f4ng ngh\u1ec7 Inverter\u00a0c\u00f2n gi\u00fap nhi\u1ec7t \u0111\u1ed9 lu\u00f4n \u1ed5n \u0111\u1ecbnh \u1edf m\u1ee9c c\u00e0i \u0111\u1eb7t, l\u00e0m l\u1ea1nh nhanh h\u01a1n, h\u01a1i l\u1ea1nh lan to\u1ea3 \u0111\u1ed3ng \u0111\u1ec1u, ho\u1ea1t \u0111\u1ed9ng \u00eam \u00e1i v\u00e0 b\u1ec1n b\u1ec9. \u0110\u1eb7c bi\u1ec7t, Gree c\u00f2n c\u00f3 ch\u00ednh s\u00e1ch b\u1ea3o h\u00e0nh m\u00e1y n\u00e9n l\u00ean \u0111\u1ebfn 5 n\u0103m cho b\u1ea1n y\u00ean t\u00e2m s\u1eed d\u1ee5ng.<\/p>\n<p><img class=\"lazy\" src=\"https:\/\/cdn.tgdd.vn\/Products\/Images\/2002\/92014\/Slider\/vi-vn-may-lanh-gree-gwc12ma-k3dnc2i-2.jpg\" data-original=\"https:\/\/cdn.tgdd.vn\/Products\/Images\/2002\/92014\/Slider\/vi-vn-may-lanh-gree-gwc12ma-k3dnc2i-2.jpg\" \/><\/p>\n<h3>Ch\u1ebf \u0111\u1ed9 Turbo l\u00e0m l\u1ea1nh nhanh, mang l\u1ea1i c\u1ea3m gi\u00e1c tho\u1ea3i m\u00e1i t\u1ee9c th\u00ec<\/h3>\n<p>Ch\u1ebf \u0111\u1ed9 Turbo\u00a0l\u00e0m l\u1ea1nh nhanh cho m\u00e1y ho\u1ea1t \u0111\u1ed9ng h\u1ebft c\u00f4ng su\u1ea5t, t\u0103ng l\u01b0u l\u01b0\u1ee3ng gi\u00f3 th\u1ed5i ra m\u1ea1nh h\u01a1n v\u00e0 xa h\u01a1n trong v\u00f2ng 3 ph\u00fat \u0111\u1ec3 nhanh ch\u00f3ng \u0111\u01b0a c\u0103n ph\u00f2ng \u0111\u1ebfn nhi\u1ec7t \u0111\u1ed9 c\u00e0i \u0111\u1eb7t. B\u1ea1n s\u1ebd c\u1ea3m nh\u1eadn \u0111\u01b0\u1ee3c s\u1ef1 m\u00e1t l\u1ea1nh t\u1ee9c th\u00ec m\u00e0 kh\u00f4ng ph\u1ea3i ch\u1edd \u0111\u1ee3i qu\u00e1 l\u00e2u.<\/p>\n<p><img class=\"lazy\" src=\"https:\/\/cdn.tgdd.vn\/Products\/Images\/2002\/92014\/dieu-hoa-gree-gwc12ma-k3dnc2i-4.jpg\" data-original=\"https:\/\/cdn.tgdd.vn\/Products\/Images\/2002\/92014\/dieu-hoa-gree-gwc12ma-k3dnc2i-4.jpg\" \/><\/p>\n<h3>Ti\u1ec7n l\u1ee3i h\u01a1n v\u1edbi ch\u1ebf \u0111\u1ed9 l\u00e0m m\u00e1t I-Feel, l\u00e0m l\u1ea1nh nhanh \u1edf khu v\u1ef1c mong mu\u1ed1n<\/h3>\n<p>Khi b\u1ea1n ch\u1ec9 mu\u1ed1n t\u1eadp trung l\u00e0m m\u00e1t quanh khu v\u1ef1c c\u1ee7a m\u00ecnh th\u00ec m\u00e1y l\u1ea1nh Gree n\u00e0y s\u1ebd gi\u1ea3i quy\u1ebft \u0111\u01b0\u1ee3c \u0111i\u1ec1u \u0111\u00f3. M\u00e1y c\u00f3 2 c\u1ea3m bi\u1ebfn, 1 tr\u00ean remote v\u00e0 1 tr\u00ean d\u00e0n l\u1ea1nh, khi k\u00edch ho\u1ea1t\u00a0ch\u1ebf \u0111\u1ed9 I-Feel\u00a0tr\u00ean remote, 2 c\u1ea3m bi\u1ebfn n\u00e0y s\u1ebd t\u01b0\u01a1ng t\u00e1c v\u1edbi nhau, h\u01b0\u1edbng gi\u00f3 s\u1ebd \u0111\u01b0\u1ee3c \u0111i\u1ec1u ch\u1ec9nh \u0111\u1ebfn v\u1ecb tr\u00ed \u0111\u1eb7t remote. T\u00ednh n\u0103ng n\u00e0y s\u1ebd gi\u00fap b\u1ea1n c\u00f3 nh\u1eefng gi\u00e2y ph\u00fat ngh\u1ec9 ng\u01a1i tho\u1ea3i m\u00e1i nh\u1ea5t m\u00e0 kh\u00f4ng l\u00e0m \u1ea3nh h\u01b0\u1edfng \u0111\u1ebfn ng\u01b0\u1eddi kh\u00e1c.<\/p>\n<p>&nbsp;<\/p>\n<p><iframe loading=\"lazy\" src=\"https:\/\/www.youtube.com\/embed\/yMIdsZJpjWU\" width=\"745\" height=\"400\" frameborder=\"0\" scrolling=\"no\" data-mce-fragment=\"1\"><\/iframe><\/p>\n<h3>Kh\u00e1ng khu\u1ea9n kh\u1eed m\u00f9i ti\u00ean ti\u1ebfn v\u1edbi m\u00e0ng l\u1ecdc b\u1ea3o v\u1ec7 s\u1ee9c kho\u1ebb<\/h3>\n<p>Chi\u1ebfc\u00a0m\u00e1y l\u1ea1nh c\u1ee7a Gree\u00a0n\u00e0y c\u00f2n \u0111\u01b0\u1ee3c trang b\u1ecb t\u1ea5m l\u1ecdc nhi\u1ec1u l\u1edbp c\u00f3 kh\u1ea3 n\u0103ng ng\u0103n b\u1ee5i, vi khu\u1ea9n v\u00e0 n\u1ea5m m\u1ed1c b\u1ea3o v\u1ec7 s\u1ee9c kh\u1ecfe cho c\u1ea3 gia \u0111\u00ecnh th\u00e2n y\u00eau.<\/p>\n<p><iframe loading=\"lazy\" src=\"https:\/\/www.youtube.com\/embed\/Jt79ABEmUv8\" width=\"745\" height=\"400\" frameborder=\"0\" scrolling=\"no\" data-mce-fragment=\"1\"><\/iframe><\/p>\n<div class=\"cl\"><\/div>\n<\/div>\n<div class=\"nav-news-epx\"><\/div>\n","protected":false},"excerpt":{"rendered":"<ul class=\"l pr-des-featured\">\n<li>D\u00f2ng treo t\u01b0\u1eddng Inverter Cozy<\/li>\n<li>1 chi\u1ec1u &#8211; 12.000BTU &#8211; Gas R410a<\/li>\n<li>Ti\u1ebft ki\u1ec7m \u0111i\u1ec7n v\u01b0\u1ee3t tr\u1ed9i, M\u00e0ng l\u1ecdc m\u1eadt \u0111\u1ed9 cao<\/li>\n<li>L\u00e0m l\u1ea1nh nhanh, c\u1ea3m bi\u1ebfn Ifeel<\/li>\n<li>Xu\u1ea5t x\u1ee9: Ch\u00ednh h\u00e3ng Trung Qu\u1ed1c<\/li>\n<li>B\u1ea3o h\u00e0nh: M\u00e1y 3 n\u0103m, m\u00e1y n\u00e9n 5 n\u0103m<\/li>\n<\/ul>\n","protected":false},"featured_media":6235,"comment_status":"open","ping_status":"closed","template":"","meta":[],"_links":{"self":[{"href":"http:\/\/maudep.com.vn\/chuyengiadienmay\/index.php?rest_route=\/wp\/v2\/product\/6245"}],"collection":[{"href":"http:\/\/maudep.com.vn\/chuyengiadienmay\/index.php?rest_route=\/wp\/v2\/product"}],"about":[{"href":"http:\/\/maudep.com.vn\/chuyengiadienmay\/index.php?rest_route=\/wp\/v2\/types\/product"}],"replies":[{"embeddable":true,"href":"http:\/\/maudep.com.vn\/chuyengiadienmay\/index.php?rest_route=%2Fwp%2Fv2%2Fcomments&post=6245"}],"wp:featuredmedia":[{"embeddable":true,"href":"http:\/\/maudep.com.vn\/chuyengiadienmay\/index.php?rest_route=\/wp\/v2\/media\/6235"}],"wp:attachment":[{"href":"http:\/\/maudep.com.vn\/chuyengiadienmay\/index.php?rest_route=%2Fwp%2Fv2%2Fmedia&parent=6245"}],"curies":[{"name":"wp","href":"https:\/\/api.w.org\/{rel}","templated":true}]}}