{"id":6414,"date":"2019-06-25T15:00:33","date_gmt":"2019-06-25T08:00:33","guid":{"rendered":"http:\/\/maudep.com.vn\/chuyengiadienmay\/?post_type=product&#038;p=6414"},"modified":"2019-06-25T15:09:52","modified_gmt":"2019-06-25T08:09:52","slug":"dan-nong-daikin-multi-1-chieu-17-700btu-3mkm52rvmv","status":"publish","type":"product","link":"http:\/\/maudep.com.vn\/chuyengiadienmay\/?product=dan-nong-daikin-multi-1-chieu-17-700btu-3mkm52rvmv","title":{"rendered":"D\u00e0n n\u00f3ng Daikin Multi 1 chi\u1ec1u 17.700BTU 3MKM52RVMV"},"content":{"rendered":"<h2><strong>D\u00e0n n\u00f3ng \u0111i\u1ec1u h\u00f2a multi Daikin 1 chi\u1ec1u 17.700BTU 3MKM52RVMV<\/strong><\/h2>\n<p>Daikin cho ra th\u1ecb tr\u01b0\u1eddng m\u1ed9t gi\u1ea3i ph\u00e1p \u0111i\u1ec1u h\u00f2a Multi 1 chi\u1ec1u l\u1ea1nh 3MKM52RVMV m\u1ed9t d\u00e0n n\u00f3ng k\u1ebft h\u1ee3p 3 d\u00e0n l\u1ea1nh s\u1eed d\u1ee5ng gas R32 kh\u00f4ng ph\u00e1 h\u1ee7y t\u1ea7ng Ozon, gi\u1ea3m t\u00e1c nh\u00e2n g\u00e2y n\u00f3ng to\u00e0n c\u1ea7u,t\u0103ng c\u01b0\u1eddng hi\u1ec7u su\u1ea5t s\u1eed d\u1ee5ng n\u0103ng l\u01b0\u1ee3ng. C\u00f4ng su\u1ea5t 18.000Btu.\u00a0D\u00e0n n\u00f3ng \u0111i\u1ec1u h\u00f2a multi Daikin 1 chi\u1ec1u 17.700BTU 3MKM52RVMV \u0111\u01b0\u1ee3c nh\u1eadp kh\u1ea9u ch\u00ednh h\u00e3ng Th\u00e1i Lan.<\/p>\n<p>Ch\u1ec9 v\u1edbi duy nh\u1ea5t m\u1ed9t d\u00e0n n\u00f3ng b\u1ea1n c\u00f3 th\u1ec3 ki\u1ec3m so\u00e1t hi\u1ec7u qu\u1ea3 nhi\u1ec7t \u0111\u1ed9 trong to\u00e0n b\u1ed9 ng\u00f4i nh\u00e0. T\u0103ng t\u00ednh h\u00e0i h\u00f2a n\u1ed9i th\u1ea5t nh\u1edd s\u1ea3n ph\u1ea9m c\u00f4ng ngh\u1ec7 ti\u00ean ti\u1ebfn c\u1ee7a Daikin, b\u1ea1n s\u1ebd c\u00f3 nhi\u1ec1u s\u1ef1 l\u1ef1a ch\u1ecdn d\u00e0n l\u1ea1nh ph\u00f9 h\u1ee3p v\u1edbi thi\u1ebft k\u1ebf n\u1ed9i th\u1ea5t trong c\u0103n nh\u00e0 b\u1ea1n, \u0111em l\u1ea1i s\u1ef1 tinh t\u1ebf sang trong,th\u1ea9m m\u1ef9 cao.<\/p>\n<p><img class=\"aligncenter\" src=\"https:\/\/hopphat.com\/media\/product\/781_dan_nong_dieu_hoa_multi_daikin_1_chieu_18_000btu_3mkm52rvmv.png\" alt=\"D\u00e0n n\u00f3ng \u0111i\u1ec1u h\u00f2a multi Daikin 1 chi\u1ec1u 17.700BTU 3MKM52RVMV\" width=\"650\" \/><\/p>\n<p><strong>C\u00f4ng ngh\u1ec7 c\u1ee7a d\u00f2ng Super Multi NX<\/strong><br \/>\nC\u00e1nh qu\u1ea1t c\u00f3 r\u0103ng c\u01b0a l\u00e0m gi\u1ea3m s\u1ef1 t\u00e1c \u0111\u1ed9ng c\u1ee7a kh\u00f4ng kh\u00ed tr\u00ean b\u1ec1 m\u1eb7t c\u1ee7a c\u00e1nh qu\u1ea1t v\u00e0 h\u1ea1n ch\u1ebf s\u1ef1 h\u1ed7n lo\u1ea1n d\u00f2ng kh\u00ed, t\u1ea1o ra m\u00f4i tr\u01b0\u1eddng y\u00ean t\u0129nh cho kh\u00f4ng gian s\u1ed1ng c\u1ee7a b\u1ea1n.<\/p>\n<p>M\u00e1y n\u00e9n Swing ti\u1ebfng \u1ed3n t\u1eeb d\u00e0n n\u00f3ng kh\u00f4ng c\u00f2n l\u00e0 m\u1ed1i quan t\u00e2m c\u1ee7a b\u1ea1n, m\u00e1y n\u00e9n Swing m\u1ea1nh m\u1ebd v\u1edbi m\u1ed9t bu\u1ed3ng n\u00e9n v\u00e0 d\u1ea7u b\u00f4i tr\u01a1n hi\u1ec7u su\u1ea5t cao,cho ph\u00e9p \u0111\u1ed9ng c\u01a1 ho\u1ea1t \u0111\u1ed9ng tr\u01a1n tru v\u00e0 hi\u1ec7u qu\u1ea3 h\u01a1n.<\/p>\n<p><strong>Ti\u1ebft ki\u1ec7m n\u0103ng l\u01b0\u1ee3ng<\/strong><br \/>\n\u0110\u1ed9ng c\u01a1 DC t\u1eeb tr\u1edf v\u1edbi c\u00f4ng ngh\u1ec7 ti\u00ean ti\u1ebfn nh\u1ea5t, t\u1ea5t c\u1ea3 c\u00e1c m\u00e1y n\u00e9n Super Multi NX\u00a0\u0111\u00e3 \u0111\u01b0\u1ee3c trang b\u1ecb \u0111\u1ed9ng c\u01a1 \u0111i\u1ec7n 1 chi\u1ec1u ki\u1ec3u t\u1eeb tr\u1edf cho m\u00e1y n\u00e9n.<\/p>\n<p><strong>Hi\u1ec7u su\u1ea5t v\u01b0\u1ee3t tr\u1ed9i<\/strong><br \/>\nC\u00f4ng ngh\u1ec7 inverter- B\u1ed9 PCB bi\u1ebfn t\u1ea7n ho\u1ea1t \u0111\u1ed9ng t\u01b0\u01a1ng t\u1ef1 nh\u01b0 b\u1ed9 t\u0103ng t\u1ed1c c\u1ee7a m\u1ed9t xe h\u01a1i, c\u00f3 th\u1ec3 nh\u1eb9 nh\u00e0ng t\u0103ng ho\u1eb7c gi\u1ea3m c\u00f4ng su\u1ea5t. N\u00f3 \u0111\u1ea3m b\u1ea3o r\u1eb1ng nhi\u1ec7t \u0111\u1ed9 c\u00e0i \u0111\u1eb7t c\u1ee7a b\u1ea1n c\u00f3 th\u1ec3 \u0111\u1ea1t \u0111\u01b0\u1ee3c nhanh ch\u00f3ng v\u00e0 duy tr\u00ec li\u00ean t\u1ee5c.<\/p>\n<p>&nbsp;<\/p>\n","protected":false},"excerpt":{"rendered":"<p>&nbsp;<\/p>\n<ul>\n<li>D\u00e0n n\u00f3ng \u0111i\u1ec1u h\u00f2a multi Daikin 3MKM52RVMV<\/li>\n<li>1 chi\u1ec1u &#8211; 18.000BTU (5.2KW) &#8211; Gas R32 &#8211; 1 pha<\/li>\n<li>Ti\u1ebft ki\u1ec7m n\u0103ng l\u01b0\u1ee3ng, hi\u1ec7u su\u1ea5t v\u01b0\u1ee3t tr\u1ed9i<\/li>\n<li>L\u00e0m l\u1ea1nh th\u00f4ng minh, d\u1ec5 l\u1eafp \u0111\u1eb7t<\/li>\n<li>Xu\u1ea5t x\u1ee9: Ch\u00ednh h\u00e3ng Th\u00e1i Lan<\/li>\n<li>B\u1ea3o h\u00e0nh: M\u00e1y 1 n\u0103m, m\u00e1y n\u00e9n 4 n\u0103m<\/li>\n<\/ul>\n<p>&nbsp;<\/p>\n","protected":false},"featured_media":6407,"comment_status":"open","ping_status":"closed","template":"","meta":[],"_links":{"self":[{"href":"http:\/\/maudep.com.vn\/chuyengiadienmay\/index.php?rest_route=\/wp\/v2\/product\/6414"}],"collection":[{"href":"http:\/\/maudep.com.vn\/chuyengiadienmay\/index.php?rest_route=\/wp\/v2\/product"}],"about":[{"href":"http:\/\/maudep.com.vn\/chuyengiadienmay\/index.php?rest_route=\/wp\/v2\/types\/product"}],"replies":[{"embeddable":true,"href":"http:\/\/maudep.com.vn\/chuyengiadienmay\/index.php?rest_route=%2Fwp%2Fv2%2Fcomments&post=6414"}],"wp:featuredmedia":[{"embeddable":true,"href":"http:\/\/maudep.com.vn\/chuyengiadienmay\/index.php?rest_route=\/wp\/v2\/media\/6407"}],"wp:attachment":[{"href":"http:\/\/maudep.com.vn\/chuyengiadienmay\/index.php?rest_route=%2Fwp%2Fv2%2Fmedia&parent=6414"}],"curies":[{"name":"wp","href":"https:\/\/api.w.org\/{rel}","templated":true}]}}