{"id":6507,"date":"2019-07-01T09:02:11","date_gmt":"2019-07-01T02:02:11","guid":{"rendered":"http:\/\/maudep.com.vn\/chuyengiadienmay\/?post_type=product&#038;p=6507"},"modified":"2019-07-01T09:02:12","modified_gmt":"2019-07-01T02:02:12","slug":"sumikura-cassette-1-chieu-60-000btu-gas-r410apc-apo-600","status":"publish","type":"product","link":"http:\/\/maudep.com.vn\/chuyengiadienmay\/?product=sumikura-cassette-1-chieu-60-000btu-gas-r410apc-apo-600","title":{"rendered":"Sumikura Cassette 1 chi\u1ec1u 60.000BTU Gas R410APC\/APO-600"},"content":{"rendered":"","protected":false},"excerpt":{"rendered":"<ul class=\"l pr-des-featured\">\n<li>\u0110i\u1ec1u h\u00f2a \u00e2m tr\u1ea7n \u0111a h\u01b0\u1edbng th\u1ed5i<\/li>\n<li>1 chi\u1ec1u &#8211; 60.000BTU &#8211; 3 Pha<\/li>\n<li>L\u00e0m l\u1ea1nh nhanh, ho\u1ea1t \u0111\u1ed9ng \u00eam \u00e1i<\/li>\n<li>T\u1ef1 kh\u1edfi \u0111\u1ed9ng l\u1ea1i khi m\u1ea5t \u0111i\u1ec7n<\/li>\n<li>Xu\u1ea5t x\u1ee9: Ch\u00ednh h\u00e3ng Malaysia<\/li>\n<li>B\u1ea3o h\u00e0nh: Ch\u00ednh h\u00e3ng 24 th\u00e1ng<\/li>\n<\/ul>\n","protected":false},"featured_media":6508,"comment_status":"open","ping_status":"closed","template":"","meta":[],"_links":{"self":[{"href":"http:\/\/maudep.com.vn\/chuyengiadienmay\/index.php?rest_route=\/wp\/v2\/product\/6507"}],"collection":[{"href":"http:\/\/maudep.com.vn\/chuyengiadienmay\/index.php?rest_route=\/wp\/v2\/product"}],"about":[{"href":"http:\/\/maudep.com.vn\/chuyengiadienmay\/index.php?rest_route=\/wp\/v2\/types\/product"}],"replies":[{"embeddable":true,"href":"http:\/\/maudep.com.vn\/chuyengiadienmay\/index.php?rest_route=%2Fwp%2Fv2%2Fcomments&post=6507"}],"wp:featuredmedia":[{"embeddable":true,"href":"http:\/\/maudep.com.vn\/chuyengiadienmay\/index.php?rest_route=\/wp\/v2\/media\/6508"}],"wp:attachment":[{"href":"http:\/\/maudep.com.vn\/chuyengiadienmay\/index.php?rest_route=%2Fwp%2Fv2%2Fmedia&parent=6507"}],"curies":[{"name":"wp","href":"https:\/\/api.w.org\/{rel}","templated":true}]}}