{"id":6582,"date":"2021-10-13T10:25:44","date_gmt":"2021-10-13T03:25:44","guid":{"rendered":"http:\/\/maudep.com.vn\/chuyengiadienmay\/?post_type=product&#038;p=6582"},"modified":"2021-10-13T14:18:07","modified_gmt":"2021-10-13T07:18:07","slug":"dieu-hoa-panasonic-1-chieu-9000btu-n9wkh-8","status":"publish","type":"product","link":"http:\/\/maudep.com.vn\/chuyengiadienmay\/?product=dieu-hoa-panasonic-1-chieu-9000btu-n9wkh-8","title":{"rendered":"\u0110i\u1ec1u h\u00f2a Panasonic 1 chi\u1ec1u 9000BTU N9WKH-8"},"content":{"rendered":"<h3>Panasonic N9WKH-8, model \u0111i\u1ec1u h\u00f2a Panasonic 9000 BTU gi\u00e1 r\u1ebb nh\u1ea5t 2021<\/h3>\n<p>\u0110i\u1ec1u h\u00f2a Panasonic 9000 BTU 1 chi\u1ec1u N9WKH-8 model \u0111i\u1ec1u h\u00f2a Panasonic gi\u00e1 r\u1ebb nh\u1ea5t 2021\u00a0\u0111\u01b0\u1ee3c b\u00e1n thay th\u1ebf cho model tr\u01b0\u1edbc \u0111\u00f3 N9VKH-8.<\/p>\n<h3>\u0110i\u1ec1u h\u00f2a Panasonic ch\u00ednh h\u00e3ng: Th\u01b0\u01a1ng hi\u1ec7u Nh\u1eadt, Nh\u1eadp kh\u1ea9u Malaysia<\/h3>\n<p>L\u00e0 qu\u1ed1c gia \u0111i \u0111\u1ea7u trong l\u0129nh v\u1ef1c c\u00f4ng ngh\u1ec7, Nh\u1eadt B\u1ea3n n\u1ed5i ti\u1ebfng v\u1edbi ti\u00eau chu\u1ea9n qu\u1ea3n l\u00fd ch\u1ea5t l\u01b0\u1ee3ng kh\u1eaft khe. S\u1ea3n ph\u1ea9m c\u00f4ng ngh\u1ec7 mang th\u01b0\u01a1ng hi\u1ec7u Nh\u1eadt b\u1ea3n lu\u00f4n chi\u1ebfm \u0111\u01b0\u1ee3c c\u1ea3m t\u00ecnh c\u1ee7a ng\u01b0\u1eddi d\u00f9ng tr\u00ean to\u00e0n th\u1ebf gi\u1edbi nh\u1edd ch\u1ea5t l\u01b0\u1ee3ng cao, \u1ed5n \u0111\u1ecbnh, th\u00e2n thi\u1ec7n v\u1edbi m\u00f4i tr\u01b0\u1eddng, an to\u00e0n trong s\u1eed d\u1ee5ng. Ti\u00eau chu\u1ea9n Nh\u1eadt B\u1ea3n t\u1eeb \u0111\u00f3 tr\u1edf th\u00e0nh h\u00ecnh m\u1eabu cho c\u00e1c ng\u00e0nh c\u00f4ng nghi\u1ec7p s\u1ea3n xu\u1ea5t, t\u1ea1o d\u1ea5u \u1ea5n uy t\u00edn v\u1eefng ch\u1eafc trong l\u00f2ng ng\u01b0\u1eddi ti\u00eau d\u00f9ng.<\/p>\n<p><img src=\"https:\/\/banhangtaikho.com.vn\/Images\/Upload\/images\/panasonic-nhat-ban-malaysia.jpg\" \/><\/p>\n<p>H\u01a1n n\u1eefa,\u00a0\u0110i\u1ec1u h\u00f2a Panasonic\u00a01 chi\u1ec1u\u00a0<strong>N9WKH-8<\/strong>\u00a0ch\u00ednh h\u00e3ng \u0111\u01b0\u1ee3c\u00a0<strong>s\u1ea3n xu\u1ea5t\u00a0nh\u1eadp kh\u1ea9u Malaysia<\/strong>\u00a0v\u1edbi d\u00e2y truy\u1ec1n hi\u1ec7n \u0111\u1ea1i, h\u1ec7 th\u1ed1ng qu\u1ea3n l\u00fd ch\u1ea5t l\u01b0\u1ee3ng \u0111\u1ea1t ti\u00eau chu\u1ea9n to\u00e0n c\u1ea7u, ki\u1ec3m so\u00e1t nghi\u00eam ng\u1eb7t t\u1eeb linh ki\u1ec7n \u0111\u1ea7u v\u00e0o \u0111\u1ebfn t\u1ea5t c\u1ea3 c\u00e1c c\u00f4ng \u0111o\u1ea1n s\u1ea3n xu\u1ea5t c\u0169ng nh\u01b0 l\u1eafp r\u00e1p nh\u1eb1m mang \u0111\u1ebfn s\u1ea3n ph\u1ea9m uy t\u00edn ch\u1ea5t l\u01b0\u1ee3ng t\u1ed1t nh\u1ea5t t\u1edbi tay ng\u01b0\u1eddi ti\u00eau d\u00f9ng.<\/p>\n<h3>Panasonic N9WKH-8\u00a0l\u00e0m l\u1ea1nh nhanh<\/h3>\n<p>N9WKH-8,\u00a0\u0110i\u1ec1u h\u00f2a Panasonic 1 chi\u1ec1u\u00a0l\u1ea1nh mang\u00a0\u0111\u1ebfn cho b\u1ea1n t\u1eadn h\u01b0\u1edfng c\u1ea3m gi\u00e1c m\u00e1t l\u1ea1nh t\u1ee9c th\u00ec ngay khi b\u1eadt m\u00e1y. H\u01a1n n\u1eefa l\u00e0n gi\u00f3 m\u00e1t l\u1ea1nh tho\u1ea3i m\u00e1i d\u1ec5 ch\u1ecbu kh\u00f4ng g\u00e2y ra t\u00ecnh tr\u1ea1ng l\u1ea1nh bu\u1ed1t kh\u00f3 ch\u1ecbu khi s\u1eed d\u1ee5ng. \u0110\u00e2y l\u00e0 s\u1ef1 kh\u00e1c bi\u1ec7t d\u1ec5 nh\u1eadn th\u1ea5y nh\u1ea5t \u1edf c\u00e1c th\u01b0\u01a1ng hi\u1ec7u \u0111i\u1ec1u h\u00f2a cao c\u1ea5p v\u1edbi ph\u00e2n kh\u00fac gi\u00e1 r\u1ebb.<\/p>\n<p><img src=\"https:\/\/banhangtaikho.com.vn\/Images\/Upload\/images\/lap-dat-dieu-hoa-4.jpg\" alt=\"\" \/><\/p>\n<h3>Panasonic \u0111\u1ec9nh cao c\u1ee7a v\u1ebb \u0111\u1eb9p sang tr\u1ecdng tinh t\u1ebf<\/h3>\n<p>Thi\u1ebft k\u1ebf c\u1ee7a \u0111i\u1ec1u h\u00f2a Panasonic n\u00f3i ri\u00eang v\u00e0 m\u00e1y \u0111i\u1ec1u h\u00f2a Panasonic N9WKH-8 n\u00f3i ri\u00eang lu\u00f4n to\u00e1t l\u00ean v\u1ebb \u0111\u1eb9p sang tr\u1ecdng tinh t\u1ebf &amp; \u0111\u1eb3ng c\u1ea5p.<\/p>\n<p>V\u1edbi c\u00f4ng su\u1ea5t 9.000BTU, Panasonic N9WKH-8\u00a0l\u1ef1a ch\u1ecdn t\u1ed1i \u01b0u\u00a0<strong>l\u1eafp \u0111\u1eb7t cho di\u1ec7n t\u00edch d\u01b0\u1edbi 15m<sup>2<\/sup><\/strong>: ph\u00f2ng ng\u1ee7, ph\u00f2ng \u0111\u1ecdc s\u00e1ch,\u2026<\/p>\n<p>Ngo\u00e0i ra,\u00a0\u0110i\u1ec1u h\u00f2a Panasonic 9000BTU\u00a01 chi\u1ec1u CU\/CS-N9WKH-8 c\u00f2n \u0111\u01b0\u1ee3c t\u00edch h\u1ee3p nh\u1eefng t\u00ednh n\u0103ng c\u00f4ng ngh\u1ec7 ti\u00ean ti\u1ebfn nh\u1eb1m mang \u0111\u1ebfn cho ng\u01b0\u1eddi ti\u00eau d\u00f9ng nh\u1eefng tr\u1ea3i nghi\u1ec7m tuy\u1ec7t v\u1eddi nh\u1ea5t.<\/p>\n<h3>C\u00f4ng ngh\u1ec7 Nanoe-G \u0111\u1ed9c \u0111\u00e1o c\u1ee7a Panasonic\u00a0di\u1ec7t khu\u1ea9n t\u1edbi 99,9%<\/h3>\n<p>Nh\u01b0 c\u00e1c B\u1ea1n bi\u1ebft: N\u0103m 2019 l\u00e0 n\u0103m b\u00f9ng n\u1ed5 c\u1ee7a t\u00ecnh tr\u1ea1ng \u00f4 nhi\u1ec5m kh\u00f4ng kh\u00ed v\u1edbi m\u1ee9c b\u00e1o \u0111\u1ed9ng c\u1ef1c k\u1ef3 nghi\u00eam tr\u1ecdng \u0111\u1eb7c bi\u1ec7t \u1edf c\u00e1c th\u00e0nh ph\u1ed1 l\u1edbn: H\u00e0 N\u1ed9i, TP, H\u1ed3 Ch\u00ed Minh.<\/p>\n<p>\u00d4 nhi\u1ec5m kh\u00f4ng kh\u00ed\u00a0v\u1eeba l\u00e0 nguy\u00ean nh\u00e2n h\u00ecnh th\u00e0nh, v\u1eeba l\u00e0 y\u1ebfu t\u1ed1 l\u00e0m tr\u1ea7m tr\u1ecdng th\u00eam m\u1ed9t s\u1ed1 b\u1ec7nh, li\u00ean quan \u0111\u1ebfn h\u00f4 h\u1ea5p: S\u1ed5 m\u0169i, C\u00fam A, vi r\u00fat,\u2026C\u00e1c h\u1ea1t b\u1ee5i m\u1ecbn v\u00e0 si\u00eau m\u1ecbn k\u00edch th\u01b0\u1edbc &lt; PM2.5 m\u1ed9t trong nh\u1eefng th\u00e0nh ph\u1ea7n ch\u00ednh c\u1ee7a kh\u00f4ng kh\u00ed \u00f4 nhi\u1ec5m, \u0111\u00e3 \u0111\u01b0\u1ee3c C\u01a1 quan Nghi\u00ean c\u1ee9u Ung th\u01b0 Qu\u1ed1c t\u1ebf x\u1ebfp v\u00e0o nh\u00f3m ch\u1ea5t g\u00e2y ung th\u01b0 cho con ng\u01b0\u1eddi.<\/p>\n<p><img src=\"https:\/\/banhangtaikho.com.vn\/Images\/Upload\/images\/panasonic-nanoe-g.jpg\" alt=\"\" \/><\/p>\n<p>V\u00ec th\u1ebf ng\u01b0\u1eddi ti\u00eau d\u00f9ng ng\u00e0y c\u00e0ng ch\u00fa tr\u1ecdng h\u01a1n \u0111\u1ebfn c\u00e1c s\u1ea3n ph\u1ea9m \u0111\u01b0\u1ee3c t\u00edch h\u1ee3p c\u00f4ng ngh\u1ec7 di\u1ec7t khu\u1ea9n. Th\u1ea5u hi\u1ec3u \u0111\u01b0\u1ee3c \u0111i\u1ec1u n\u00e0y, Panasonic \u0111\u00e3 \u1ee9ng d\u1ee5ng\u00a0c\u00f4ng ngh\u1ec7 Nanoe-G\u00a0cho m\u00e1y \u0111i\u1ec1u h\u00f2a Panasonic. Khi \u0111\u00f3\u00a0<strong>Nanoe-G c\u00f3 ch\u1ee9c n\u0103ng kh\u1eed m\u00f9i, \u1ee9c ch\u1ebf s\u1ef1 ph\u00e1t tri\u1ec3n c\u1ee7a vi khu\u1ea9n v\u00e0 vi r\u00fat<\/strong>, lo\u1ea1i b\u1ecf b\u1ee5i b\u1ea9n hi\u1ec7u qu\u1ea3 t\u1edbi 99,9%, mang l\u1ea1i m\u00f4i tr\u01b0\u1eddng s\u1ed1ng trong l\u00e0nh h\u01a1n.<\/p>\n<p>V\u00ec th\u1ebf, m\u00e1y \u0111i\u1ec1u h\u00f2a Panasonic 9000BTU N9WKH-8 kh\u00f4ng ch\u1ec9 l\u00e0m l\u1ea1nh m\u00e0 c\u00f2n nh\u01b0 b\u00e1c s\u0129 b\u1ea3o v\u1ec7 s\u1ee9c kh\u1ecfe nh\u1eefng th\u00e0nh vi\u00ean th\u00e2n y\u00eau cho gia \u0111\u00ecnh B\u1ea1n.<\/p>\n<h3>D\u00e0n n\u00f3ng Panasonic CU-N9WKH-8 blue fin ch\u1ed1ng \u0103n m\u00f2n<\/h3>\n<p>D\u1ea3n t\u1ea3n nhi\u1ec7t c\u1ee5c n\u00f3ng \u0111i\u1ec1u h\u00f2a Panasonic CU-N9WKH-8\u00a0ph\u1ee7 l\u1edbp m\u00e0u xanh blue fin ch\u1ed1ng \u0103n m\u00f2n b\u1edfi h\u1edfi m\u1eb7n v\u00e0 n\u01b0\u1edbc m\u01b0a\u2026v\u00ec th\u1ebf m\u00e1y \u0111i\u1ec1u h\u00f2a Panasonic CU-N9WKH-8 b\u1ec1n b\u1ec9 v\u1edbi th\u1eddi gian\u00a0v\u00e0 l\u00e0 th\u01b0\u01a1ng hi\u1ec7u r\u1ea5t \u0111\u01b0\u1ee3c \u01b0a chu\u1ed9ng l\u1eafp \u0111\u1eb7t t\u1ea1i c\u00e1c khu v\u1ef1c ven bi\u1ec3n n\u01b0\u1edbc ta: H\u1ea3i Ph\u00f2ng, Qu\u1ea3ng Ninh, Thanh H\u00f3a, \u0110\u00e0 N\u1eb5ng\u2026<\/p>\n<h3>S\u1eed d\u1ee5ng gas R32 hi\u1ec7u su\u1ea5t l\u00e0m l\u1ea1nh cao<\/h3>\n<p><strong>Gas R32<div id=\"metaslider-id-946\" style=\"width: 100%;\" class=\"ml-slider-3-23-0 metaslider metaslider-nivo metaslider-946 ml-slider\">\n    <div id=\"metaslider_container_946\">\n        <div class='slider-wrapper theme-default'><div class='ribbon'><\/div><div id='metaslider_946' class='nivoSlider'><img src=\"http:\/\/maudep.com.vn\/chuyengiadienmay\/wp-content\/uploads\/2018\/12\/sl1.jpg\" height=\"113\" width=\"801\" title=\"sl1\" alt=\"\" class=\"slider-946 slide-947\" \/><img src=\"http:\/\/maudep.com.vn\/chuyengiadienmay\/wp-content\/uploads\/2019\/01\/z1236390272016_760ee594032f56ae0cb27959e82d290b-800x112.jpg\" height=\"113\" width=\"801\" title=\"z1236390272016_760ee594032f56ae0cb27959e82d290b\" alt=\"\" class=\"slider-946 slide-2852\" \/><img src=\"http:\/\/maudep.com.vn\/chuyengiadienmay\/wp-content\/uploads\/2019\/01\/z1236390274996_f888b89da672aae0c683e31437f1804e-800x112.jpg\" height=\"113\" width=\"801\" title=\"z1236390274996_f888b89da672aae0c683e31437f1804e\" alt=\"\" class=\"slider-946 slide-2853\" \/><\/div><\/div>\n        \n    <\/div>\n<\/div><\/strong>\u00a0l\u00e0 m\u00f4i ch\u1ea5t l\u00e0m l\u1ea1nh m\u1edbi nh\u1ea5t \u0111\u01b0\u1ee3c t\u00edch h\u1ee3p cho m\u00e1y \u0111i\u1ec1u h\u00f2a Panasonic 1 chi\u1ec1u 9000Btu N9WKH-8. V\u1edbi m\u00f4i ch\u1ea5t n\u00e0y gi\u00fap hi\u1ec7u su\u1ea5t l\u00e0m l\u1ea1nh cao (ti\u1ebft ki\u1ec7m chi ph\u00ed ti\u1ec7n \u0111i\u00ean), th\u00e2n thi\u1ec7n h\u01a1n v\u1edbi m\u00f4i tr\u01b0\u1eddng so v\u1edbi c\u00e1c m\u00f4i ch\u1ea5t l\u00e0m l\u1ea1nh tr\u01b0\u1edbc \u0111\u00f3 R410a, R22.<\/p>\n<p><img src=\"https:\/\/banhangtaikho.com.vn\/Images\/Upload\/images\/panasonic-gas-r32.jpg\" alt=\"\" \/><\/p>\n","protected":false},"excerpt":{"rendered":"<ul class=\"l pr-des-featured\">\n<li>\u0110i\u1ec1u h\u00f2a Panasonic 1 chi\u1ec1u 9000BTU N9WKH-8<\/li>\n<li>Thi\u1ebft k\u1ebf sang tr\u1ecdng, m\u00e0u tr\u1eafng tinh t\u1ebf<\/li>\n<li>L\u00e0m l\u1ea1nh nhanh, m\u00e1t l\u1ea1nh d\u1ec5 ch\u1ecbu<\/li>\n<li>C\u00f4ng ngh\u1ec7 Nanoe-G kh\u1eed m\u00f9i, di\u1ec7t khu\u1ea9n<\/li>\n<li>Xu\u1ea5t x\u1ee9: Ch\u00ednh h\u00e3ng Malaysia<\/li>\n<li>B\u1ea3o h\u00e0nh: M\u00e1y 1 n\u0103m, m\u00e1y n\u00e9n 7 n\u0103m<\/li>\n<\/ul>\n","protected":false},"featured_media":6583,"comment_status":"open","ping_status":"closed","template":"","meta":[],"_links":{"self":[{"href":"http:\/\/maudep.com.vn\/chuyengiadienmay\/index.php?rest_route=\/wp\/v2\/product\/6582"}],"collection":[{"href":"http:\/\/maudep.com.vn\/chuyengiadienmay\/index.php?rest_route=\/wp\/v2\/product"}],"about":[{"href":"http:\/\/maudep.com.vn\/chuyengiadienmay\/index.php?rest_route=\/wp\/v2\/types\/product"}],"replies":[{"embeddable":true,"href":"http:\/\/maudep.com.vn\/chuyengiadienmay\/index.php?rest_route=%2Fwp%2Fv2%2Fcomments&post=6582"}],"wp:featuredmedia":[{"embeddable":true,"href":"http:\/\/maudep.com.vn\/chuyengiadienmay\/index.php?rest_route=\/wp\/v2\/media\/6583"}],"wp:attachment":[{"href":"http:\/\/maudep.com.vn\/chuyengiadienmay\/index.php?rest_route=%2Fwp%2Fv2%2Fmedia&parent=6582"}],"curies":[{"name":"wp","href":"https:\/\/api.w.org\/{rel}","templated":true}]}}