{"id":6614,"date":"2021-10-14T15:04:21","date_gmt":"2021-10-14T08:04:21","guid":{"rendered":"http:\/\/maudep.com.vn\/chuyengiadienmay\/?post_type=product&#038;p=6614"},"modified":"2021-10-14T15:09:50","modified_gmt":"2021-10-14T08:09:50","slug":"dieu-hoa-panasonic-inverter-1-chieu-24-000btu-xu24ukh-8","status":"publish","type":"product","link":"http:\/\/maudep.com.vn\/chuyengiadienmay\/?product=dieu-hoa-panasonic-inverter-1-chieu-24-000btu-xu24ukh-8","title":{"rendered":"\u0110i\u1ec1u h\u00f2a Panasonic inverter 1 chi\u1ec1u 24.000BTU XU24UKH-8"},"content":{"rendered":"<div class=\"pd-news-content\">\n<div id=\"chitiet-1\" class=\"w-pd-i-content\">\n<p>M\u00e1y \u0111i\u1ec1u h\u00f2a\u00a0<strong>Panasonic XU24UKH-8<\/strong>\u00a0lo\u1ea1i 1 chi\u1ec1u d\u00f2ng\u00a0\u0111i\u1ec1u h\u00f2a Panasonic ti\u1ebft ki\u1ec7m \u0111i\u1ec7n\u00a0inverter\u00a0cao c\u1ea5p, c\u00f4ng su\u1ea5t 24000BTU nh\u1eadp kh\u1ea9u ch\u00ednh h\u00e3ng Malaysia t\u00edch h\u1ee3p t\u00ednh n\u0103ng c\u00f4ng ngh\u1ec7 ti\u00ean ti\u1ebfn nh\u1ea5t, mang l\u1ea1i tr\u1ea3i nghi\u1ec7m tuy\u1ec7t v\u1eddi nh\u1ea5t t\u1edbi ng\u01b0\u1eddi ti\u00eau d\u00f9ng.<\/p>\n<p><img src=\"https:\/\/banhangtaikho.com.vn\/Images\/Product\/inverter-1-chieu-24000btu-xu24tkh8-P45o16.jpg\" alt=\"Panasonic XU24UKH-8, \u0110i\u1ec1u h\u00f2a Panasonic 1 chi\u1ec1u 24000BTU inverter\" \/><\/p>\n<h2>Thi\u1ebft k\u1ebf thanh m\u1ea3nh, m\u1ec1m m\u1ea1i<\/h2>\n<p>\u0110i\u1ec3m n\u1ed5i b\u1eadt \u0111\u1ea7u ti\u00ean khi n\u00f3i \u0111\u1ebfn m\u00e1y\u00a0\u0111i\u1ec1u h\u00f2a Panasonic\u00a0ch\u00ednh l\u00e0 ki\u1ec3u d\u00e1ng thi\u1ebft k\u1ebf lu\u00f4n lu\u00f4n t\u1ea1o \u0111\u01b0\u1ee3c d\u1ea5u \u1ea5n sang tr\u1ecdng \u0111\u1eb3ng c\u1ea5p v\u1edbi ng\u01b0\u1eddi ti\u00eau d\u00f9ng. V\u1edbi d\u00f2ng \u0111i\u1ec1u h\u00f2a Panasonic XU-UKH-8 series \u1ea5n t\u01b0\u1ee3ng v\u1edbi b\u1ec1 m\u1eb7t ph\u1ee7 l\u1edbp \u00e1nh ng\u1ecdc trai trang nh\u00e3, c\u00f9ng \u0111\u01b0\u1eddng vi\u1ec1n m\u1ea1 cr\u00f4m \u00e1nh b\u1ea1c to\u00e1t l\u00ean v\u1ebb sang tr\u1ecdng hi\u1ec7n \u0111\u1ea1i.<\/p>\n<p>V\u1edbi c\u00f4ng su\u1ea5t 24000BTU, \u0110i\u1ec1u h\u00f2a Panasonic 1 chi\u1ec1u\u00a0CU\/CS-XU24UKH-8 ph\u00f9 h\u1ee3p l\u1eafp \u0111\u1eb7t cho ph\u00f2ng ng\u1ee7, ph\u00f2ng l\u00e0m vi\u1ec7c&#8230;di\u1ec7n t\u00edch d\u01b0\u1edbi 40m2.<\/p>\n<h2>L\u00e0m l\u1ea1nh nhanh &amp; d\u1ec5 ch\u1ecbu<\/h2>\n<p>M\u00e1y\u00a0\u0111i\u1ec1u h\u00f2a ti\u1ebft ki\u1ec7m \u0111i\u1ec7n\u00a0Panasonic cao c\u1ea5p AERO SERIES v\u1edbi 2 c\u00e1nh \u0111\u1ea3o gi\u00f3 \u0111\u1ed9c l\u1eadp AEROWINGS \u0111\u01b0\u1ee3c trang b\u1ecb hai \u0111\u1ed9ng c\u01a1 \u0111i\u1ec1u khi\u1ec3n hai c\u00e1nh \u0111\u1ea3o gi\u00f3 ho\u1ea1t \u0111\u1ed9ng \u0111\u1ed9c l\u1eadp gi\u00fap lu\u1ed3ng kh\u00f4ng kh\u00ed t\u1eadp trung \u0111\u1ec3 l\u00e0m m\u00e1t ph\u00f2ng m\u1ed9t c\u00e1ch hi\u1ec7u qu\u1ea3. Hai c\u00e1nh \u0111\u1ea3o gi\u00f3 c\u00f3 th\u1ec3 h\u01b0\u1edbng lu\u1ed3ng kh\u00ed l\u1ea1nh l\u00ean cao v\u1ec1 ph\u00eda tr\u1ea7n nh\u00e0, kh\u00f4ng kh\u00ed l\u1ea1nh lan t\u1ecfa r\u1ed9ng kh\u1eafp gi\u00fap l\u00e0m m\u00e1t \u0111\u1ed3ng \u0111\u1ec1u, hay g\u1ecdi l\u00e0 l\u00e0m l\u1ea1nh d\u1ec5 ch\u1ecbu.<\/p>\n<p><img src=\"https:\/\/banhangtaikho.com.vn\/Images\/Upload\/images\/panasonic-lam-lanh-nhanh.jpg\" \/><\/p>\n<h2>C\u00f4ng ngh\u1ec7 inverter ti\u1ebft ki\u1ec7m \u0111i\u1ec7n &amp; ki\u1ec3m so\u00e1t nhi\u1ec7t \u0111\u1ed9 ch\u00ednh x\u00e1c<\/h2>\n<p>C\u00f4ng ngh\u1ec7 inverter c\u1ee7a Panasonic gi\u00fap ti\u1ebft ki\u1ec7m \u0111i\u1ec7n n\u0103ng b\u1eb1ng c\u00e1ch thay \u0111\u1ed5i t\u1ed1c \u0111\u1ed9 quay c\u1ee7a m\u00e1y n\u00e9n theo s\u1ef1 thay \u0111\u1ed5i nhi\u1ec7t \u0111\u1ed9 ph\u00f2ng, nh\u1eb1m gi\u1ea3m thi\u1ec3u s\u1ef1 bi\u1ebfn thi\u00ean li\u00ean t\u1ee5c c\u1ee7a nhi\u1ec7t \u0111\u1ed9 ph\u00f2ng.<\/p>\n<p><img src=\"https:\/\/banhangtaikho.com.vn\/Images\/Upload\/images\/panasonic-u12vkh8-3.jpg\" \/><\/p>\n<h3>B\u1ed9 n\u00e3o c\u1ee7a c\u00f4ng ngh\u1ec7 inverter<\/h3>\n<p>Vi x\u1eed l\u00fd x\u00e1c \u0111\u1ecbnh ch\u1ebf \u0111\u1ed9 ho\u1ea1t \u0111\u1ed9ng ph\u00f9 h\u1ee3p nh\u1ea5t trong m\u1ed7i kho\u1ea3ng th\u1eddi gian v\u00e0 t\u1ef1 \u0111\u1ed9ng \u0111i\u1ec1u ch\u1ec9nh c\u00f4ng su\u1ea5t \u0111\u1ea7u ra \u0111\u1ec3 lu\u00f4n mang l\u1ea1i nhi\u1ec7t \u0111\u1ed9 tho\u1ea3i m\u00e1i.<\/p>\n<h3>PAM (B\u1ed9 khu\u1ebfch \u0111\u1ea1i bi\u00ean \u0111\u1ed9 xung)<\/h3>\n<p>T\u0103ng \u0111i\u1ec7n \u00e1p c\u1ee7a m\u00e1y n\u00e9n m\u1ed9t c\u00e1ch nhanh ch\u00f3ng \u0111\u1ec3 c\u1ea5p lu\u1ed3ng gi\u00f3 m\u1ea1nh m\u1ebd gi\u00fap \u0111\u1ea1t nhi\u1ec7t \u0111\u1ed9 c\u00e0i \u0111\u1eb7t nhanh nh\u1ea5t ngay khi kh\u1edfi \u0111\u1ed9ng, nguy\u00ean l\u00fd n\u00e0y t\u01b0\u01a1ng t\u1ef1 ho\u1ea1t \u0111\u1ed9ng c\u1ee7a \u0111\u1ed9ng c\u01a1 t\u0103ng \u00e1p d\u00f9ng trong xe \u00f4 t\u00f4<\/p>\n<h2>\u0110i\u1ec1u khi\u1ec3n t\u1eeb xa d\u1ec5 s\u1eed d\u1ee5ng<\/h2>\n<p>\u0110i\u1ec1u khi\u1ec3n \u0111i\u1ec1u h\u00f2a Panasonic\u00a0CU\/CS-XU24UKH-8 \u0111\u01b0\u1ee3c\u00a0trang b\u1ecb m\u00e0n h\u00ecnh LCD ti\u1ec7n l\u1ee3i, gi\u00fap ng\u01b0\u1eddi d\u00f9ng c\u00f3 th\u1ec3 d\u1ec5 d\u00e0ng s\u1eed d\u1ee5ng v\u00e0 tr\u1ea3i\u00a0 nghi\u1ec7m t\u1ea5t c\u1ea3 nh\u1eefng ti\u1ec7n \u00edch c\u1ee7a m\u00e1y \u0111i\u1ec1u h\u00f2a kh\u00f4ng kh\u00ed Panasonic.<\/p>\n<h2>R32 m\u00f4i ch\u1ea5t l\u1ea1nh th\u00e2n thi\u1ec7n v\u1edbi m\u00f4i tr\u01b0\u1eddng<\/h2>\n<p>M\u00f4i ch\u1ea5t l\u1ea1nh th\u00f4ng th\u01b0\u1eddng \u0111\u01b0\u1ee3c s\u1eed d\u1ee5ng trong h\u1ec7 th\u1ed1ng \u0111i\u1ec1u h\u00f2a kh\u00f4ng kh\u00ed g\u00f3p ph\u1ea7n v\u00e0o s\u1ef1 ph\u00e1t th\u1ea3i kh\u00ed nh\u00e0 k\u00ednh v\u00e0 l\u00e0m \u00f4 nhi\u1ec5m t\u1ea7ng \u00f4-z\u00f4n, \u1ea3nh h\u01b0\u1edfng ti\u00eau c\u1ef1c \u0111\u1ebfn m\u00f4i tr\u01b0\u1eddng s\u1ed1ng.<\/p>\n<p><img src=\"https:\/\/banhangtaikho.com.vn\/Images\/Upload\/images\/panasonic-gas-r32.jpg\" \/><\/p>\n<p>R32 l\u00e0 m\u00f4i ch\u1ea5t l\u1ea1nh t\u1ed1i \u01b0u, d\u1eabn \u0111\u1ea7u tr\u00ean nhi\u1ec1u ph\u01b0\u01a1ng di\u1ec7n. v\u1edbi kh\u1ea3 n\u0103ng trao \u0111\u1ed5i nhi\u1ec7t m\u1ea1nh m\u1ebd gi\u00fap t\u1ed1i \u01b0u hi\u1ec7u su\u1ea5t n\u0103ng l\u01b0\u1ee3ng m\u00e0 v\u1eabn ti\u1ebft ki\u1ec7m chi ph\u00ed. R32 c\u00f3 r\u1ea5t \u00edt t\u00e1c \u0111\u1ed9ng \u0111\u1ebfn hi\u1ec7n t\u01b0\u1ee3ng n\u00f3ng l\u00ean to\u00e0n c\u1ea7u, do \u0111\u00f3 th\u00e2n thi\u1ec7n v\u1edbi m\u00f4i tr\u01b0\u1eddng h\u01a1n.<\/p>\n<h2>D\u00e0n t\u1ea3n nhi\u1ec7t \u1ed1ng \u0111\u1ed3ng<\/h2>\n<p>M\u00e1y\u00a0\u0111i\u1ec1u h\u00f2a 24000BTU\u00a0Panasonic 1 chi\u1ec1u XU24UKH-8 v\u1edbi d\u00e0n t\u1ea3n nhi\u1ec7t \u1ed1ng \u0111\u1ed3ng gi\u00fap trao \u0111\u1ed5i nhi\u1ec7t t\u1ed1t h\u01a1n, kh\u1ea3 n\u0103ng l\u00e0m l\u1ea1nh cao h\u01a1n, v\u00e0 d\u1ec5 d\u00e0ng v\u1ec7 sinh b\u1ea3o d\u01b0\u1ee1ng.<\/p>\n<h2>Ch\u1ea5t l\u01b0\u1ee3ng ti\u00eau chu\u1ea9n to\u00e0n c\u1ea7u<\/h2>\n<p>\u0110i\u1ec1u h\u00f2a kh\u00f4ng kh\u00ed Panasonic lu\u00f4n tu\u00e2n th\u1ee7 c\u00e1c ti\u00eau chu\u1ea9n qu\u1ed1c t\u1ebf cao nh\u1ea5t v\u1ec1 ch\u1ea5t l\u01b0\u1ee3ng. Mang \u0111\u1ebfn cho ng\u01b0\u1eddi ti\u00eau d\u00f9ng s\u1ea3n ph\u1ea9m v\u1edbi ch\u1ea5t l\u01b0\u1ee3ng t\u1ed1t nh\u1ea5t v\u1edbi tu\u1ed5i th\u1ecd s\u1ea3n ph\u1ea9m d\u00e0i nh\u1ea5t.<\/p>\n<p>Nh\u01b0 v\u1eady, Khi mua\u00a0m\u00e1y \u0111i\u1ec1u h\u00f2a Panasonic\u00a024000BTU 1 chi\u1ec1u inverter b\u1ea1n s\u1ebd c\u00f3 2 l\u1ef1a ch\u1ecdn: d\u00f2ng cao c\u1ea5p XU24UKH-8 v\u00e0 d\u00f2ng ti\u00eau chu\u1ea9n PU24TKH-8<\/p>\n<div class=\"cl\"><\/div>\n<\/div>\n<div id=\"chitiet-2\" class=\"w-pd-i-content\">\n<p class=\"w-pd-i-c-head\">\u00a0Th\u1ed1ng s\u1ed1 k\u1ef9 thu\u1eadt \u0110i\u1ec1u h\u00f2a Panasonic inverter 1 chi\u1ec1u 24.000BTU XU24UKH-8<\/p>\n<div class=\"cl\"><\/div>\n<table border=\"0\" cellspacing=\"0\" cellpadding=\"0\">\n<tbody>\n<tr>\n<td colspan=\"3\" rowspan=\"2\">\n<h3><strong>\u0110i\u1ec1u h\u00f2a Panasonic 1 chi\u1ec1u 24000BTU inverter<\/strong><\/h3>\n<\/td>\n<td><strong>(50Hz)<\/strong><\/td>\n<td><strong>CS-XU24UKH-8<\/strong><\/td>\n<\/tr>\n<tr>\n<td><\/td>\n<td><strong>(CU-XU24UKH-8)<\/strong><\/td>\n<\/tr>\n<tr>\n<td rowspan=\"2\">C\u00f4ng su\u1ea5t l\u00e0m l\u1ea1nh<\/td>\n<td colspan=\"2\">( Nh\u1ecf nh\u1ea5t -l\u1edbn nh\u1ea5t )<\/td>\n<td>kW<\/td>\n<td>6,00(1,12-6,90)<\/td>\n<\/tr>\n<tr>\n<td colspan=\"2\">( Nh\u1ecf nh\u1ea5t -l\u1edbn nh\u1ea5t )<\/td>\n<td>Btu\/h<\/td>\n<td>20,500(3,820-23,500)<\/td>\n<\/tr>\n<tr>\n<td colspan=\"3\">Ch\u1ec9 s\u1ed1 hi\u1ec7u su\u1ea5t n\u0103ng l\u01b0\u1ee3ng( CSPF)<\/td>\n<td><\/td>\n<td>6.05<\/td>\n<\/tr>\n<tr>\n<td rowspan=\"2\">EER<\/td>\n<td colspan=\"2\">( Nh\u1ecf nh\u1ea5t -l\u1edbn nh\u1ea5t )<\/td>\n<td>Btu\/hW<\/td>\n<td>12,42(11,94-11,46)<\/td>\n<\/tr>\n<tr>\n<td colspan=\"2\">( Nh\u1ecf nh\u1ea5t -l\u1edbn nh\u1ea5t )<\/td>\n<td>W\/W<\/td>\n<td>3,64(3,50-3,37)<\/td>\n<\/tr>\n<tr>\n<td rowspan=\"3\">Th\u00f4ng s\u1ed1 \u0111i\u1ec7n<\/td>\n<td colspan=\"2\">\u0110i\u1ec7n \u00e1p<\/td>\n<td><\/td>\n<td>220<\/td>\n<\/tr>\n<tr>\n<td colspan=\"2\">C\u01b0\u1eddng \u0111\u1ed9 d\u00f2ng \u0111i\u1ec7n<\/td>\n<td>A<\/td>\n<td>7.7<\/td>\n<\/tr>\n<tr>\n<td colspan=\"2\">C\u00f4ng su\u1ea5t \u0111i\u1ec7n ( Nh\u1ecf nh\u1ea5t &#8211; L\u1edbn nh\u1ea5t)<\/td>\n<td>W<\/td>\n<td>1,650(320-2,050)<\/td>\n<\/tr>\n<tr>\n<td rowspan=\"2\">Kh\u1eed \u1ea9m<\/td>\n<td colspan=\"2\"><\/td>\n<td>L\/h<\/td>\n<td>3.3<\/td>\n<\/tr>\n<tr>\n<td colspan=\"2\"><\/td>\n<td>Pt\/h<\/td>\n<td>7<\/td>\n<\/tr>\n<tr>\n<td rowspan=\"2\">L\u01b0u L\u01b0\u1ee3ng gi\u00f3<\/td>\n<td>Kh\u1ed1i trong nh\u00e0<\/td>\n<td colspan=\"2\">m\u00b3\/min(ft\u00b3\/min)<\/td>\n<td>20,4(720)<\/td>\n<\/tr>\n<tr>\n<td>Kh\u1ed1i ngo\u00e0i tr\u1eddi<\/td>\n<td colspan=\"2\">m\u00b3\/min(ft\u00b3\/min)<\/td>\n<td>46,3(1,635)<\/td>\n<\/tr>\n<tr>\n<td rowspan=\"2\">\u0110\u1ed9 \u1ed3n<\/td>\n<td colspan=\"2\">Kh\u1ed1i trong nh\u00e0( H \/L \/Q-Lo)<\/td>\n<td>dB-A<\/td>\n<td>46\/36\/33<\/td>\n<\/tr>\n<tr>\n<td colspan=\"2\">Kh\u1ed1i ngo\u00e0i tr\u1eddi(H\/L)<\/td>\n<td>dB-A<\/td>\n<td>50<\/td>\n<\/tr>\n<tr>\n<td rowspan=\"6\">K\u00edch Th\u01b0\u1edbc<\/td>\n<td colspan=\"2\" rowspan=\"2\">Cao<\/td>\n<td>mm<\/td>\n<td>302(695)<\/td>\n<\/tr>\n<tr>\n<td>inch<\/td>\n<td>11-29\/32(27-3\/8)<\/td>\n<\/tr>\n<tr>\n<td colspan=\"2\" rowspan=\"2\">R\u1ed9ng<\/td>\n<td>mm<\/td>\n<td>1,120(875)<\/td>\n<\/tr>\n<tr>\n<td>inch<\/td>\n<td>44-1\/8(34-15\/32)<\/td>\n<\/tr>\n<tr>\n<td colspan=\"2\" rowspan=\"2\">S\u00e2u<\/td>\n<td>mm<\/td>\n<td>241(320)<\/td>\n<\/tr>\n<tr>\n<td>inch<\/td>\n<td>9-1\/2(12-5\/8)<\/td>\n<\/tr>\n<tr>\n<td rowspan=\"2\">Kh\u1ed1i L\u01b0\u1ee3ng<\/td>\n<td colspan=\"2\">Kh\u1ed1i trong nh\u00e0<\/td>\n<td>kg(lb)<\/td>\n<td>12(26)<\/td>\n<\/tr>\n<tr>\n<td colspan=\"2\">Kh\u1ed1i ngo\u00e0i tr\u1eddi<\/td>\n<td>kg(lb)<\/td>\n<td>41(90)<\/td>\n<\/tr>\n<tr>\n<td rowspan=\"4\">\u0110\u01b0\u1eddng k\u00ednh \u1ed1ng d\u1eabn<\/td>\n<td colspan=\"2\" rowspan=\"2\">\u1ed0ng l\u1ecfng<\/td>\n<td>mm<\/td>\n<td>\u00d86,35<\/td>\n<\/tr>\n<tr>\n<td>inch<\/td>\n<td>1\/4<\/td>\n<\/tr>\n<tr>\n<td colspan=\"2\" rowspan=\"2\">\u1ed0ng ga<\/td>\n<td>mm<\/td>\n<td>\u00d815,88<\/td>\n<\/tr>\n<tr>\n<td>inch<\/td>\n<td>\u00a05\/8<\/td>\n<\/tr>\n<tr>\n<td rowspan=\"4\">Gi\u1edbi h\u1ea1n \u0111\u01b0\u1eddng \u1ed1ng<\/td>\n<td colspan=\"2\">Chi\u1ec1u d\u00e0i ti\u00eau chu\u1ea9n<\/td>\n<td>m<\/td>\n<td>10<\/td>\n<\/tr>\n<tr>\n<td colspan=\"2\">Chi\u1ec1u d\u00e0i t\u1ed1i \u0111a<\/td>\n<td>m<\/td>\n<td>30<\/td>\n<\/tr>\n<tr>\n<td colspan=\"2\">Ch\u00eanh l\u1ec7ch \u0111\u1ed9 cao t\u1ed1i \u0111a<\/td>\n<td>m<\/td>\n<td>20<\/td>\n<\/tr>\n<tr>\n<td colspan=\"2\">Ga n\u1ea1p b\u1ed5 sung<\/td>\n<td>g\/m<\/td>\n<td>25<\/td>\n<\/tr>\n<tr>\n<td colspan=\"4\">Ngu\u1ed3n c\u1ea5p \u0111i\u1ec7n<\/td>\n<td>Kh\u1ed1i trong nh\u00e0<\/td>\n<\/tr>\n<\/tbody>\n<\/table>\n<\/div>\n<\/div>\n","protected":false},"excerpt":{"rendered":"<ul class=\"l pr-des-featured\">\n<li>\u0110i\u1ec1u h\u00f2a Panasonic CU\/CS-XU24UKH-8<\/li>\n<li>1 chi\u1ec1u &#8211; 24.000BTU (2.5HP) &#8211; Gas R32<\/li>\n<li>Inverter cao c\u1ea5p ti\u1ebft ki\u1ec7m \u0111i\u1ec7n 65%<\/li>\n<li>C\u00f4ng ngh\u1ec7 Econavi &amp; NanoeG<\/li>\n<li>Xu\u1ea5t x\u1ee9: Ch\u00ednh h\u00e3ng Malaysia<\/li>\n<li>B\u1ea3o h\u00e0nh: M\u00e1y 1 n\u0103m, m\u00e1y n\u00e9n 7 n\u0103m<\/li>\n<\/ul>\n","protected":false},"featured_media":6610,"comment_status":"open","ping_status":"closed","template":"","meta":[],"_links":{"self":[{"href":"http:\/\/maudep.com.vn\/chuyengiadienmay\/index.php?rest_route=\/wp\/v2\/product\/6614"}],"collection":[{"href":"http:\/\/maudep.com.vn\/chuyengiadienmay\/index.php?rest_route=\/wp\/v2\/product"}],"about":[{"href":"http:\/\/maudep.com.vn\/chuyengiadienmay\/index.php?rest_route=\/wp\/v2\/types\/product"}],"replies":[{"embeddable":true,"href":"http:\/\/maudep.com.vn\/chuyengiadienmay\/index.php?rest_route=%2Fwp%2Fv2%2Fcomments&post=6614"}],"wp:featuredmedia":[{"embeddable":true,"href":"http:\/\/maudep.com.vn\/chuyengiadienmay\/index.php?rest_route=\/wp\/v2\/media\/6610"}],"wp:attachment":[{"href":"http:\/\/maudep.com.vn\/chuyengiadienmay\/index.php?rest_route=%2Fwp%2Fv2%2Fmedia&parent=6614"}],"curies":[{"name":"wp","href":"https:\/\/api.w.org\/{rel}","templated":true}]}}