{"id":6732,"date":"2021-10-19T11:13:10","date_gmt":"2021-10-19T04:13:10","guid":{"rendered":"http:\/\/maudep.com.vn\/chuyengiadienmay\/?post_type=product&#038;p=6732"},"modified":"2021-10-19T11:13:10","modified_gmt":"2021-10-19T04:13:10","slug":"dieu-hoa-casper-9000-btu-2-chieu-sh-09fs32","status":"publish","type":"product","link":"http:\/\/maudep.com.vn\/chuyengiadienmay\/?product=dieu-hoa-casper-9000-btu-2-chieu-sh-09fs32","title":{"rendered":"\u0110i\u1ec1u h\u00f2a Casper 9000 BTU 2 chi\u1ec1u SH-09FS32"},"content":{"rendered":"<div id=\"chitiet-1\" class=\"w-pd-i-content\">\n<p>Th\u00e1i Lan &#8211; \u0110\u1ea5t n\u01b0\u1edbc \u0111\u01b0\u1ee3c nhi\u1ec1u h\u00e3ng \u0111i\u1ec7n t\u1eed, \u0111i\u1ec7n l\u1ea1nh&#8230;n\u1ed5i ti\u1ebfng th\u1ebf gi\u1edbi \u0111\u1eb7t nh\u00e0 m\u00e1y s\u1ea3n xu\u1ea5t t\u1ea1i \u0111\u00e2y:\u00a0Daikin, Mitsubishi, Toshiba, Sharp&#8230;v\u1edbi d\u00e2y truy\u1ec1n s\u1ea3n xu\u1ea5t hi\u1ec7n \u0111\u1ea1i, tr\u00ecnh \u0111\u1ed9 k\u1ef9 thu\u1eadt tay ngh\u1ec1 cao, c\u00f9ng quy tr\u00ecnh s\u1ea3n xu\u1ea5t ti\u00eau chu\u1ea9n To\u00e0n C\u1ea7u v\u00ec th\u1ebf m\u00e0 s\u1ea3n ph\u1ea9m s\u1ea3n xu\u1ea5t t\u1ea1i Th\u00e1i Lan lu\u00f4n \u0111\u01b0\u1ee3c ng\u01b0\u1eddi ti\u00eau d\u00f9ng \u0111\u00e1nh gi\u00e1, tin c\u1eady v\u1ec1 ch\u1ea5t l\u01b0\u1ee3ng.<\/p>\n<p><img src=\"https:\/\/banhangtaikho.com.vn\/Images\/Product\/sh09fs32-96qi8A.jpg\" alt=\"SH-09FS32, \u0110i\u1ec1u h\u00f2a Casper 9000 BTU 2 chi\u1ec1u R32 Th\u00e1i Lan\" \/><\/p>\n<p>\u0110i\u1ec1u h\u00f2a Casper 9000 BTU 2 chi\u1ec1u\u00a0SH-09FS32 model \u0111i\u1ec1u h\u00f2a Casper m\u1edbi nh\u1ea5t 2021 s\u1ebd thay th\u1ebf cho model tr\u01b0\u1edbc \u0111\u1ea5y EH-09TL22<\/p>\n<h2>Thi\u1ebft k\u1ebf m\u1edbi sang tr\u1ecdng, hi\u1ec7n \u0111\u1ea1i<\/h2>\n<p>\u0110i\u1ec1u ho\u00e0 Casper SH-09FS32 thi\u1ebft k\u1ebf m\u1edbi \u0111\u01b0\u1eddng n\u00e9t kh\u00e1 \u0111\u1eb9p m\u1eaft v\u00e0 tinh t\u1ebf \u0111\u01b0\u1ee3c nh\u1eadn x\u00e9t c\u00f3 n\u00e9t kh\u00e1 gi\u1ed1ng v\u1edbi ki\u1ec3u d\u00e1ng m\u00e1y \u0111i\u1ec1u h\u00f2a Daikin (H\u00e3ng \u0111i\u1ec1u h\u00f2a Nh\u1eadt B\u1ea3n b\u00e1n t\u1ed1t nh\u1ea5t hi\u1ec7n nay)\u00a0mang \u0111\u1ebfn v\u1ebb \u0111\u1eb9p sang tr\u1ecdng h\u00e0i h\u00f2a cho kh\u00f4ng gian n\u1ed9i th\u1ea5t gia \u0111\u00ecnh B\u1ea1n.<\/p>\n<p>H\u01a1n th\u1ebf n\u1eefa, m\u00e1y\u00a0\u0111i\u1ec1u h\u00f2a\u00a0Casper 9000BTU\u00a0SH-09FS32 c\u00f2n hi\u1ec3n th\u1ecb nhi\u1ec7t \u0111\u1ed9 tr\u00ean d\u00e0n l\u1ea1nh gi\u00fap b\u1ea1n c\u00f3 th\u1ec3 d\u1ec5 d\u00e0ng bi\u1ebft \u0111\u01b0\u1ee3c nhi\u1ec7t \u0111\u1ed9 trong c\u0103n ph\u00f2ng m\u00e0 kh\u00f4ng c\u1ea7n nh\u00ecn \u0111i\u1ec1u khi\u1ec3n. Ch\u01b0a h\u1ebft, \u0111i\u1ec1u khi\u1ec3n t\u1eeb xa \u0111i k\u00e8m v\u1edbi m\u00e1y \u0111\u01b0\u1ee3c thi\u1ebft k\u1ebf \u0111\u01a1n gi\u1ea3n v\u00e0 d\u1ec5 d\u00e0ng s\u1eed d\u1ee5ng \u0111\u1ed1i v\u1edbi c\u1ea3 nh\u1eefng ng\u01b0\u1eddi \u0111\u00e3 c\u00f3 tu\u1ed5i.<\/p>\n<p>V\u1edbi c\u00f4ng su\u1ea5t \u0111i\u1ec1u h\u00f2a 9000BTU, Casper SH-09FS32 l\u00e0 l\u1ef1a ch\u1ecdn ho\u00e0n h\u1ea3o cho kh\u00f4ng gian ph\u00f2ng h\u1ecdp, ph\u00f2ng kh\u00e1ch,\u2026l\u00ean \u0111\u1ebfn 15m<sup>2<\/sup>: Ph\u00f2ng ng\u1ee7, ph\u00f2ng l\u00e0m vi\u1ec7c, ph\u00f2ng h\u1ecdp nh\u1ecf&#8230;<\/p>\n<h2>L\u00e0m l\u1ea1nh nhanh, s\u01b0\u1edfi \u1ea5m hi\u1ec7u qu\u1ea3<\/h2>\n<p>M\u00e1y \u0111i\u1ec1u h\u00f2a Casper 2 chi\u1ec1u SH-09FS32 gi\u00fap b\u1ea1n t\u1eadn h\u01b0\u1edfng &amp; tr\u1ea3i nghi\u1ec7m kh\u00f4ng gian s\u1ed1ng 4 m\u00f9a nh\u01b0 \u00fd: m\u00e1t l\u1ea1nh, s\u1ea3ng kho\u00e1i\u00a0v\u00e0o m\u00f9a h\u00e8 +\u00a0\u1ea5m \u00e1p v\u00e0o m\u00f9a \u0111\u00f4ng.<\/p>\n<p>V\u1edbi \u0111\u1eb7c th\u00f9 th\u1eddi ti\u1ebft mi\u1ec1n B\u1eafc m\u00f9a \u0111\u00f4ng r\u1ea5t l\u1ea1nh th\u00ec\u00a0\u0111i\u1ec1u h\u00f2a 2 chi\u1ec1u\u00a0Casper\u00a02 chi\u1ec1u 9000BTU SH09FS32 l\u00e0 l\u1ef1a ch\u1ecdn tuy\u1ec7t v\u1eddi\u00a0\u0111\u1ed1i v\u1edbi gia \u0111\u00ecnh c\u00f3 ng\u01b0\u1eddi gi\u00e0 v\u00e0 tr\u1ebb nh\u1ecf,\u00a0x\u1ee9ng \u0111\u00e1ng l\u00e0 ng\u01b0\u1eddi b\u1ea1n \u0111\u1ed3ng h\u00e0ng c\u1ee7a m\u1ecdi nh\u00e0.<\/p>\n<h2>CH\u1eb2NG s\u1ee3 vi khu\u1ea9n n\u1ea5m m\u1ed1c &amp; b\u1ee5i b\u1ea9n<\/h2>\n<p>Kh\u00f4ng kh\u00ed \u00f4 nhi\u1ec5m l\u00e0 m\u1ed9t trong\u00a0nh\u1eefng y\u1ebfu t\u1ed1 g\u00e2y \u1ea3nh h\u01b0\u1edfng tr\u1ef1c ti\u1ebfp \u0111\u1ebfn s\u1ee9c kho\u1ebb con ng\u01b0\u1eddi \u0111\u1eb7c bi\u1ec7t l\u00e0 \u0111\u01b0\u1eddng h\u00f4 h\u1ea5p. V\u00ec v\u1eady, khi ch\u1ecdn mua m\u00e1y \u0111i\u1ec1u h\u00f2a ng\u01b0\u1eddi ti\u00eau d\u00f9ng ng\u00e0y c\u00e0ng ch\u00fa tr\u1ecdng \u0111\u1ebfn c\u00f4ng ngh\u1ec7 l\u1ecdc kh\u00ed, di\u1ec7t khu\u1ea9n m\u00e0 m\u00e1y \u0111i\u1ec1u h\u00f2a \u0111\u00f3 mang l\u1ea1i. M\u00e1y \u0111i\u1ec1u ho\u00e0 Casper SH-09FS32\u00a0\u0111\u01b0\u1ee3c trang b\u1ecb l\u01b0\u1edbi l\u1ecdc gi\u00fap di\u1ec7t khu\u1ea9n hi\u1ec7u qu\u1ea3, lo\u1ea1i b\u1ecf nh\u1eefng h\u1ea1t b\u1ee5i li ti c\u00f3 k\u00edch th\u01b0\u1edbc si\u00eau nh\u1ecf trong kh\u00f4ng kh\u00ed mang l\u1ea1i kh\u00f4ng gian trong l\u00e0nh. \u0110\u00e2y l\u00e0 gi\u1ea3i ph\u00e1p t\u1ed1t nh\u1ea5t danh cho nh\u1eefng gia \u0111\u00ecnh c\u00f3 tr\u1ebb nh\u1ecf.<\/p>\n<p><img src=\"https:\/\/banhangtaikho.com.vn\/Images\/Upload\/images\/casper-iclean-2.jpg\" \/><\/p>\n<h3>C\u00f4ng ngh\u1ec7 l\u00e0m s\u1ea1ch iclean<\/h3>\n<p>Cu\u1ed9c s\u1ed1ng b\u1ed9n b\u1ec1 v\u00e0 ch\u00fang ta th\u01b0\u1eddng kh\u00f4ng ch\u00fa \u00fd \u0111\u1ebfn vi\u1ec7c v\u1ec7 sinh khi\u1ebfn b\u1ee5i b\u1ea9n b\u00e1m v\u00e0o m\u00e1y d\u1eabn \u0111\u1ebfn vi\u1ec7c m\u00e1y ho\u1ea1t \u0111\u1ed9ng k\u00e9m hi\u1ec7u qu\u1ea3, vi khu\u1ea9n s\u1ebd sinh s\u00f4i ng\u00e0y c\u00e0ng nhi\u1ec1u. V\u00ec v\u1eady, \u0111i\u1ec1u ho\u00e0 Casper SH-09FS32 s\u1eed d\u1ee5ng c\u00f4ng ngh\u1ec7 l\u00e0m s\u1ea1ch iclean gi\u00fap gia \u0111\u00ecnh b\u1ea1n lo\u1ea1i b\u1ecf b\u1ee5i\u00a0 b\u1ea9n v\u00e0 vi khu\u1ea9n \u1edf d\u00e0n l\u1ea1nh. V\u1edbi ch\u1ee9c n\u0103ng n\u00e0y b\u1ea1n ch\u1ec9 c\u1ea7n k\u00edch ho\u1ea1t ch\u1ebf \u0111\u1ed9 t\u1ef1 \u0111\u1ed9ng l\u00e0m s\u1ea1ch trong v\u00f2ng 20 ph\u00fat v\u1edbi 4 b\u01b0\u1edbc. \u0110\u1ea7u ti\u00ean l\u00e0 m\u00e1y s\u1ebd \u0111\u00f3ng b\u0103ng d\u00e0n l\u1ea1nh v\u1edbi ch\u1ebf \u0111\u1ed9 qu\u1ea1t th\u1ea5p. Ti\u1ebfp theo n\u01b0\u1edbc s\u1ebd ng\u01b0ng t\u1ee5 th\u00e0nh d\u00f2ng cu\u1ed1n tr\u00f4i b\u1ee5i b\u1ea9n tr\u00ean b\u1ec1 m\u1eb7t d\u00e0n l\u1ea1nh. Th\u1ee9 ba l\u00e0 chuy\u1ec3n sang ch\u1ebf \u0111\u1ed9 l\u00e0m n\u00f3ng gi\u00fap s\u1ea5y kh\u00f4 c\u00e1c b\u1ed9 ph\u1eadn trong d\u00e0n. Cu\u1ed1i c\u00f9ng l\u00e0 qu\u1ea1t t\u1ef1 \u0111\u1ed9ng \u0111\u1ec3 kh\u00f4 h\u01a1i \u1ea9m.<\/p>\n<h2>C\u1ea3m Bi\u1ebfn iFeel t\u1eadn h\u01b0\u1edfng m\u00e1t l\u1ea1nh tho\u1ea3i m\u00e1i d\u1ec5 ch\u1ecbu<\/h2>\n<p>\u0110i\u1ec1u h\u00f2a Casper SH-09FS32 c\u00f3 ch\u1ee9c n\u0103ng c\u1ea3m bi\u1ebfn I Feel l\u00e0 t\u00ednh n\u0103ng c\u1ea3m bi\u1ebfn th\u00e2n nhi\u1ec7t mang l\u1ea1i cho ng\u01b0\u1eddi d\u00f9ng c\u1ea3m gi\u00e1c tho\u1ea3i m\u00e1i v\u00e0 d\u1ec5 ch\u1ecbu, ph\u00f9 h\u1ee3p v\u1edbi gia \u0111\u00ecnh c\u00f3 ng\u01b0\u1eddi gi\u00e0 v\u00e0 tr\u1ebb nh\u1ecf. Khi t\u00ednh n\u0103ng \u0111\u01b0\u1ee3c k\u00edch ho\u1ea1t, d\u1ef1a v\u00e0o th\u00e2n nhi\u1ec7t c\u1ee7a ng\u01b0\u1eddi s\u1eed d\u1ee5ng \u0111i\u1ec1u h\u00f2a s\u1ebd t\u1ef1 \u0111\u1ed9ng \u0111i\u1ec1u ch\u1ec9nh t\u0103ng ho\u1eb7c gi\u1ea3m nhi\u1ec7t \u0111\u1ed9 gi\u00fap cho ng\u01b0\u1eddi s\u1eed d\u1ee5ng tr\u00e1nh b\u1ecb hi\u1ec7n t\u01b0\u1ee3ng s\u1ed1c nhi\u1ec7t.<\/p>\n<h2>\u0110\u1ed9 b\u1ec1n cao: D\u00e0n \u0111\u1ed3ng, c\u00e1nh t\u1ea3n nhi\u1ec7t m\u1ea1 v\u00e0ng<\/h2>\n<p>\u0110i\u1ec1u ho\u00e0 Casper SH-09FS32\u00a0s\u1eed d\u1ee5ng d\u00e0n \u0111\u1ed3ng, c\u00e1nh t\u1ea3n nhi\u1ec7t m\u1ea1 v\u00e0ng gi\u00fap t\u0103ng \u0111\u1ed9 b\u1ec1n cho s\u1ea3n ph\u1ea9m, h\u1ea1n ch\u1ebf t\u1ed1i \u0111a c\u00e1c t\u00e1c nh\u00e2n g\u00e2y \u0103n m\u00f2n: n\u01b0\u1edbc m\u01b0a, axit, mu\u1ed1i bi\u1ec3n&#8230;\u0111\u1ed3ng th\u1eddi gi\u00fap t\u0103ng hi\u1ec7u su\u1ea5t l\u00e0m l\u1ea1nh cho s\u1ea3n ph\u1ea9m.<\/p>\n<p><img src=\"https:\/\/banhangtaikho.com.vn\/Images\/Upload\/images\/dieu-hoa-casper-dan-dong-1.jpg\" \/><\/p>\n<h2>S\u1eed d\u1ee5ng gas R32 m\u00f4i ch\u1ea5t l\u1ea1nh ti\u00ean ti\u1ebfn nh\u1ea5t<\/h2>\n<p>\u0110i\u1ec1u ho\u00e0 Casper SH-09FS32 s\u1eed d\u1ee5ng\u00a0gas R32. \u0110\u00e2y l\u00e0 m\u00f4i ch\u1ea5t l\u00e0m l\u1ea1nh ti\u00ean ti\u1ebfn nh\u1ea5t hi\u1ec7n nay. \u0110\u00e2y l\u00e0 lo\u1ea1i gas ti\u00ean ti\u1ebfn nh\u1ea5t hi\u1ec7n nay \u0111\u01b0\u1ee3c c\u00e1c h\u00e3ng cao c\u1ea5p nh\u01b0\u00a0Daikin, Panasonic, Mitsubishi, Toshiba\u2026 l\u1ef1a ch\u1ecdn cho s\u1ea3n ph\u1ea9m c\u1ee7a h\u1ecd. \u0110i\u1ec1u h\u00f2a Casper R32 gi\u00fap gi\u1ea3m hi\u1ec7u \u1ee9ng nh\u00e0 k\u00ednh nh\u1eb1m b\u1ea3o v\u1ec7 m\u00f4i tr\u01b0\u1eddng v\u00e0 kh\u00f4ng d\u00e2y th\u1ee7ng t\u1ea7ng ozone. Ngo\u00e0i ra, gas R32 c\u00f3 hi\u1ec7u su\u1ea5t l\u00e0m l\u1ea1nh cao 1,6 l\u1ea7n so v\u1edbi c\u00e1c s\u1ea3n ph\u1ea9m s\u1eed d\u1ee5ng gas R410A v\u00e0 R22.<\/p>\n<p><img src=\"https:\/\/banhangtaikho.com.vn\/Images\/Upload\/images\/dieu-hoa-casper-gas-r32.jpg\" \/><\/p>\n<h2>\u0110i\u1ec1u h\u00f2a Casper b\u1ea3o h\u00e0nh 3 n\u0103m, m\u00e1y n\u00e9n 5 n\u0103m, 1 \u0111\u1ed5i 1 trong v\u00f2ng 2 n\u0103m ngay t\u1ea1i Nh\u00e0<\/h2>\n<p>\u0110i\u1ec1u ho\u00e0 Casper 2 chi\u1ec1u\u00a0SH-09FS32 c\u00f3 th\u1eddi gian b\u1ea3o h\u00e0nh to\u00e0n b\u1ed9 m\u00e1y 3 n\u0103m, m\u00e1y n\u00e9n 5 n\u0103m. Th\u00eam v\u00e0o \u0111\u00f3, Casper c\u00f2n c\u00f3 ch\u00ednh s\u00e1ch 1 \u0111\u1ed5i 1 trong v\u00f2ng 2 n\u0103m ngay t\u1ea1i nh\u00e0 \/ t\u1ea1i c\u00f4ng tr\u00ecnh.<\/p>\n<p><img src=\"https:\/\/banhangtaikho.com.vn\/Images\/Upload\/images\/bao-hanh-dieu-hoa-casper-1.jpg\" \/><\/p>\n<p>T\u1ed5ng \u0111\u00e0i Casper\u00a0ti\u1ebfp nh\u1eadn th\u00f4ng tin nhanh ch\u00f3ng, c\u00e1c\u00a0trung t\u00e2m b\u1ea3o h\u00e0nh Casper ph\u1ee7\u00a0r\u1ed9ng kh\u1eafp To\u00e0n Qu\u1ed1c + \u0111\u1ed9i ng\u0169 \u0111\u1ed9i ng\u0169 k\u1ef9\u00a0thu\u1eadt vi\u00ean tay ngh\u1ec1 cao x\u1eed l\u00fd t\u1eadn t\u00ecnh chuy\u00ean nghi\u1ec7p &#8230;\u0111\u00e3 kh\u1eb3ng \u0111\u1ecbnh \u0111\u01b0\u1ee3c gi\u00e1 tr\u1ecb v\u01b0\u1ee3t tr\u1ed9i v\u1ec1 d\u1ecbch v\u1ee5 h\u1ed7 tr\u1ee3 sau b\u00e1n h\u00e0ng c\u1ee7a Casper.<\/p>\n<h2>Casper SH-09FS32, \u0110i\u1ec1u h\u00f2a 9000 BTU 2 chi\u1ec1u gi\u00e1 r\u1ebb \u0111\u00e1ng mua nh\u1ea5t 2021<\/h2>\n<p>M\u00e1y \u0111i\u1ec1u h\u00f2a 9000BTU 2 chi\u1ec1u gi\u00e1 r\u1ebb c\u00f3 r\u1ea5t nhi\u1ec1u s\u1ef1 l\u1ef1a ch\u1ecdn cho B\u1ea1n: Casper SH-09FS32, Midea MSAFB-10HRN1, Funiki SH09MMC2, Sumikura APS\/APO-H092\u00a0v\u00e0 Gree GWH09KB-K6N0C4. Th\u00ec \u0111i\u1ec1u h\u00f2a Casper\u00a0SH-09FS32 \u0111\u01b0\u1ee3c ng\u01b0\u1eddi ti\u00eau d\u00f9ng tin t\u01b0\u1edfng ch\u1ecdn mua nhi\u1ec1u h\u01a1n c\u1ea3 b\u1edfi uy t\u00edn v\u1ec1 th\u01b0\u01a1ng hi\u1ec7u, ch\u1ea5t l\u01b0\u1ee3ng s\u1ea3n ph\u1ea9m, ch\u00ednh s\u00e1ch b\u1ea3o h\u00e0nh v\u01b0\u1ee3t tr\u1ed9i.<\/p>\n<\/div>\n<div id=\"chitiet-2\" class=\"w-pd-i-content\">\n<p class=\"w-pd-i-c-head\">\n<\/div>\n","protected":false},"excerpt":{"rendered":"<ul class=\"l pr-des-featured\">\n<li>\u0110i\u1ec1u h\u00f2a Casper SH-09FS32 9000 BTU 2 chi\u1ec1u [Model 2021]<\/li>\n<li>Ch\u1ebf \u0111\u1ed9 Turbo l\u00e0m l\u1ea1nh\/s\u01b0\u1edfi \u1ea5m nhanh ch\u00f3ng, c\u1ea3m bi\u1ebfn th\u00e2n nhi\u1ec7t ifeel d\u1ec5 ch\u1ecbu<\/li>\n<li>Kh\u00f4ng kh\u00ed lu\u00f4n trong l\u00e0nh v\u1edbi ch\u1ebf \u0111\u1ed9 Iclean<\/li>\n<li>D\u00e0n \u0111\u1ed3ng, m\u1ea1 v\u00e0ng b\u1ec1n b\u1ec9 v\u1edbi th\u1eddi gian<\/li>\n<li>Xu\u1ea5t x\u1ee9: Ch\u00ednh h\u00e3ng Th\u00e1i Lan<\/li>\n<li>B\u1ea3o h\u00e0nh: M\u00e1y 3 n\u0103m, m\u00e1y n\u00e9n 5 n\u0103m<\/li>\n<\/ul>\n","protected":false},"featured_media":6733,"comment_status":"open","ping_status":"closed","template":"","meta":[],"_links":{"self":[{"href":"http:\/\/maudep.com.vn\/chuyengiadienmay\/index.php?rest_route=\/wp\/v2\/product\/6732"}],"collection":[{"href":"http:\/\/maudep.com.vn\/chuyengiadienmay\/index.php?rest_route=\/wp\/v2\/product"}],"about":[{"href":"http:\/\/maudep.com.vn\/chuyengiadienmay\/index.php?rest_route=\/wp\/v2\/types\/product"}],"replies":[{"embeddable":true,"href":"http:\/\/maudep.com.vn\/chuyengiadienmay\/index.php?rest_route=%2Fwp%2Fv2%2Fcomments&post=6732"}],"wp:featuredmedia":[{"embeddable":true,"href":"http:\/\/maudep.com.vn\/chuyengiadienmay\/index.php?rest_route=\/wp\/v2\/media\/6733"}],"wp:attachment":[{"href":"http:\/\/maudep.com.vn\/chuyengiadienmay\/index.php?rest_route=%2Fwp%2Fv2%2Fmedia&parent=6732"}],"curies":[{"name":"wp","href":"https:\/\/api.w.org\/{rel}","templated":true}]}}