{"id":6762,"date":"2021-10-21T10:05:04","date_gmt":"2021-10-21T03:05:04","guid":{"rendered":"http:\/\/maudep.com.vn\/chuyengiadienmay\/?post_type=product&#038;p=6762"},"modified":"2021-10-21T10:05:04","modified_gmt":"2021-10-21T03:05:04","slug":"dieu-hoa-casper-24000-btu-1-chieu-lc-24fs32","status":"publish","type":"product","link":"http:\/\/maudep.com.vn\/chuyengiadienmay\/?product=dieu-hoa-casper-24000-btu-1-chieu-lc-24fs32","title":{"rendered":"\u0110i\u1ec1u h\u00f2a Casper 24000 BTU 1 chi\u1ec1u LC-24FS32"},"content":{"rendered":"<div id=\"chitiet-1\" class=\"w-pd-i-content\">\n<h2>Casper LC-24FS32, \u0110i\u1ec1u h\u00f2a Casper model m\u1edbi 2021<\/h2>\n<p>\u0110i\u1ec1u h\u00f2a Casper LC-24FS32\u00a024000 BTU 1 chi\u1ec1u s\u1eed d\u1ee5ng gas R32 d\u00f2ng Grand &#8211; Turismo model m\u1edbi nh\u1ea5t\u00a0\u0111i\u1ec1u h\u00f2a Casper\u00a0ch\u00ednh th\u1ee9c \u0111\u01b0\u1ee3c b\u00e1n ra th\u1ecb tr\u01b0\u1eddng n\u01b0\u1edbc ta\u00a0v\u00e0o th\u00e1ng 3\/2021 v\u1edbi nhi\u1ec1u t\u00ednh n\u0103ng &amp; c\u00f4ng ngh\u1ec7 mang l\u1ea1i gi\u00e1 tr\u1ecb tr\u1ea3i nghi\u1ec7m tuy\u1ec7t v\u1eddi t\u1edbi ng\u01b0\u1eddi ti\u00eau d\u00f9ng.<\/p>\n<p><img src=\"https:\/\/banhangtaikho.com.vn\/Images\/Product\/lc24fs32-CNrSJ9.jpg\" alt=\"Casper LC-24FS32, \u0110i\u1ec1u h\u00f2a Casper 24000 BTU 1 chi\u1ec1u [2021]\" \/><\/p>\n<h2>\u0110i\u1ec1u h\u00f2a Casper Th\u00e1i Lan, TOP 3 \u0111i\u1ec1u h\u00f2a b\u00e1n t\u1ed1t nh\u1ea5t t\u1ea1i Vi\u1ec7t Nam<\/h2>\n<p>Casper l\u00e0 th\u01b0\u01a1ng hi\u1ec7u\u00a0<strong>\u0111i\u1ec1u ho\u00e0 Th\u00e1i Lan<\/strong>\u00a0c\u00f3 b\u01b0\u1edbc ph\u00e1t tri\u1ec3n m\u1ea1nh m\u1ebd, \u0111\u1ea7y \u1ea5n t\u01b0\u1ee3ng trong th\u1eddi gian qua. Ch\u1ec9 sau 5 n\u0103m ra m\u1eaft, Casper \u0111\u00e3 \u0111\u1ea1t \u0111\u01b0\u1ee3c v\u1ecb th\u1ebf v\u1eefng ch\u1eafc tr\u00ean th\u1ecb tr\u01b0\u1eddng, TOP 3 \u0111i\u1ec1u ho\u00e0 b\u00e1n ch\u1ea1y nh\u1ea5t n\u0103m 2020 &#8211; Theo s\u1ed1 li\u1ec7u GFK. Ch\u00fang ta d\u1ec5 d\u00e0ng th\u1ea5y r\u1eb1ng\u00a0t\u1ea5t nhi\u1ec1u c\u00f4ng tr\u00ecnh c\u00f3 s\u1ef1 hi\u1ec7n di\u1ec7n c\u1ee7a \u0111i\u1ec1u ho\u00e0 Casper t\u1eeb gia \u0111\u00ecnh \u0111\u1ebfn v\u0103n ph\u00f2ng, c\u1eeda h\u00e0ng, tr\u01b0\u1eddng h\u1ecdc, b\u1ec7nh vi\u1ec7n, kh\u00e1ch s\u1ea1n, h\u1ed9i tr\u01b0\u1eddng, nh\u00e0 m\u00e1y&#8230;<\/p>\n<h2>Thi\u1ebft k\u1ebf \u0111i\u1ec1u h\u00f2a Casper LC-24FS32 nh\u1ecf g\u1ecdn &amp; sang tr\u1ecdng<\/h2>\n<p>\u0110i\u1ec1u ho\u00e0\u00a0Casper 24000 BTU 1 chi\u1ec1u LC-24FS32 c\u00f3 thi\u1ebft k\u1ebf sang tr\u1ecdng, hi\u1ec7n \u0111\u1ea1i, m\u00e0u tr\u1eafng trang nh\u00e3 ph\u00f9 h\u1ee3p v\u1edbi m\u1ecdi kh\u00f4ng gian n\u1ed9i th\u1ea5t.\u00a0<strong>D\u00e0n l\u1ea1nh c\u00f3 hi\u1ec3n th\u1ecb nhi\u1ec7t \u0111\u1ed9<\/strong>\u00a0gi\u00fap b\u1ea1n d\u1ec5 d\u00e0ng quan s\u00e1t khi s\u1eed d\u1ee5ng.<\/p>\n<p>V\u1edbi c\u00f4ng su\u1ea5t\u00a0\u0111i\u1ec1u h\u00f2a 24000BTU, \u0110i\u1ec1u h\u00f2a Casper LC-24FS32\u00a0<strong>ph\u00f9 h\u1ee3p v\u1edbi ph\u00f2ng c\u00f3 di\u1ec7n t\u00edch d\u01b0\u1edbi 40m<sup>2<\/sup><\/strong>: Ph\u00f2ng kh\u00e1ch, c\u1eeda h\u00e0ng, v\u0103n ph\u00f2ng&#8230;Tr\u01b0\u1eddng h\u1ee3p m\u00e0 ph\u00f2ng b\u1ecb \u00e1nh n\u1eafng chi\u1ebfu v\u00e0o nhi\u1ec1u, c\u00f3 nhi\u1ec1u thi\u1ebft b\u1ecb sinh nhi\u1ec7t, tr\u1ea7n cao&#8230; th\u00ec b\u1ea1n n\u00ean \u0111i\u1ec1u ch\u1ec9nh t\u0103ng c\u00f4ng su\u1ea5t cho ph\u00f9 h\u1ee3p \u0111\u1ea3m b\u1ea3o m\u00e1y l\u00e0m l\u1ea1nh hi\u1ec7u qu\u1ea3 t\u1ed1t nh\u1ea5t.<\/p>\n<h2>T\u1eadn h\u01b0\u1edfng m\u00e1t l\u1ea1nh t\u1eebng gi\u00e2y<\/h2>\n<p>\u0110i\u1ec1u h\u00f2a Casper LC-24FS32 \u0111\u01b0\u1ee3c trang b\u1ecb m\u00e1y n\u00e9n ti\u00ean ti\u1ebfn c\u00f3 kh\u1ea3 n\u0103ng l\u00e0m l\u1ea1nh nhanh ch\u00f3ng. B\u1ea1n s\u1ebd c\u1ea3m nh\u1eadn \u0111\u01b0\u1ee3c lu\u1ed3ng kh\u00f4ng kh\u00ed m\u00e1t l\u1ea1nh s\u1ea3ng kho\u00e1i ch\u1ec9 sau 30 gi\u00e2y kh\u1edfi \u0111\u1ed9ng.<\/p>\n<p>\u0110\u1ed9ng c\u01a1 v\u1eadn h\u00e0nh \u00eam \u00e1i, gi\u1ea3m ti\u1ebfng \u1ed3n th\u1ea5p nh\u1ea5t c\u00f3 th\u1ec3 gi\u00fap b\u1ea1n t\u1eadn h\u01b0\u1edfng kh\u00f4ng gian y\u00ean t\u0129nh tuy\u1ec7t \u0111\u1ed1i, tho\u1ea3i m\u00e1i ngh\u1ec9 ng\u01a1i, t\u1eadp trung l\u00e0m vi\u1ec7c hi\u1ec7u qu\u1ea3 h\u01a1n.<\/p>\n<h2>H\u1ec7 th\u1ed1ng l\u01b0\u1edbi l\u1ecdc \u0111a chi\u1ec1u Casper\u00a0Multi Filter AirFresh ch\u1eb3ng s\u1ee3 vi khu\u1ea9n &amp; n\u1ea5m m\u1ed1c<\/h2>\n<p>\u0110i\u1ec1u ho\u00e0 Casper 1 chi\u1ec1u 24000 BTU LC-24FS32 \u0111\u01b0\u1ee3c trang b\u1ecb h\u1ec7 th\u1ed1ng\u00a0<strong>l\u01b0\u1edbi l\u1ecdc \u0111a chi\u1ec1u g\u1ed3m 4 m\u00e0ng l\u1ecdc<\/strong>: m\u00e0ng l\u1ecdc Cacbon, m\u00e0ng l\u1ecdc virus, m\u00e0ng l\u1ecdc Vitamin C, m\u00e0ng l\u1ecdc di\u1ec7t khu\u1ea9n gi\u00fap b\u1eaft gi\u1eef v\u00e0 lo\u1ea1i b\u1ecf b\u1ee5i b\u1ea9n, vi khu\u1ea9n, n\u1ea5m m\u1ed1c&#8230; hi\u1ec7u qu\u1ea3 mang \u0111\u1ebfn b\u1ea7u kh\u00f4ng kh\u00ed trong l\u00e0nh.<\/p>\n<p>\u0110\u00e2y l\u00e0 m\u1ed9t trong nh\u1eefng ti\u00eau ch\u00ed \u0111\u01b0\u1ee3c r\u1ea5t nhi\u1ec1u kh\u00e1ch h\u00e0ng quan t\u00e2m khi ch\u1ecdn mua \u0111i\u1ec1u ho\u00e0, \u0111\u1eb7c bi\u1ec7t l\u00e0 \u0111\u1ed1i v\u1edbi c\u00e1c gia \u0111\u00ecnh c\u00f3 ng\u01b0\u1eddi gi\u00e0 v\u00e0 tr\u1ebb nh\u1ecf. Khi m\u00f4i tr\u01b0\u1eddng ng\u00e0y c\u00e0ng tr\u1edf n\u00ean \u00f4 nhi\u1ec5m, ch\u1ea5t l\u01b0\u1ee3ng kh\u00f4ng kh\u00ed th\u1ea5p, th\u00ec chi\u1ebfc \u0111i\u1ec1u ho\u00e0 LC-18TL32 s\u1ebd gi\u00fap b\u1ea3o v\u1ec7 t\u1ed1t h\u01a1n cho s\u1ee9c kh\u1ecfe c\u1ee7a ng\u01b0\u1eddi d\u00f9ng.<\/p>\n<h2>\u0110i\u1ec1u h\u00f2a Casper \u0111i\u1ec1u khi\u1ec3n v\u00f4 c\u00f9ng ti\u1ec7n d\u1ee5ng<\/h2>\n<p>V\u1edbi\u00a0\u0111i\u1ec1u khi\u1ec3n \u0111i\u1ec1u h\u00f2a Casper\u00a0b\u1ea1n d\u1ec5 d\u00e0ng \u0111i\u1ec1u ch\u1ec9nh, c\u00e0i \u0111\u1eb7t c\u00e1c ch\u1ebf \u0111\u1ed9.\u00a0<strong>M\u00e0n h\u00ecnh LED hi\u1ec3n th\u1ecb nhi\u1ec7t \u0111\u1ed9<\/strong>, c\u00e1c ch\u1ebf \u0111\u1ed9, n\u00fat b\u1ea5m n\u1ed5i k\u00e8m ch\u00fa th\u00edch r\u1ea5t r\u00f5 r\u00e0ng, v\u00f4 c\u00f9ng ti\u1ec7n \u00edch.<\/p>\n<h2>D\u00e0n \u0111\u1ed3ng, c\u00e1nh t\u1ea3n nhi\u1ec7t m\u1ea1 v\u00e0ng \u0111\u1ed9 b\u1ec1n th\u00e1ch th\u1ee9c th\u1eddi gian<\/h2>\n<p>\u0110i\u1ec1u ho\u00e0 Casper\u00a0LC-24FS32 \u0111\u01b0\u1ee3c trang b\u1ecb\u00a0<strong>d\u00e0n \u0111\u1ed3ng nguy\u00ean ch\u1ea5t, c\u00e1nh t\u1ea3n nhi\u1ec7t \u0111\u1ed3ng m\u1ea1 v\u00e0ng<\/strong>\u00a0gi\u00fap t\u0103ng hi\u1ec7u su\u1ea5t l\u00e0m l\u1ea1nh, ng\u0103n ng\u1eeba s\u1ef1 \u0103n m\u00f2n c\u1ee7a n\u01b0\u1edbc m\u01b0a, mu\u1ed1i bi\u1ec3n v\u00e0 c\u00e1c t\u00e1c nh\u00e2n \u0103n m\u00f2n kh\u00e1c, t\u1eeb \u0111\u00f3 t\u0103ng \u0111\u1ed9 b\u1ec1n c\u1ee7a m\u00e1y.<\/p>\n<h2>L\u1eafp \u0111\u1eb7t, b\u1ea3o d\u01b0\u1ee1ng \u0111i\u1ec1u h\u00f2a d\u1ec5 d\u00e0ng\u00a0nhanh ch\u00f3ng<\/h2>\n<p>\u0110i\u1ec1u ho\u00e0 Casper 24000\u00a0BTU LC-24FS32 c\u00f3 thi\u1ebft k\u1ebf nguy\u00ean kh\u1ed1i, c\u1ea5u tr\u00fac linh ho\u1ea1t t\u1ed1i \u01b0u d\u1ec5 d\u00e0ng th\u00e1o l\u1eafp gi\u00fap b\u1ea1n ti\u1ebft ki\u1ec7m th\u1eddi gian v\u00e0 chi ph\u00ed l\u1eafp \u0111\u1eb7t c\u0169ng nh\u01b0\u00a0b\u1ea3o d\u01b0\u1ee1ng \u0111i\u1ec1u h\u00f2a\u00a0\u0111\u1ecbnh k\u1ef3 h\u00e0ng n\u0103m.<\/p>\n<h2>\u0110i\u1ec1u h\u00f2a Casper s\u1eed d\u1ee5ng m\u00f4i ch\u1ea5t l\u1ea1nh gas R32 ti\u00ean ti\u1ebfn nh\u1ea5t<\/h2>\n<p>M\u00e1y \u0111i\u1ec1u h\u00f2a Casper LC24FS32 s\u1eed d\u1ee5ng m\u00f4i ch\u1ea5t l\u00e0m l\u1ea1nh t\u1ed1i \u01b0u nh\u1ea5t hi\u1ec7n nay l\u00e0\u00a0<strong>gas R32<\/strong>\u00a0v\u1edbi hi\u1ec7u su\u1ea5t l\u00e0m l\u1ea1nh cao, th\u00e2n thi\u1ec7n v\u1edbi m\u00f4i tr\u01b0\u1eddng v\u00e0 an to\u00e0n cho ng\u01b0\u1eddi s\u1eed d\u1ee5ng.<\/p>\n<p><img src=\"https:\/\/banhangtaikho.com.vn\/Images\/Upload\/images\/dieu-hoa-casper-gas-r32.jpg\" alt=\"\" \/><\/p>\n<p><em>&#8230;Ngo\u00e0i ra \u0111i\u1ec1u h\u00f2a Casper c\u00f2n r\u1ea5t nhi\u1ec1u t\u00ednh n\u0103ng ch\u1edd b\u1ea1n kh\u00e1m ph\u00e1 &amp; tr\u1ea3i nghi\u1ec7m: T\u1ef1 \u0111\u1ed9ng b\u00e1o l\u1ed7i, t\u1ef1 kh\u1edfi \u0111\u1ed9ng l\u1ea1i. c\u00e0i \u0111\u1eb7t th\u1eddi gian s\u1eed d\u1ee5ng&#8230;<\/em><\/p>\n<h2>\u0110i\u1ec1u h\u00f2a Casper b\u1ea3o h\u00e0nh 3 n\u0103m, m\u00e1y n\u00e9n 5 n\u0103m ngay t\u1ea1i nh\u00e0 \/ C\u00f4ng tr\u00ecnh<\/h2>\n<p>\u0110i\u1ec1u h\u00f2a Casper LC-24FS32 ch\u00ednh h\u00e3ng\u00a0th\u1eddi gian\u00a0<strong>b\u1ea3o h\u00e0nh to\u00e0n b\u1ed9 s\u1ea3n ph\u1ea9m 3 n\u0103m, m\u00e1y n\u00e9n 5 n\u0103m. \u201c1 \u0111\u1ed5i 1\u201d trong v\u00f2ng 2 n\u0103m<\/strong>\u00a0khi x\u1ea3y ra l\u1ed7i t\u1eeb nh\u00e0 s\u1ea3n xu\u1ea5t.<\/p>\n<p><img src=\"https:\/\/banhangtaikho.com.vn\/Images\/Upload\/images\/bao-hanh-dieu-hoa-casper-1.jpg\" alt=\"\" \/><\/p>\n<p>H\u00e3ng c\u00f3 g\u1ea7n 300 tr\u1ea1m b\u1ea3o h\u00e0nh tr\u00ean to\u00e0n qu\u1ed1c, \u0111\u1ed9i ng\u0169 k\u1ef9 thu\u1eadt vi\u00ean chuy\u00ean nghi\u1ec7p lu\u00f4n s\u1eb5n s\u00e0ng h\u1ed7 tr\u1ee3 nhanh ch\u00f3ng v\u00e0 t\u1ed1t nh\u1ea5t. Th\u1eddi gian x\u1eed l\u00fd trong v\u00f2ng 24h-48h tu\u1ef3 khu v\u1ef1c. B\u1ea1n s\u1ebd ho\u00e0n to\u00e0n y\u00ean t\u00e2m khi s\u1eed d\u1ee5ng \u0111i\u1ec1u ho\u00e0 Casper.<\/p>\n<p>Trong ph\u00e2n kh\u00fac \u0111i\u1ec1u ho\u00e0 gi\u00e1 r\u1ebb th\u00ec Casper v\u1edbi nh\u1eefng \u01b0u th\u1ebf n\u1ed5i b\u1eadt c\u1ee7a m\u00ecnh t\u1eeb ch\u1ea5t l\u01b0\u1ee3ng s\u1ea3n ph\u1ea9m, gi\u00e1 th\u00e0nh, ch\u00ednh s\u00e1ch ch\u0103m s\u00f3c h\u1ed7 tr\u1ee3 kh\u00e1ch h\u00e0ng t\u1ed1t lu\u00f4n l\u00e0 th\u01b0\u01a1ng hi\u1ec7u \u0111\u01b0\u1ee3c kh\u00e1ch h\u00e0ng \u01b0u ti\u00ean l\u1ef1a ch\u1ecdn h\u00e0ng \u0111\u1ea7u.<\/p>\n<div class=\"cl\"><\/div>\n<\/div>\n<div id=\"chitiet-2\" class=\"w-pd-i-content\">\n<p class=\"w-pd-i-c-head\">\n<\/div>\n","protected":false},"excerpt":{"rendered":"<ul class=\"l pr-des-featured\">\n<li>\u0110i\u1ec1u h\u00f2a Casper 24000 BTU 1 chi\u1ec1u LC-24FS32 [2021]<\/li>\n<li>Thi\u1ebft k\u1ebf sang tr\u1ecdng, \u0111\u00e8n hi\u1ec3n th\u1ecb nhi\u1ec7t \u0111\u1ed9 ti\u1ec7n d\u1ee5ng<\/li>\n<li>L\u00e0m l\u1ea1nh nhanh d\u1ec5 ch\u1ecbu, v\u1eadn h\u00e0nh \u00eam \u00e1i<\/li>\n<li>D\u00e0n \u0111\u1ed1ng, c\u00e1nh t\u1ea3n nhi\u1ec7t m\u1ea1 v\u00e0ng ch\u1ed1ng \u0103n m\u00f2n<\/li>\n<li>Xu\u1ea5t x\u1ee9: Ch\u00ednh h\u00e3ng Th\u00e1i Lan<\/li>\n<li>B\u1ea3o h\u00e0nh: M\u00e1y 3 n\u0103m, m\u00e1y n\u00e9n 5 N\u0103m<\/li>\n<\/ul>\n","protected":false},"featured_media":6763,"comment_status":"open","ping_status":"closed","template":"","meta":[],"_links":{"self":[{"href":"http:\/\/maudep.com.vn\/chuyengiadienmay\/index.php?rest_route=\/wp\/v2\/product\/6762"}],"collection":[{"href":"http:\/\/maudep.com.vn\/chuyengiadienmay\/index.php?rest_route=\/wp\/v2\/product"}],"about":[{"href":"http:\/\/maudep.com.vn\/chuyengiadienmay\/index.php?rest_route=\/wp\/v2\/types\/product"}],"replies":[{"embeddable":true,"href":"http:\/\/maudep.com.vn\/chuyengiadienmay\/index.php?rest_route=%2Fwp%2Fv2%2Fcomments&post=6762"}],"wp:featuredmedia":[{"embeddable":true,"href":"http:\/\/maudep.com.vn\/chuyengiadienmay\/index.php?rest_route=\/wp\/v2\/media\/6763"}],"wp:attachment":[{"href":"http:\/\/maudep.com.vn\/chuyengiadienmay\/index.php?rest_route=%2Fwp%2Fv2%2Fmedia&parent=6762"}],"curies":[{"name":"wp","href":"https:\/\/api.w.org\/{rel}","templated":true}]}}