{"id":3392,"date":"2021-06-03T15:40:01","date_gmt":"2021-06-03T08:40:01","guid":{"rendered":"http:\/\/maudep.com.vn\/giadung1\/?post_type=product&#038;p=3392"},"modified":"2021-06-04T15:18:48","modified_gmt":"2021-06-04T08:18:48","slug":"tu-dong-hoa-phat-mat-kinh-cong-445l-hcf-800s1pdg-n","status":"publish","type":"product","link":"http:\/\/maudep.com.vn\/giadung1\/san-pham\/tu-dong-hoa-phat-mat-kinh-cong-445l-hcf-800s1pdg-n\/","title":{"rendered":"T\u1ee7 \u0111\u00f4ng H\u00f2a Ph\u00e1t m\u1eb7t k\u00ednh cong 445L HCF 800S1P\u0110G.N"},"content":{"rendered":"<h3>TH\u00d4NG TIN CHI TI\u1ebeT<\/h3>\n<h2><strong>M\u00f4 t\u1ea3 t\u1ee7 \u0111\u00f4ng H\u00f2a Ph\u00e1t m\u1eb7t k\u00ednh cong 445L HCF 800S1P\u0110G.N:<\/strong><\/h2>\n<ul>\n<li>T\u1ee7 \u0111\u00f4ng m\u1eb7t k\u00ednh cong\u00a0H\u00f2a ph\u00e1t HCF 800S1P\u0110G.N\u00a0L\u00e0 t\u1ee7 \u0111\u00f4ng tr\u01b0ng b\u00e0y dung t\u00edch s\u1eed d\u1ee5ng 445 l\u00edt, 1 ng\u0103n ch\u1ebf \u0111\u1ed9 \u0111\u00f4ng.<\/li>\n<li>M\u1eb7t k\u00ednh cong ki\u1ec3u l\u00f9a ch\u1ecbu l\u1ef1c d\u1ec5 d\u00e0ng quan s\u00e1t b\u00ean trong.<\/li>\n<li>Ki\u1ec3u d\u00e1ng hi\u1ec7n \u0111\u1ea1i ti\u1ebft ki\u1ec7n kh\u00f4ng gian, c\u00e1c c\u1eeda h\u00e0ng hay si\u00eau th\u1ecb tr\u01b0ng b\u00e0y kem, th\u1ef1c ph\u1ea9m v\u00e0 \u0111\u1ed3 \u0111\u00f4ng l\u1ea1nh<\/li>\n<\/ul>\n<h3><img loading=\"lazy\" class=\"aligncenter size-full wp-image-3468\" src=\"http:\/\/maudep.com.vn\/giadung1\/wp-content\/uploads\/2021\/06\/HCF-680S1PDG-N-thu-vien.png\" alt=\"\" width=\"1020\" height=\"680\" srcset=\"http:\/\/maudep.com.vn\/giadung1\/wp-content\/uploads\/2021\/06\/HCF-680S1PDG-N-thu-vien.png 1020w, http:\/\/maudep.com.vn\/giadung1\/wp-content\/uploads\/2021\/06\/HCF-680S1PDG-N-thu-vien-300x200.png 300w, http:\/\/maudep.com.vn\/giadung1\/wp-content\/uploads\/2021\/06\/HCF-680S1PDG-N-thu-vien-768x512.png 768w, http:\/\/maudep.com.vn\/giadung1\/wp-content\/uploads\/2021\/06\/HCF-680S1PDG-N-thu-vien-180x120.png 180w, http:\/\/maudep.com.vn\/giadung1\/wp-content\/uploads\/2021\/06\/HCF-680S1PDG-N-thu-vien-600x400.png 600w\" sizes=\"(max-width: 1020px) 100vw, 1020px\" \/><strong>\u0110\u1eb7c \u0111i\u1ec3m t\u1ee7 \u0111\u00f4ng H\u00f2a Ph\u00e1t m\u1eb7t k\u00ednh cong 445L HCF 800S1P\u0110G.N:<\/strong><\/h3>\n<ul>\n<li>S\u1eed d\u1ee5ng m\u00e1y n\u00e9n ch\u1ea5t l\u01b0\u1ee3ng cao, v\u1eadn h\u00e0nh \u00eam, l\u00e0m l\u1ea1nh nhanh ti\u1ebft ki\u1ec7m \u0111i\u1ec7n.<\/li>\n<li>C\u1eeda k\u00ednh cong ch\u1ecbu l\u1ef1c d\u1ec5 d\u00e0ng quan s\u00e1t b\u00ean trong.<\/li>\n<li>D\u00e0n l\u1ea1nh \u1ed1ng \u0111\u1ed3ng nguy\u00ean ch\u1ea5t, l\u00e0m l\u1ea1nh nhanh si\u00eau b\u1ec1n<\/li>\n<li>L\u1edbp c\u00e1ch nhi\u1ec7t Polyurethane d\u00e0y 50mm \u0111\u1ebfn 60mmm c\u00e1ch nhi\u1ec7t hi\u1ec7u qu\u1ea3. S\u1eed d\u1ee5ng ch\u1ea5t tr\u1ee3 n\u1edf th\u1ebf h\u1ec7 m\u1edbi Cylopentane trong l\u1edbp c\u00e1ch nhi\u1ec7t gi\u00fap c\u00e1ch an to\u00e0n cho th\u1ef1c ph\u1ea9m \u0111\u00f4ng l\u1ea1nh trong t\u1ee7.<\/li>\n<li>M\u00f4i ch\u1ea5t l\u00e0m l\u1ea1nh: Gas: R134a b\u1ea3o v\u1ec7 s\u1ee9c kh\u1ecfe ng\u01b0\u1eddi s\u1eed d\u1ee5ng<\/li>\n<li>L\u00f2ng trong t\u1ee7 \u0111\u00f4ng H\u00f2a Ph\u00e1t c\u00e1nh l\u00f9a k\u00ednh cong 445L\u0111\u01b0\u1ee3c l\u00e0m b\u1eb1ng nh\u00f4m nh\u0103n, t\u0103ng \u0111\u1ed9 b\u1ec1n v\u00e0 kh\u1ea3 n\u0103ng truy\u1ec1n nhi\u1ec7t v\u00e0 gi\u1ea3m m\u1ee9c \u0111\u1ed9 b\u00e1m tuy\u1ebft.<\/li>\n<li>Gio\u0103ng c\u00e1nh t\u1ee7 \u0111\u01b0\u1ee3c thi\u1ebft k\u1ebf d\u1ea1ng g\u00e0i, c\u00f3 th\u1ec3 th\u00e1o ra gi\u00fap v\u1ec7 sinh gio\u0103ng d\u1ec5 d\u00e0ng v\u00e0 n\u00e2ng cao tu\u1ed5i th\u1ecd.<\/li>\n<li>Th\u00e2n v\u00e0 c\u00e1nh \u0111\u01b0\u1ee3c l\u00e0m b\u1eb1ng th\u00e9p d\u00e0y, b\u1ec1 m\u1eb7t ph\u1ee7 s\u01a1n t\u0129nh \u0111i\u1ec7n cao c\u1ea5p b\u00f3ng \u0111\u1eb9p v\u00e0 b\u1ec1n, tr\u00e1nh han g\u1ec9 trong su\u1ed1t qu\u00e1 tr\u00ecnh s\u1eed d\u1ee5ng.<\/li>\n<li>C\u00e1nh c\u00f3 kh\u00f3a an to\u00e0n cho gia \u0111\u00ecnh c\u00f3 tr\u1ebb nh\u1ecf hay tr\u00e1nh m\u1ea5t \u0111\u1ed3 cho c\u1eeda h\u00e0ng<\/li>\n<\/ul>\n<ul>\n<li>N\u00fat \u0111i\u1ec1u ch\u1ec9nh nhi\u1ec7t \u0111\u1ed9 v\u00e0 c\u00e1c \u0111\u00e8n b\u00e1o n\u1eb1m ph\u00eda ch\u00e2n t\u1ee7 d\u1ec5 d\u00e0ng quan s\u00e1t v\u00e0 v\u1eadn h\u00e0nh.<\/li>\n<li>Thi\u1ebft k\u1ebf 1 gi\u1ecf treo t\u0103ng t\u00ednh linh ho\u1ea1t trong b\u1ed1 tr\u00ed s\u1eafp x\u1ebfp \u0111\u1ed3.<\/li>\n<li>L\u1ed7 tho\u00e1t n\u01b0\u1edbc b\u00ean trong ti\u1ec7n l\u1ee3i cho v\u1ec7 sinh lau ch\u00f9i<\/li>\n<li>Ch\u00e2n b\u00e1nh xe ch\u1ecbu l\u1ef1c gi\u00fap d\u1ec5 d\u00e0ng di chuy\u1ec3n v\u00e0 s\u1eafp x\u1ebfp v\u1ecb tr\u00ed \u0111\u1eb7t t\u1ee7<\/li>\n<li>B\u1ea3o h\u00e0nh 30 th\u00e1ng d\u00e0i nh\u1ea5t tr\u00ean th\u1ecb tr\u01b0\u1eddng<\/li>\n<\/ul>\n<figure id=\"attachment_1765\" class=\"wp-caption alignright\" aria-describedby=\"caption-attachment-1765\"><\/figure>\n<ul>\n<li>T\u1eaft t\u1ee7: V\u1eb7n n\u00fat \u0111i\u1ec3u ch\u1ec9nh Thermostar t\u1eeb v\u1ecb tr\u00ed (ON) ho\u1eb7c (OFF)<\/li>\n<li>Ng\u1eaft ngu\u1ed3n \u0111i\u1ec7n: ng\u1eaft \u0111i\u1ec7n t\u1ee7 b\u1eb1ng c\u00e1ch r\u00fat d\u00e2y ngu\u1ed3n.<\/li>\n<li>\u0110\u01b0a c\u00e1c th\u1ef1c ph\u1ea9m, khay, gi\u00e1 \u0111\u1ee1 ra kh\u1ecfi t\u1ee7 \u0111\u00f4ng.<\/li>\n<li>Ph\u00e1 tuy\u1ebft tr\u00ean gi\u00e0n l\u1ea1nh \u0111\u1ed1i v\u1edbi t\u1ee7 l\u00e0m l\u1ea1nh tr\u1ef1c ti\u1ebfp (m\u1edf c\u1eeda t\u1ee7 \u0111\u1ec3 tuy\u1ebft tan).<\/li>\n<li>V\u1ec7 sinh b\u00ean trong t\u1ee7 \u0111\u00f4ng H\u00f2a Ph\u00e1t m\u1eb7t k\u00ednh cong HCF 800S1P\u0110G.N:<br \/>\n+ S\u1eed d\u1ee5ng n\u01b0\u1edbc \u1ea5m v\u00e0 kh\u0103n b\u00f4ng kh\u0103n b\u00f4ng m\u1ec1m \u0111\u1ec3 c\u1ecd r\u1eeda d\u00e0n l\u1ea1nh c\u00e1c ng\u0103n, c\u00e1c m\u1eb7t trong c\u1ee7a t\u1ee7 \u0111\u00f4ng, c\u00e1c t\u1ea5m c\u1eeda c\u00f9ng c\u00e1c chi ti\u1ebft b\u1eb1ng ch\u1ea5t d\u1ebbo kh\u00e1c c\u1ee7a t\u1ee7 \u0111\u00f4ng.<br \/>\n+ C\u00f3 th\u1ec3 d\u00f9ng n\u01b0\u1edbc x\u00e0 ph\u00f2ng lo\u00e3ng \u0111\u1ec3 lau ch\u00f9i c\u00e1c v\u1ebft b\u1ea9n kh\u00f3 s\u1ea1ch b\u00ean trong t\u1ee7, tuy nhi\u00ean ph\u1ea3i l\u00e0m s\u1ea1ch to\u00e0n b\u1ed9 x\u00e0 ph\u00f2ng b\u1eb1ng n\u01b0\u1edbc s\u1ea1ch v\u00e0 lau kh\u00f4, tr\u00e1nh t\u00ecnh tr\u1ea1ng \u0111\u1ec3 n\u01b0\u1edbc \u0111\u1ecdng l\u1ea1i \u1edf \u0111\u00e1y t\u1ee7 hay gi\u00e0n l\u1ea1nh.<\/li>\n<li>V\u1ec7 sinh b\u00ean ngo\u00e0i t\u1ee7 \u0111\u00f4ng H\u00f2a Ph\u00e1t m\u1eb7t k\u00ednh cong HCF 800S1P\u0110G.N:<br \/>\n+ V\u1edbi v\u1ecf m\u1eb7t ngo\u00e0i c\u1ee7a t\u1ee7 \u0111\u00f4ng s\u1eed d\u1ee5ng kh\u0103n s\u1ea1ch v\u00e0 n\u01b0\u1edbc \u1ea5m ch\u00f9i r\u1eeda, sau \u0111\u00f3 lau kh\u00f4<br \/>\n+ L\u01b0u \u00fd v\u1edbi \u00e1c b\u1ed9 ph\u1eadn \u0111\u1ec7m c\u1eeda, do\u0103ng, (kh\u00f4ng d\u00f9ng c\u00e1c bazo ho\u1eb7c b\u1ea5t k\u1ef3 ch\u1ea5t t\u1ea9y r\u1eeda n\u00e0o kh\u00e1c \u0111\u1ec3 c\u1ecd r\u1eeda).<\/li>\n<li>Lau kh\u00f4 t\u1ea5t c\u1ea3 c\u00e1c b\u1ed9 ph\u1eadn m\u1ed9t l\u1ea7n n\u1eefa tr\u01b0\u1edbc khi c\u1eafm \u0111i\u1ec7n v\u00e0 b\u1eadt t\u1ee7 tr\u1edf l\u1ea1i<\/li>\n<li>B\u1eadt m\u00e1y ch\u1edd cho nhi\u1ec7t \u0111\u1ed9 trong t\u1ee7 \u0111\u1ee7 l\u1ea1nh tr\u01b0\u1edbc khi x\u1ebfp c\u00e1c th\u1ef1c ph\u1ea9m v\u00e0o trong t\u1ee7<\/li>\n<\/ul>\n<h3><strong>Th\u00f4ng s\u1ed1 k\u1ef9 thu\u1eadt t\u1ee7 \u0111\u00f4ng H\u00f2a Ph\u00e1t m\u1eb7t k\u00ednh cong 445L HCF 800S1P\u0110G.N:<\/strong><\/h3>\n<ul>\n<li>Model: HCF 800S1P\u0110G.N<\/li>\n<li>Dung t\u00edch s\u1eed d\u1ee5ng: 445 l\u00edt<\/li>\n<li>Lo\u1ea1i: 1 ng\u0103n, 1 ch\u1ebf \u0111\u1ed9 ( \u0110\u00f4ng )<\/li>\n<li>M\u1eb7t t\u1ee7: c\u1eeda l\u00f9a cong b\u1eb1ng k\u00ednh c\u01b0\u1eddng l\u1ef1c<\/li>\n<li>D\u00e0n l\u1ea1nh: \u0110\u1ed3ng<\/li>\n<li>C\u00f4ng su\u1ea5t: 340 W<\/li>\n<li>K\u00edch th\u01b0\u1edbc (RxSxC): 1500 x 695 x 850 (mm)<\/li>\n<li>Tr\u1ecdng l\u01b0\u1ee3ng: 75 Kg<\/li>\n<li>Gas: R134a<\/li>\n<li><strong>B\u1ea3o h\u00e0nh: 30 th\u00e1ng<\/strong><\/li>\n<\/ul>\n<h3>H\u01b0\u1edbng d\u1eabn s\u1eed d\u1ee5ng t\u1ee7 \u0111\u00f4ng H\u00f2a Ph\u00e1t m\u1eb7t k\u00ednh cong HCF 800S1P\u0110G.N, theo c\u00e1ch ti\u1ebft ki\u1ec7m \u0111i\u1ec7n nh\u1ea5t:<\/h3>\n<ul>\n<li>V\u1eca tr\u00ed l\u1eafp \u0111\u1eb7t t\u1ee7 \u0111\u00f4ng c\u1ea7n c\u00f3 khe tho\u00e1ng so v\u1edbi t\u01b0\u1eddng v\u00e0 c\u00e1c \u0111\u1ed3 v\u1eadt kh\u00e1c<\/li>\n<li>H\u1ea1n ch\u1ebf m\u1edf c\u1eeda t\u1ee7, kh\u00f4ng m\u1edf qu\u00e1 nhi\u1ec1u l\u1ea7n v\u00e0 th\u1eddi gian m\u1edf trong th\u1eddi gian l\u00e2u.<\/li>\n<li>Kh\u00f4ng \u0111\u1ec3 th\u1ef1c ph\u1ea9m c\u00f2n n\u00f3ng v\u00e0o trong t\u1ee7.<\/li>\n<li>Kh\u00f4ng ch\u1ee9a qu\u00e1 \u0111\u1ea7y th\u1ef1c ph\u1ea9m v\u01b0\u1ee3t m\u1ee9c quy \u0111\u1ecbnh.<\/li>\n<li>Kh\u00f4ng che c\u00e1c kho\u1ea3ng kh\u00f4ng trong t\u1ee7 c\u00e1c gi\u00e1 \u0111\u1ef1ng th\u1ef1c ph\u1ea9m trong t\u1ee7.<\/li>\n<li>Th\u01b0\u1eddng xuy\u00ean v\u1ec7 sinh trong v\u00e0 ngo\u00e0i t\u1ee7<\/li>\n<\/ul>\n<h3><span style=\"color: #ff0000;\"><strong>N\u01a1i mua t\u1ee7 \u0111\u00f4ng H\u00f2a Ph\u00e1t m\u1eb7t k\u00ednh cong 445L HCF 800S1P\u0110G.N ch\u00ednh h\u00e3ng gi\u00e1 r\u1ebb nh\u1ea5t:\u00a0<a style=\"color: #ff0000;\" href=\"tel:0862606686\"><span class=\"text-hotline\">0862 606 686<\/span><\/a><\/strong><\/span><\/h3>\n<ul>\n<li style=\"list-style-type: none;\"><\/li>\n<\/ul>\n","protected":false},"excerpt":{"rendered":"<ul>\n<li>Model: HCF 800S1P\u0110G.N<\/li>\n<li>Dung t\u00edch s\u1eed d\u1ee5ng: 445 l\u00edt<\/li>\n<li>Lo\u1ea1i: 1 ng\u0103n, 1 ch\u1ebf \u0111\u1ed9 ( \u0110\u00f4ng )<\/li>\n<li>M\u1eb7t t\u1ee7: c\u1eeda l\u00f9a cong b\u1eb1ng k\u00ednh c\u01b0\u1eddng l\u1ef1c<\/li>\n<li>D\u00e0n l\u1ea1nh: \u0110\u1ed3ng<\/li>\n<li>C\u00f4ng su\u1ea5t: 340 W<\/li>\n<li>K\u00edch th\u01b0\u1edbc (RxSxC): 1500 x 695 x 850 (mm)<\/li>\n<li>Tr\u1ecdng l\u01b0\u1ee3ng: 75 Kg<\/li>\n<li>Gas: R134a<\/li>\n<li><strong>B\u1ea3o h\u00e0nh: 30 th\u00e1ng<\/strong><\/li>\n<\/ul>\n","protected":false},"featured_media":3468,"comment_status":"open","ping_status":"closed","template":"","meta":[],"_links":{"self":[{"href":"http:\/\/maudep.com.vn\/giadung1\/wp-json\/wp\/v2\/product\/3392"}],"collection":[{"href":"http:\/\/maudep.com.vn\/giadung1\/wp-json\/wp\/v2\/product"}],"about":[{"href":"http:\/\/maudep.com.vn\/giadung1\/wp-json\/wp\/v2\/types\/product"}],"replies":[{"embeddable":true,"href":"http:\/\/maudep.com.vn\/giadung1\/wp-json\/wp\/v2\/comments?post=3392"}],"wp:featuredmedia":[{"embeddable":true,"href":"http:\/\/maudep.com.vn\/giadung1\/wp-json\/wp\/v2\/media\/3468"}],"wp:attachment":[{"href":"http:\/\/maudep.com.vn\/giadung1\/wp-json\/wp\/v2\/media?parent=3392"}],"curies":[{"name":"wp","href":"https:\/\/api.w.org\/{rel}","templated":true}]}}