{"id":3395,"date":"2021-06-03T15:46:52","date_gmt":"2021-06-03T08:46:52","guid":{"rendered":"http:\/\/maudep.com.vn\/giadung1\/?post_type=product&#038;p=3395"},"modified":"2021-06-04T15:22:12","modified_gmt":"2021-06-04T08:22:12","slug":"tu-dong-hoa-phat-hcf-516s1n1","status":"publish","type":"product","link":"http:\/\/maudep.com.vn\/giadung1\/san-pham\/tu-dong-hoa-phat-hcf-516s1n1\/","title":{"rendered":"T\u1ee7 \u0110\u00f4ng H\u00f2a Ph\u00e1t HCF 516S1N1"},"content":{"rendered":"<h3>TH\u00d4NG TIN CHI TI\u1ebeT:<\/h3>\n<h3><strong>T\u1ee7 \u0110\u00f4ng H\u00f2a Ph\u00e1t HCF 516S1N1:<\/strong>&#8211; Dung t\u00edch s\u1eed d\u1ee5ng 516L\/300L<\/h3>\n<p>&#8211; Lo\u1ea1i 1 ch\u1ebf \u0111\u1ed9 (\u0110\u00f4ng),1 c\u00e1nh m\u1edf<\/p>\n<p>&#8211; C\u00f4ng ngh\u1ec7 Ytalia\u00a0 &#8211; Ti\u1ebft ki\u1ec7m \u0111i\u1ec7n<\/p>\n<p>S\u1ea3n ph\u1ea9m T\u1ee7 \u0111\u00f4ng H\u00f2a Ph\u00e1t \u0111\u01b0\u1ee3c s\u1ea3n xu\u1ea5t tr\u00ean d\u00e2y chuy\u1ec1n hi\u1ec7n \u0111\u1ea1i, ki\u1ec3u d\u00e1ng \u0111\u1eb9p v\u00e0 ch\u1eafc ch\u1eafn, \u00e1p d\u1ee5ng c\u00f4ng ngh\u1ec7 ti\u00ean ti\u1ebfn nh\u1ea5t trong s\u1ea3n xu\u1ea5t. M\u00e1y n\u00e9n ch\u1ea5t l\u01b0\u1ee3ng cao v\u1eadn h\u00e0nh \u00eam, l\u00e0m l\u1ea1nh nhanh.<\/p>\n<p><strong>T\u1ee7 \u0111\u00f4ng 1 ch\u1ebf \u0111\u1ed9 1 c\u00e1nh 516L<\/strong>\u00a0Gi\u00fap ti\u1ebft ki\u1ec7m \u0111i\u1ec7n nh\u1edd v\u00e0o c\u00f4ng ngh\u1ec7 inverter . C\u00f4ng ngh\u1ec7 n\u00e0y gi\u00fap m\u00e1y n\u00e9n ho\u1ea1t \u0111\u1ed9ng \u00eam \u00e1i, kh\u1ea3 n\u0103ng v\u1eadn h\u00e0nh b\u1ec1n b\u1ec9, duy tr\u00ec nhi\u1ec7t \u0111\u1ed9 \u1ed5n \u0111\u1ecbnh \u0111em \u0111\u1ebfn s\u1ef1 b\u1ea3o qu\u1ea3n th\u1ef1c ph\u1ea9m tuy\u1ec7t v\u1eddi<\/p>\n<p><img loading=\"lazy\" class=\"aligncenter size-full wp-image-3397\" src=\"http:\/\/maudep.com.vn\/giadung1\/wp-content\/uploads\/2021\/06\/cong-nghe-inverter-05.jpg\" alt=\"\" width=\"600\" height=\"563\" srcset=\"http:\/\/maudep.com.vn\/giadung1\/wp-content\/uploads\/2021\/06\/cong-nghe-inverter-05.jpg 600w, http:\/\/maudep.com.vn\/giadung1\/wp-content\/uploads\/2021\/06\/cong-nghe-inverter-05-300x282.jpg 300w, http:\/\/maudep.com.vn\/giadung1\/wp-content\/uploads\/2021\/06\/cong-nghe-inverter-05-180x169.jpg 180w\" sizes=\"(max-width: 600px) 100vw, 600px\" \/><\/p>\n<p>1 ng\u0103n chuy\u00ean d\u1ee5ng t\u1ed1i \u01b0u b\u1ea3o qu\u1ea3n th\u1ef1c ph\u1ea9m<\/p>\n<p><strong>T\u1ee7 \u0111\u00f4ng 1 ch\u1ebf \u0111\u1ed9 1 c\u00e1nh 516L<\/strong>\u00a0&#8211; 1 ng\u0103n \u0111\u00f4ng 1 ch\u1ebf \u0111\u1ed9 \u0111\u00f4ng (\u0110\u00f4ng) \u0111\u01b0\u1ee3ng thi\u1ebft k\u1ebf 1 ng\u0103n \u0111\u00f4ng chuy\u00ean d\u1ee5ng\u00a0c\u00f3 nhi\u1ec7t \u0111\u1ed9 l\u1ea1nh s\u00e2u &lt; -18 \u0111\u1ed9 C, \u0111\u00f4ng l\u1ea1nh s\u00e2u v\u00e0 hi\u1ec7u qu\u1ea3, ph\u00f9 h\u1ee3p v\u1edbi nhu c\u1ea7u b\u1ea3o qu\u1ea3n, m\u1ed9t s\u1ed1 th\u1ef1c ph\u1ea9m nh\u01b0 th\u1ecbt, c\u00e1\u2026 trong th\u1eddi gian d\u00e0i .\u00a0ngo\u00e0i ra m\u1eb7t ngo\u00e0i t\u1ee7 c\u00f2n \u0111\u01b0\u1ee3c b\u1ed1 tr\u00ed n\u00fam v\u1eb7n \u0111i\u1ec1u khi\u1ec3n nhi\u1ec7t \u0111\u1ed9 ng\u0103n, b\u1ea3o v\u1ec7 th\u1ef1c ph\u1ea9m d\u00e0i ng\u00e0y ti\u1ec7n l\u1ee3i, gi\u00fap ng\u01b0\u1eddi s\u1eed d\u1ee5ng d\u1ec5 d\u00e0ng \u0111i\u1ec1u ch\u1ec9nh nhi\u1ec7t \u0111\u1ed9 ph\u00f9 h\u1ee3p v\u1edbi nhu c\u1ea7u , \u0111\u1ed3ng th\u1eddi ti\u1ebft ki\u1ec7m \u0111i\u1ec7n n\u0103ng<\/p>\n<p>C\u00f4ng su\u1ea5t 110w<\/p>\n<p>1 ng\u0103n \u0111\u00f4ng &#8211; 1 c\u00e1nh m\u1edf<\/p>\n<p>tr\u1ecdng l\u01b0\u1ee3ng 50kg<\/p>\n<p>B\u1ea3o h\u00e0nh 30 th\u00e1ng<\/p>\n<p>Ti\u1ebft ki\u1ec7m \u0111i\u1ec7n \u2013 L\u00e0m l\u1ea1nh nhanh<\/p>\n<p>L\u00e0 m\u1ed9t trong nh\u1eefng t\u1ee7 \u0111\u00f4ng ch\u1ea5t l\u01b0\u1ee3ng tr\u00ean th\u1ecb tr\u01b0\u1eddng ,\u00a0<strong>T\u1ee7 \u0111\u00f4ng 1 ch\u1ebf \u0111\u1ed9 1 c\u00e1nh 516L\u200b\u200b\u200b\u200b\u200b\u200b\u200b\u00a0<\/strong>c\u00f3 kh\u1ea3 n\u0103ng l\u00e0m l\u1ea1nh nhanh b\u1ec1n b\u1ec9 nh\u1edd &#8211; D\u00e0n l\u1ea1nh \u0111\u1ed3ng nguy\u00ean ch\u1ea5t , ch\u1ea5t l\u01b0\u1ee3ng \u0111\u1ed3ng nguy\u00ean ch\u1ea5t gi\u00fap t\u0103ng kh\u1ea3 n\u0103ng truy\u1ec1n nhi\u1ec7t, \u0111\u1ea9y nhanh t\u1ed1c \u0111\u1ed9 l\u00e0m l\u1ea1nh, \u0111\u1ed3ng th\u1eddi ng\u0103n ch\u1eb7n tho\u00e1t nhi\u1ec7t hi\u1ec7u qu\u1ea3, M\u00f4i ch\u1ea5t l\u1ea1nh R600a: \u0111em \u0111\u1ebfn hi\u1ec7u qu\u1ea3 l\u00e0m l\u1ea1nh t\u1ed1i \u01b0u, ti\u1ebft ki\u1ec7m \u0111i\u1ec7n n\u0103ng m\u00e0 n\u00f3 c\u00f2n v\u00f4 c\u00f9ng th\u00e2n thi\u1ec7n v\u1edbi m\u00f4i tr\u01b0\u1eddng<\/p>\n<p>Gi\u1eef nhi\u1ec7t t\u1ed1t<\/p>\n<p>L\u1edbp c\u00e1ch nhi\u1ec7t Polyurethane d\u00e0y 50mm \u0111\u1ebfn 62mm , t\u1ea1o l\u00ean m\u1ed9t b\u01b0\u1edbc \u0111\u1ed9t ph\u00e1 trong c\u00f4ng ngh\u1ec7 b\u1ea3o \u00f4n , gi\u1eef l\u1ea1nh t\u1ed1t, ( nh\u1ea5t l\u00e0 khi m\u1ea5t \u0111i\u1ec7n trong th\u1eddi gian d\u00e0i , b\u00ean trong t\u1ee7 v\u1eabn gi\u1eef \u0111\u01b0\u1ee3c l\u1ea1nh l\u00e2u h\u01a1n c\u00e1c h\u00e3ng kh\u00e1c ) ti\u1ebft ki\u1ec7m \u0111i\u1ec7n n\u0103ng ti\u00eau th\u1ee5<\/p>\n<p>Thi\u1ebft k\u1ebf ti\u1ec7n l\u1ee3i<\/p>\n<p><strong>T\u1ee7 \u0111\u00f4ng 1 ng\u0103n 1 c\u00e1nh HCF 516S1N1\u200b\u200b\u200b\u200b\u200b\u200b\u200b<\/strong><strong>\u00a0<\/strong>\u0111\u01b0\u1ee3c k\u1ebft h\u1ee3p c\u00e1c chi ti\u1ebft \u0111em \u0111\u1ebfn s\u1ef1 ti\u1ec7n l\u1ee3i, tho\u1ea3i m\u00e1i nh\u1ea5t cho ng\u01b0\u1eddi s\u1eed d\u1ee5ng, bao g\u1ed3m :<\/p>\n<ul>\n<li>Tay n\u1eafm : gi\u00fap vi\u1ec7c n\u00e2ng nh\u1ea5c c\u00e1nh t\u1ee7 d\u1ec5 d\u00e0ng , h\u1ea1n ch\u1ebf va \u0111\u1eadp trong qu\u00e1 tr\u00ecnh s\u1eed d\u1ee5ng v\u00e0 v\u00e0 v\u1eadn chuy\u1ec3n<\/li>\n<li>Kh\u00f2a an to\u00e0n : Vi\u1ec7c m\u1edf t\u1ee7 th\u01b0\u1eddng xuy\u00ean s\u1ebd l\u00e0m th\u1ea5t tho\u00e1t nhi\u1ec7t, gi\u1ea3m hi\u1ec7u qu\u1ea3 \u0111\u00f4ng l\u1ea1nh c\u1ee7a t\u1ee7, \u0111\u1ed3ng th\u1eddi ti\u00eau t\u1ed1n nhi\u1ec1u \u0111i\u1ec7n n\u0103ng kh\u00f4ng c\u1ea7n thi\u1ebft, Kh\u00f3a an to\u00e0n s\u1ebd gi\u00fap ng\u01b0\u1eddi s\u1eed d\u1ee5ng ki\u1ec3m so\u00e1t t\u1ed1t h\u01a1n trong ho\u1ea1t \u0111\u1ed9ng \u0110\u00f3ng \u2013 M\u1edf t\u1ee7 \u0111\u00f4ng<\/li>\n<li>T\u00edch h\u1ee3p b\u00e1nh xe : s\u1edf h\u1eefu tr\u1ecdng l\u01b0\u1ee3ng l\u1edbn , t\u1ee7 \u0111\u00f4ng g\u00e2y nhi\u1ec1u kh\u00f3 kh\u0103n khi v\u1eadn chuy\u1ec3n , nh\u1edd t\u00edch h\u1ee3p b\u00e1nh xe b\u00ean d\u01b0\u1edbi t\u1ee7, ng\u01b0\u1eddi s\u1eed d\u1ee5ng s\u1ebd d\u1ec5 d\u00e0ng di chuy\u1ec3n t\u1ee7 m\u1ed9t c\u00e1ch thu\u1eadn ti\u1ec7n v\u00e0 an to\u00e0n h\u01a1n . M\u1eb7t trong t\u1ee7 thi\u1ebft k\u1ebf th\u1eb3ng \u0111\u1ee9ng , b\u1ec1 m\u1eb7t ph\u1eb3ng gi\u00fap t\u1ee7 \u0111\u00f4ng gi\u1ea3m b\u00e1m tuy\u1ebft trong qu\u00e1 tr\u00ecnh s\u1eed d\u1ee5ng , d\u1ec5 v\u1ec7 sinh<\/li>\n<\/ul>\n<div class=\"textwidget\">\n<h3><strong>Li\u00ean h\u1ec7 mua \u0111i\u1ec1u h\u00f2a t\u1ee7 lanh, t\u1ee7 \u0111\u00f4ng H\u00f2a Ph\u00e1t \u2013 Funiki :\u00a0<a href=\"tel:0862606686\"><span class=\"text-hotline\">0862 606 686<\/span><\/a><\/strong><\/h3>\n<\/div>\n","protected":false},"excerpt":{"rendered":"<p>C\u00f4ng su\u1ea5t 110w<\/p>\n<p>1 ng\u0103n \u0111\u00f4ng &#8211; 1 c\u00e1nh m\u1edf<\/p>\n<p>tr\u1ecdng l\u01b0\u1ee3ng 50kg<\/p>\n<p>B\u1ea3o h\u00e0nh 30 th\u00e1ng<\/p>\n<p>Ti\u1ebft ki\u1ec7m \u0111i\u1ec7n \u2013 L\u00e0m l\u1ea1nh nhanh<\/p>\n","protected":false},"featured_media":3396,"comment_status":"open","ping_status":"closed","template":"","meta":[],"_links":{"self":[{"href":"http:\/\/maudep.com.vn\/giadung1\/wp-json\/wp\/v2\/product\/3395"}],"collection":[{"href":"http:\/\/maudep.com.vn\/giadung1\/wp-json\/wp\/v2\/product"}],"about":[{"href":"http:\/\/maudep.com.vn\/giadung1\/wp-json\/wp\/v2\/types\/product"}],"replies":[{"embeddable":true,"href":"http:\/\/maudep.com.vn\/giadung1\/wp-json\/wp\/v2\/comments?post=3395"}],"wp:featuredmedia":[{"embeddable":true,"href":"http:\/\/maudep.com.vn\/giadung1\/wp-json\/wp\/v2\/media\/3396"}],"wp:attachment":[{"href":"http:\/\/maudep.com.vn\/giadung1\/wp-json\/wp\/v2\/media?parent=3395"}],"curies":[{"name":"wp","href":"https:\/\/api.w.org\/{rel}","templated":true}]}}