{"id":3543,"date":"2021-06-07T13:15:50","date_gmt":"2021-06-07T06:15:50","guid":{"rendered":"http:\/\/maudep.com.vn\/giadung1\/?post_type=product&#038;p=3543"},"modified":"2021-08-31T22:34:47","modified_gmt":"2021-08-31T15:34:47","slug":"tu-mat-hoa-phat-funiki-hsc-650f2-n-400l-2-canh","status":"publish","type":"product","link":"http:\/\/maudep.com.vn\/giadung1\/san-pham\/tu-mat-hoa-phat-funiki-hsc-650f2-n-400l-2-canh\/","title":{"rendered":"T\u1ee7 m\u00e1t H\u00f2a Ph\u00e1t Funiki HSC 650F2.N 400L 2 c\u00e1nh"},"content":{"rendered":"<p><strong>T\u1ee7 m\u00e1t H\u00f2a Ph\u00e1t Funiki HSC 650F2.N 400L 2 c\u00e1nh<\/strong><\/p>\n<h2><strong>M\u00f4 t\u1ea3 t\u1ee7 m\u00e1t H\u00f2a Ph\u00e1t Funiki HSC 650F2.N 400L 2 c\u00e1nh<\/strong><\/h2>\n<ul>\n<li>T\u1ee7 m\u00e1t H\u00f2a Ph\u00e1t Funiki HSC 650F2.N c\u00f3 dung t\u00edch s\u1eed d\u1ee5ng 400 l\u00edt, 4 ng\u0103n, 2 c\u00e1nh m\u1edf<\/li>\n<li>M\u00e1y n\u00e9n hi\u1ec7u su\u1ea5t cao, d\u00e0n l\u1ea1nh \u1ed1ng \u0111\u1ed3ng si\u00eau b\u1ec1n. C\u00f4ng ngh\u1ec7 Auto Defrost t\u1ef1 r\u00e3 \u0111\u00f4ng kh\u00f4ng b\u00e1m tuy\u1ebft<\/li>\n<li>Ki\u1ec3u d\u00e1ng hi\u1ec7n \u0111\u1ea1i, ti\u1ebft ki\u1ec7n kh\u00f4ng gian, ph\u00f9 h\u1ee3p ph\u00f9 h\u1ee3p cho c\u00e1c h\u1ed9 kinh doanh, nh\u00e0 h\u00e0ng, c\u1eeda h\u00e0ng,\u2026\u0111\u1ec3 b\u1ea3o qu\u1ea3n, l\u00e0m m\u00e1t \u0111\u1ed3 u\u1ed1ng, hoa qu\u1ea3 ph\u1ee5c v\u1ee5 kinh doanh b\u00e1n h\u00e0ng\u2026<\/li>\n<\/ul>\n<h2><strong>\u0110\u1eb7c \u0111i\u1ec3m t\u1ee7 m\u00e1t H\u00f2a Ph\u00e1t Funiki HSC 650F2.N 400L 2 c\u00e1nh:<\/strong><\/h2>\n<h3>Thi\u1ebft k\u1ebf hi\u1ec7n \u0111\u1ea1i, \u0111\u1eb9p v\u00e0\u00a0sang tr\u1ecdng:<\/h3>\n<ul>\n<li>T\u1ee7 m\u00e1t H\u00f2a Ph\u00e1t Funiki HSC 650F2.N c\u00f3 thi\u1ebft k\u1ebf sang tr\u1ecdng hi\u1ec7n \u0111\u1ea1i, nh\u1ecf g\u1ecdn ti\u1ebft ki\u1ec7m kh\u00f4ng gian. D\u1ec5 d\u00e0ng b\u00e0i tr\u00ed c\u00f9ng thi\u1ebft k\u1ebf t\u1ed5ng th\u1ec3 c\u0103n ph\u00f2ng n\u01a1i \u0111\u1eb7t t\u1ee7.<\/li>\n<\/ul>\n<h3>M\u00e1y n\u00e9n cao c\u1ea5p<\/h3>\n<ul>\n<li>T\u1ee7 m\u00e1t Funiki HSC 650F2.N s\u1eed d\u1ee5ng m\u00e1y n\u00e9n ch\u1ea5t l\u01b0\u1ee3ng cao, \u0111\u1ea3m b\u1ea3o v\u1eadn h\u00e0nh \u00eam, l\u00e0m l\u1ea1nh nhanh v\u00e0 ti\u1ebft ki\u1ec7m \u0111i\u1ec7n.<\/li>\n<\/ul>\n<h3>D\u00e0n l\u1ea1nh \u1ed1ng \u0111\u1ed3ng<\/h3>\n<ul>\n<li>T\u1ee7 m\u00e1t H\u00f2a Ph\u00e1t Funiki HSC 650F2.N c\u00f3 d\u00e0n l\u1ea1nh b\u1eb1ng \u0111\u1ed3ng nguy\u00ean ch\u1ea5t si\u00eau b\u1ec1n, si\u00eau ti\u1ebft ki\u1ec7m \u0111i\u1ec7n, l\u00e0m l\u1ea1nh nhanh, gi\u1eef \u0111\u1ed9 t\u01b0\u01a1i ngon c\u1ee7a th\u1ef1c ph\u1ea9m trong th\u1eddi gian d\u00e0i.<\/li>\n<\/ul>\n<h3>C\u1eeda k\u00ednh c\u01b0\u1eddng l\u1ef1c 2 l\u1edbp h\u00fat ch\u00e2n kh\u00f4ng<\/h3>\n<ul>\n<li>C\u1eeda k\u00ednh c\u01b0\u1eddng l\u1ef1c 2 l\u1edbp trong su\u1ed1t \u0111\u01b0\u1ee3c h\u00fat ch\u00e2n kh\u00f4ng, ch\u1ed1ng th\u1ea5t tho\u00e1t nhi\u1ec7t. Gi\u00fap t\u1ee7 m\u00e1t T\u1ee7 m\u00e1t Funiki HSC 650F2.N gi\u1eef l\u1ea1nh t\u1ed1t h\u01a1n v\u00e0 ti\u1ebft ki\u1ec7m \u0111i\u1ec7n n\u0103ng.<\/li>\n<\/ul>\n<h3>C\u00f4ng ngh\u1ec7 Auto Defrost:<\/h3>\n<ul>\n<li>T\u1ee7 m\u00e1t H\u00f2a Ph\u00e1t Funiki HSC 650F2.N c\u00f3 c\u00f4ng ngh\u1ec7 Auto Defrost t\u1ef1 \u0111\u1ed9ng r\u00e3 \u0111\u00f4ng, kh\u00f4ng b\u00e1m tuy\u1ebft gi\u00fap c\u00e1c s\u1ea3n ph\u1ea9m tr\u01b0ng b\u1ea7y lu\u00f4n b\u1ea3o qu\u1ea3n m\u1ea5t t\u1ed1t nh\u1ea5t. Kh\u00f4ng b\u00e1m tuy\u1ebft gi\u00fap kh\u00e1ch h\u00e0ng lu\u00f4n nh\u00ecn th\u1ea5y s\u1ea3n ph\u1ea9m b\u00ean trong m\u1ed9t c\u00e1ch r\u00f5 r\u00e0ng.<\/li>\n<\/ul>\n<h3>\u0110\u00e8n chi\u1ebfu s\u00e1ng b\u00ean trong v\u00e0 \u0111\u00e8n pano tr\u00ean \u0111\u1ea7u l\u00e0 \u0111\u00e8n LED:<\/h3>\n<ul>\n<li>T\u1ee7 m\u00e1t H\u00f2a Ph\u00e1t Funiki HSC 650F2.N s\u1eed d\u1ee5ng c\u00f4ng ngh\u1ec7 \u0111\u00e8n LED chi\u1ebfu s\u00e1ng b\u00ean trong t\u1ee7 ti\u1ebft ki\u1ec7m \u0111i\u1ec7n. \u0110\u00e8n pano tr\u00ean \u0111\u1ea7u gi\u00fap t\u1ee7 sang tr\u1ecdng n\u1ed5i b\u1eadt.<\/li>\n<\/ul>\n<h3>H\u1ec7 th\u1ed1ng s\u01b0\u1edfi k\u00ednh:<\/h3>\n<ul>\n<li>H\u1ec7 th\u1ed1ng s\u01b0\u1edfi k\u00ednh b\u1eb1ng khi n\u00f3ng lan t\u1ecfa xung quanh khung c\u1eeda nh\u1eb1m ng\u0103n c\u1ea3n t\u1ed1i \u0111a vi\u1ec7c \u0111\u1ecdng s\u01b0\u01a1ng tr\u00ean c\u1eeda k\u00ednh. Gi\u00fap m\u1eb7t k\u00ednh t\u1ee7 m\u00e1t Funiki HSC 650F2.N lu\u00f4n trong su\u1ed1t v\u00e0 s\u00e1ng, nh\u00ecn r\u00f5 r\u00e0ng c\u00e1c s\u1ea3n ph\u1ea9m b\u00ean trong k\u1ec3 c\u1ea3 trong m\u00f4i tr\u01b0\u1eddng \u0111\u1ed9 \u1ea9m cao.<\/li>\n<\/ul>\n<h3>V\u1eadt li\u1ec7u cao c\u1ea5p<\/h3>\n<ul>\n<li>Th\u00e2n t\u1ee7 m\u00e1t Funiki HSC 650F2.N \u0111\u01b0\u1ee3c l\u00e0m b\u1eb1ng th\u00e9p d\u00e0y s\u01a1n t\u0129nh \u0111i\u1ec7n kh\u00f4ng b\u1ecb han g\u1ec9 trong su\u1ed1t qu\u00e1 tr\u00ecnh s\u1eed d\u1ee5ng.<\/li>\n<li>Foam c\u00e1ch nhi\u1ec7t d\u1ea7y d\u1eb7n ch\u1ea5t l\u01b0\u1ee3ng cao ch\u1ed1ng th\u1ea5t tho\u00e1t nhi\u1ec7t gi\u00fap t\u1ee7 ho\u1ea1t \u0111\u1ed9ng \u1ed5n \u0111\u1ecbnh, ti\u1ebft ki\u1ec7m \u0111i\u1ec7n<\/li>\n<\/ul>\n<h3>T\u1ee7 m\u00e1t H\u00f2a Ph\u00e1t Funiki HSC 650F2.N trang b\u1ecb nhi\u1ec1u ti\u1ec7n \u00edch \u0111i k\u00e8m:<\/h3>\n<ul>\n<li>T\u1ee7 \u0111\u01b0\u1ee3c trang b\u1ecb th\u00eam \u0111\u1ed3ng h\u1ed3 \u0111o nhi\u1ec7t \u0111\u1ed9 b\u00ean trong t\u1ee7 d\u1ec5 theo d\u00f5i nhi\u1ec7t \u0111\u1ed9 khi b\u1ea3o qu\u1ea3n s\u1ea3n ph\u1ea9m<\/li>\n<li>Kh\u00f3a t\u1ee7 gi\u00fap an to\u00e0n trong s\u1eed d\u1ee5ng<\/li>\n<li>N\u01b0\u1edbc th\u1eeba x\u00e3 v\u00e0o khay ch\u1ee9a th\u1ea3i s\u1ebd t\u1ef1 b\u1ed1c h\u01a1i<\/li>\n<\/ul>\n<h3>Gi\u00e1 \u0111\u1ee1 ch\u1eafc ch\u1eafn linh ho\u1ea1t:<\/h3>\n<ul>\n<li>T\u1ee7 Funiki HSC 650F2.N \u0111\u01b0\u1ee3c trang b\u1ecb 12 gi\u00e1 \u0111\u1ee1 c\u00f3 th\u1ec3 thay \u0111\u1ed5i v\u1ecb tr\u00ed gi\u00fap t\u1eadn d\u1ee5ng t\u1ed1i \u0111a kh\u00f4ng gian s\u1eed d\u1ee5ng, linh ho\u1ea1t trong s\u1eafp x\u1ebfp ph\u00e2n lo\u1ea1i \u0111\u1ed3 hay tr\u01b0ng b\u00e0y s\u1ea3n ph\u1ea9m trong t\u1ee7. Gi\u00e1 \u0111\u1ee1 d\u1ec5 d\u00e0ng th\u00e1o l\u1eafp \u0111\u1ec3 v\u1ec7 sinh t\u1ee7.<\/li>\n<\/ul>\n<h3>Ch\u00e2n b\u00e1nh xe ch\u1ecbu l\u1ef1c:<\/h3>\n<ul>\n<li>T\u1ee7 m\u00e1t Funiki HSC 650F2.N \u0111\u01b0\u1ee3c thi\u1ebft k\u1ebf v\u1edbi 6 ch\u00e2n b\u00e1nh xe ch\u1ecbu l\u1ef1c k\u00e8m theo 2 c\u01a1 c\u1ea5u kh\u00f3a, gi\u00fap d\u1ec5 d\u00e0ng di chuy\u1ec3n, b\u1ed1 tr\u00ed s\u1eafp x\u1ebfp v\u1ecb tr\u00ed l\u1eafp \u0111\u1eb7t t\u1ee7 ch\u00ednh x\u00e1c v\u00e0 c\u00e2n b\u1eb1ng.<\/li>\n<\/ul>\n<h3>Gas l\u1ea1nh R134a ti\u1ebft ki\u1ec7m \u0111i\u1ec7n n\u0103ng v\u00e0 th\u00e2n thi\u1ec7n m\u00f4i tr\u01b0\u1eddng<\/h3>\n<ul>\n<li>T\u1ee7 m\u00e1t Funiki HSC 650F2.N s\u1eed d\u1ee5ng gas l\u1ea1nh R134a (kh\u00f4ng CFC, HCFC) gi\u00fap th\u1ef1c ph\u1ea9m lu\u00f4n lu\u00f4n an to\u00e0n, ti\u1ebft ki\u1ec7m \u0111i\u1ec7n n\u0103ng v\u00e0 th\u00e2n thi\u1ec7n v\u1edbi m\u00f4i tr\u01b0\u1eddng<\/li>\n<\/ul>\n<h3>B\u1ea3o h\u00e0nh ch\u00ednh h\u00e3ng d\u00e0i h\u1ea1n<\/h3>\n<ul>\n<li>T\u1ee7 m\u00e1t H\u00f2a Ph\u00e1t HSC 650F2.N \u0111\u01b0\u1ee3c b\u1ea3o h\u00e0nh 30 th\u00e1ng ch\u00ednh h\u00e3nh tr\u00ean to\u00e0n qu\u1ed1c<\/li>\n<\/ul>\n<figure id=\"attachment_2450\" class=\"wp-caption alignright\"><figcaption id=\"caption-attachment-2450\" class=\"wp-caption-text\"><\/figcaption><\/figure>\n<h2><strong>Th\u00f4ng s\u1ed1 k\u1ef9 thu\u1eadt t\u1ee7 m\u00e1t H\u00f2a Ph\u00e1t Funiki HSC 650F2.N 400L 2 c\u00e1nh:<\/strong><\/h2>\n<ul>\n<li>Model: HSC 650F2.N<\/li>\n<li>Nh\u00e3n hi\u1ec7u: Funiki<\/li>\n<li>Dung t\u00edch s\u1eed d\u1ee5ng: 400 l\u00edt<\/li>\n<li>K\u00edch th\u01b0\u1edbc ( C x R x S ): 1856 x 900 x 630 (mm)<\/li>\n<li>S\u1ed1 c\u00e1nh: 2<\/li>\n<li>S\u1ed1 ng\u0103n: 4<\/li>\n<li>D\u00e0n l\u1ea1nh: \u1ed1ng \u0111\u1ed3ng<\/li>\n<li>C\u00f4ng su\u1ea5t: 400 W<\/li>\n<li>Tr\u1ecdng l\u01b0\u1ee3ng: 117 Kg<\/li>\n<li>Gas l\u1ea1nh: R134a<\/li>\n<li><strong>B\u1ea3o h\u00e0nh: 30 th\u00e1ng tr\u00ean to\u00e0n qu\u1ed1c<\/strong><\/li>\n<\/ul>\n<h2><strong>H\u01b0\u1edbng d\u1eabn s\u1eed d\u1ee5ng t\u1ee7 m\u00e1t H\u00f2a Ph\u00e1t Funiki HSC 650F2.N 400L 2 c\u00e1nh, hi\u1ec7u qu\u1ea3 v\u00e0 ti\u1ebft ki\u1ec7m \u0111i\u1ec7n nh\u1ea5t:<\/strong><\/h2>\n<h3>Ngu\u1ed3n \u0111i\u1ec7n v\u00e0 n\u01a1i l\u1eafp \u0111\u1eb7t t\u1ee7 m\u00e1t H\u00f2a Ph\u00e1t Funiki HSC 650F2.N:<\/h3>\n<ul>\n<li>Ngu\u1ed3n \u0111i\u1ec7n c\u1ee7a t\u1ee7 m\u00e1t H\u00f2a Ph\u00e1t HSC 650F2.N l\u00e0 220 V\/ 50 HZ. B\u1edfi v\u1eady, t\u1ea1i nh\u1eefng n\u01a1i c\u00f3 ngu\u1ed3n \u0111i\u1ec7n y\u1ebfu hay kh\u00f4ng \u1ed5n \u0111\u1ecbnh, c\u1ea7n s\u1eed d\u1ee5ng \u1ed5n \u00e1p \u0111\u1ec3 \u0111\u1ea3m b\u1ea3o an to\u00e0n v\u00e0 hi\u1ec7u qu\u1ea3 cho t\u1ee7.<\/li>\n<li>L\u1eafp \u0111\u1eb7t t\u1ee7 tr\u00ean b\u1ec1 m\u1eb7t b\u1eb1ng ph\u1ea3ng, tr\u00e1nh \u0111\u1eb7t nghi\u00eang c\u00f3 th\u1ec3 \u1ea3nh h\u01b0\u1edfng \u0111\u1ebfn ho\u1ea1t \u0111\u1ed9ng c\u1ee7a t\u1ee7 hay g\u00e2y h\u1ecfng m\u00e1y n\u00e9n.<\/li>\n<li>Kh\u00f4ng n\u00ean c\u1eafm \u0111i\u1ec7n v\u00e0o t\u1ee7 ngay sau khi r\u00fat ra. C\u1ea7n \u0111\u1ec3 th\u1eddi gian t\u1eeb 10 \u0111\u1ebfn 15 ph\u00fat m\u1edbi c\u1eafm l\u1ea1i \u0111\u1ec3 \u0111\u1ea3m b\u1ea3o an to\u00e0n cho t\u1ee7.<\/li>\n<li>V\u1ecb tr\u00ed \u0111\u1eb7t t\u1ee7 t\u1ea1i n\u01a1i kh\u00f4, tr\u00e1nh h\u01a1i \u1ea9m hay n\u01b0\u1edbc m\u01b0a.<\/li>\n<li>L\u1eafp \u0111\u1eb7t t\u1ee7 c\u1ea7n c\u00f3 khe tho\u00e1ng gi\u00f3 v\u1edbi t\u01b0\u1eddng v\u00e0 c\u00e1c v\u1eadt d\u1ee5ng \u0111\u1eb7t k\u1ebf b\u00ean. Tr\u00e1nh \u0111\u1eb7t g\u1ea7n c\u00e1c ngu\u1ed3n ph\u00e1t nhi\u1ec7t hay \u00e1nh s\u00e1ng m\u1eb7t tr\u1eddi chi\u1ebfu tr\u1ef1c ti\u1ebfp v\u00e0o t\u1ee7.<\/li>\n<\/ul>\n<h3>L\u01b0u \u00fd khi v\u1ec7 sinh t\u1ee7 m\u00e1t H\u00f2a Ph\u00e1t Funiki HSC 650F2.N<\/h3>\n<ul>\n<li>R\u00fat ngu\u1ed3n \u0111i\u1ec7n tr\u01b0\u1edbc khi v\u1ec7 sinh t\u1ee7.<\/li>\n<li>Ch\u1ec9 d\u00f9ng kh\u0103n \u1ea9m \u0111\u1ec3 lau ch\u00f9i v\u00e0 v\u1ec7 sinh t\u1ee7.<\/li>\n<li>Kh\u00f4ng n\u00ean d\u00f9ng c\u00e1c h\u00f3a ch\u1ea5t t\u1ea9y r\u1eeda h\u00f3a c\u00e1c axit ho\u1eb7c bazo \u0111\u1ec3 lau t\u1ee7 v\u00ec ch\u00fang c\u00f3 th\u1ec3 g\u00e2y \u0103n m\u00f2n, g\u00e2y l\u00e3o h\u00f3a c\u00e1c chi ti\u1ebft v\u00e0 linh ki\u1ec7n c\u1ee7a t\u1ee7.<\/li>\n<\/ul>\n<h3>Li\u00ean h\u1ec7 mua \u0111i\u1ec1u h\u00f2a t\u1ee7 l\u1ea1nh, t\u1ee7 \u0111\u00f4ng H\u00f2a Ph\u00e1t \u2013 Funiki :\u00a0<span style=\"color: #ff0000\"><a style=\"color: #ff0000\" href=\"tel:0862606686\"><span class=\"text-hotline\">0862 606 686<\/span><\/a><\/span><\/h3>\n","protected":false},"excerpt":{"rendered":"<ul>\n<li>Model: HSC 650F2.N<\/li>\n<li>Dung t\u00edch s\u1eed d\u1ee5ng: 400 l\u00edt<\/li>\n<li>K\u00edch th\u01b0\u1edbc ( C x R x S ): 1856 x 900 x 630 (mm)<\/li>\n<li>S\u1ed1 c\u00e1nh: 2<\/li>\n<li>S\u1ed1 ng\u0103n: 4<\/li>\n<li>D\u00e0n l\u1ea1nh: \u0110\u1ed3ng<\/li>\n<li>C\u00f4ng su\u1ea5t: 400 W<\/li>\n<li><strong>B\u1ea3o h\u00e0nh: 30 th\u00e1ng<\/strong><\/li>\n<li><strong>Mi\u1ec5n ph\u00ed v\u1eadn chuy\u1ec3n n\u1ed9i th\u00e0nh<\/strong><\/li>\n<\/ul>\n","protected":false},"featured_media":3544,"comment_status":"open","ping_status":"closed","template":"","meta":[],"_links":{"self":[{"href":"http:\/\/maudep.com.vn\/giadung1\/wp-json\/wp\/v2\/product\/3543"}],"collection":[{"href":"http:\/\/maudep.com.vn\/giadung1\/wp-json\/wp\/v2\/product"}],"about":[{"href":"http:\/\/maudep.com.vn\/giadung1\/wp-json\/wp\/v2\/types\/product"}],"replies":[{"embeddable":true,"href":"http:\/\/maudep.com.vn\/giadung1\/wp-json\/wp\/v2\/comments?post=3543"}],"wp:featuredmedia":[{"embeddable":true,"href":"http:\/\/maudep.com.vn\/giadung1\/wp-json\/wp\/v2\/media\/3544"}],"wp:attachment":[{"href":"http:\/\/maudep.com.vn\/giadung1\/wp-json\/wp\/v2\/media?parent=3543"}],"curies":[{"name":"wp","href":"https:\/\/api.w.org\/{rel}","templated":true}]}}