{"id":3631,"date":"2021-06-08T17:04:52","date_gmt":"2021-06-08T10:04:52","guid":{"rendered":"https:\/\/maudep.com.vn\/giadung1\/?post_type=product&#038;p=3631"},"modified":"2021-06-08T17:04:52","modified_gmt":"2021-06-08T10:04:52","slug":"dieu-hoa-funiki-sh-09mmc2-9000-btu-2-chieu","status":"publish","type":"product","link":"http:\/\/maudep.com.vn\/giadung1\/san-pham\/dieu-hoa-funiki-sh-09mmc2-9000-btu-2-chieu\/","title":{"rendered":"\u0110i\u1ec1u H\u00f2a Funiki SH 09MMC2 9000 BTU 2 chi\u1ec1u"},"content":{"rendered":"<p><strong>\u0110i\u1ec1u H\u00f2a Funiki SH 09MMC2 9000 BTU 2 chi\u1ec1u<\/strong><\/p>\n<h2>\u0110\u1eb7c \u0111i\u1ec3m n\u1ed5i b\u1eadt c\u1ee7a \u0111i\u1ec1u h\u00f2a Funiki SH 09MMC2 9000 BTU 2 chi\u1ec1u<\/h2>\n<h3>Thi\u1ebft k\u1ebf hi\u1ec7n \u0111\u1ea1i<\/h3>\n<p>\u0110i\u1ec1u h\u00f2a Funiki SH 09MMC2\u00a09000 BTU 2 chi\u1ec1u\u00a0 s\u1edf h\u1eefu ki\u1ec3u d\u00e1ng hi\u1ec7n \u0111\u1ea1i, l\u00e0m sang tr\u1ecdng kh\u00f4ng gian nh\u00e0 b\u1ea1n ho\u1eb7c v\u0103n ph\u00f2ng l\u00e0m vi\u1ec7c. V\u1edbi \u01b0u \u0111i\u1ec3m d\u00e0n l\u1ea1nh m\u00e0u tr\u1eafng d\u1ec5 h\u00e0i h\u00f2a l\u1eafp \u0111\u1eb7t v\u1edbi m\u1ecdi kh\u00f4ng gian n\u1ed9i th\u1ea5t.<\/p>\n<p><img loading=\"lazy\" class=\"aligncenter size-full wp-image-3632\" src=\"https:\/\/maudep.com.vn\/giadung1\/wp-content\/uploads\/2021\/06\/dieu-hoa-funiki-sh-09mmc2-9000-btu-2-chieu-web3-1.jpg\" alt=\"\" width=\"1000\" height=\"1000\" srcset=\"http:\/\/maudep.com.vn\/giadung1\/wp-content\/uploads\/2021\/06\/dieu-hoa-funiki-sh-09mmc2-9000-btu-2-chieu-web3-1.jpg 1000w, http:\/\/maudep.com.vn\/giadung1\/wp-content\/uploads\/2021\/06\/dieu-hoa-funiki-sh-09mmc2-9000-btu-2-chieu-web3-1-150x150.jpg 150w, http:\/\/maudep.com.vn\/giadung1\/wp-content\/uploads\/2021\/06\/dieu-hoa-funiki-sh-09mmc2-9000-btu-2-chieu-web3-1-300x300.jpg 300w, http:\/\/maudep.com.vn\/giadung1\/wp-content\/uploads\/2021\/06\/dieu-hoa-funiki-sh-09mmc2-9000-btu-2-chieu-web3-1-768x768.jpg 768w, http:\/\/maudep.com.vn\/giadung1\/wp-content\/uploads\/2021\/06\/dieu-hoa-funiki-sh-09mmc2-9000-btu-2-chieu-web3-1-180x180.jpg 180w, http:\/\/maudep.com.vn\/giadung1\/wp-content\/uploads\/2021\/06\/dieu-hoa-funiki-sh-09mmc2-9000-btu-2-chieu-web3-1-600x600.jpg 600w\" sizes=\"(max-width: 1000px) 100vw, 1000px\" \/><\/p>\n<h3>\u0110\u1ed9 b\u1ec1n cao, tin c\u1eady v\u00e0 v\u1eadn h\u00e0nh \u00eam \u00e1i<\/h3>\n<p>\u0110i\u1ec1u H\u00f2a Funiki\u00a0SH 09MMC2 ho\u1ea1t \u0111\u1ed9ng \u00eam \u00e1i d\u1ec5 ch\u1ecbu mang l\u1ea1i c\u1ea3m gi\u00e1c th\u01b0 gi\u00e3n, kh\u00f4ng gian y\u00ean t\u0129nh cho b\u1ea1n \u0111\u1eb7c bi\u1ec7t v\u1edbi gia \u0111\u00ecnh c\u00f3 ng\u01b0\u1eddi gi\u00e0, tr\u1ebb nh\u1ecf.<\/p>\n<p>Thi\u1ebft k\u1ebf th\u00e2n thi\u1ec7n: Nh\u1edd thi\u1ebft k\u1ebf cho ph\u00e9p l\u1eafp \u0111\u1eb7t hai ph\u00eda, b\u1ea1n c\u00f3 th\u1ec3 l\u1eafp \u0111\u1eb7t \u1ed1ng d\u1eabn v\u00e0 \u1ed1ng tho\u00e1t n\u01b0\u1edbc ng\u01b0ng \u1edf c\u1ea3 2 c\u1ea1nh tr\u00e1i ho\u1eb7c ph\u1ea3i c\u1ee7a d\u00e0n l\u1ea1nh.<\/p>\n<p>V\u1ecf c\u1ee5c l\u1ea1nh trong nh\u00e0 b\u1eb1ng b\u1eb1ng nh\u01b0a ABS li\u1ec1n kh\u1ed1i h\u1ea1n ch\u1ebf ti\u1ebfng \u1ed3n, \u0111\u1ea1t ch\u1ee9ng ch\u1ec9 RoHS c\u1ee7a Li\u00ean minh Ch\u00e2u \u00c2u v\u1ec1 vi\u1ec7c h\u1ea1n ch\u1ebf ch\u1ea5t \u0111\u1ed9c h\u1ea1i trong thi\u1ebft b\u1ecb \u0111i\u1ec7n, \u0111i\u1ec7n t\u1eed.<\/p>\n<p>Thi\u1ebft b\u1ecb v\u01b0\u1ee3t qua c\u00e1c th\u1eed nghi\u1ec7m EMC (T\u01b0\u01a1ng th\u00edch \u0111i\u1ec7n t\u1eeb tr\u01b0\u1eddng) v\u00e0 th\u1eed nghi\u1ec7m v\u1ec1 Hi\u1ec7u su\u1ea5t s\u1eed d\u1ee5ng n\u0103ng l\u01b0\u1ee3ng<\/p>\n<h3>D\u00e0n t\u1ea3n nhi\u1ec7t ch\u1ed1ng \u0103n m\u00f2n, h\u1ed9p \u0111i\u1ec7n ch\u1ed1ng ch\u00e1y<\/h3>\n<p>S\u1eed d\u1ee5ng c\u00e1c \u1ed1ng \u0111\u1ed3ng d\u00e0n n\u00f3ng \u0111\u1ed9 b\u1ec1n cao. C\u00e1c l\u00e1 t\u1ea3n nhi\u1ec7t \u1edf d\u00e0n l\u1ea1nh v\u00e0 d\u00e0n n\u00f3ng \u0111\u01b0\u1ee3c m\u1ea1 l\u1edbp b\u1ea3o v\u1ec7 c\u00f3 hi\u1ec7u n\u0103ng ch\u1ed1ng g\u1ec9 v\u00e0 \u0103n m\u00f2n cao h\u01a1n l\u1edbp m\u1ea1 th\u00f4ng th\u01b0\u1eddng. Gi\u00fap \u0111i\u1ec1u h\u00f2a Funiki SH 09MMC2 t\u0103ng tu\u1ed5i th\u1ecd, ng\u0103n ng\u1eeba vi khu\u1ea9n sinh s\u00f4i v\u00e0 l\u00e2y lan m\u1ed9t c\u00e1ch hi\u1ec7u qu\u1ea3. Ch\u1ecbu \u0111\u01b0\u1ee3c c\u00e1c ch\u1ea5t \u0103n m\u00f2n \u0111\u1ebfn t\u1eeb t\u00e1c nh\u00e2n b\u00ean ngo\u00e0i nh\u01b0 n\u01b0\u1edbc mua, h\u01a1i mu\u1ed1i bi\u1ec3n\u2026v.v. H\u1ed9p \u0111i\u1ec7n \u0111\u01b0\u1ee3c ni\u00eam phong b\u1eb1ng t\u1ea5m kim lo\u1ea1i ch\u1ed1ng ch\u00e1y v\u00e0 \u0111\u01b0\u1ee3c si\u1ebft ch\u1eb7t \u0111\u1ec3 b\u1ea3o v\u1ec7 ph\u00f2ng ng\u1eeba r\u1ee7i ro v\u1ec1 ch\u1eadp \u0111i\u1ec7n, ch\u00e1y, c\u00f4n tr\u00f9ng, \u1ea9m \u01b0\u1edbt.<\/p>\n<p><img loading=\"lazy\" class=\"aligncenter size-full wp-image-3627\" src=\"https:\/\/maudep.com.vn\/giadung1\/wp-content\/uploads\/2021\/06\/lop-ma-chong-gi-cua-dieu-hoa-funiki-1-1024x374.jpg\" alt=\"\" width=\"1021\" height=\"352\" srcset=\"http:\/\/maudep.com.vn\/giadung1\/wp-content\/uploads\/2021\/06\/lop-ma-chong-gi-cua-dieu-hoa-funiki-1-1024x374.jpg 1021w, http:\/\/maudep.com.vn\/giadung1\/wp-content\/uploads\/2021\/06\/lop-ma-chong-gi-cua-dieu-hoa-funiki-1-1024x374-300x103.jpg 300w, http:\/\/maudep.com.vn\/giadung1\/wp-content\/uploads\/2021\/06\/lop-ma-chong-gi-cua-dieu-hoa-funiki-1-1024x374-768x265.jpg 768w, http:\/\/maudep.com.vn\/giadung1\/wp-content\/uploads\/2021\/06\/lop-ma-chong-gi-cua-dieu-hoa-funiki-1-1024x374-180x62.jpg 180w, http:\/\/maudep.com.vn\/giadung1\/wp-content\/uploads\/2021\/06\/lop-ma-chong-gi-cua-dieu-hoa-funiki-1-1024x374-600x207.jpg 600w\" sizes=\"(max-width: 1021px) 100vw, 1021px\" \/><\/p>\n<h3>T\u1ea5m l\u1ecdc kh\u00f4ng kh\u00ed Catechin<\/h3>\n<p>Trang b\u1ecb t\u1ea5m l\u1ecdc Catechin gi\u00fap \u0111i\u1ec1u h\u00f2a Funiki SH 09MMC2 ng\u0103n l\u1ea1i nh\u1eefng h\u1ea1t b\u1ee5i li ti, m\u00f9i h\u00f4i kh\u00f3 ch\u1ecbu c\u1ee7a m\u1ed3 h\u00f4i, kh\u00f3i thu\u1ed1c l\u00e1, c\u00e1c ch\u1ea5t g\u00e2y \u00f4 nhi\u1ec5m cho kh\u00f4ng kh\u00ed th\u1eadt s\u1ea1ch v\u00e0 ng\u0103n ch\u1eb7n c\u00e1c vi khu\u1ea9n c\u00f3 t\u00ednh ch\u1ea5t l\u00e2y lan v\u00e0 g\u00e2y \u0111\u1ed9c h\u1ea1i cho kh\u00f4ng kh\u00ed trong ph\u00f2ng.<img loading=\"lazy\" class=\"aligncenter size-full wp-image-3605\" src=\"https:\/\/maudep.com.vn\/giadung1\/wp-content\/uploads\/2021\/06\/tam-loc-dieu-hoa-funiki-1024x536.jpg\" alt=\"\" width=\"1024\" height=\"536\" srcset=\"http:\/\/maudep.com.vn\/giadung1\/wp-content\/uploads\/2021\/06\/tam-loc-dieu-hoa-funiki-1024x536.jpg 1024w, http:\/\/maudep.com.vn\/giadung1\/wp-content\/uploads\/2021\/06\/tam-loc-dieu-hoa-funiki-1024x536-300x157.jpg 300w, http:\/\/maudep.com.vn\/giadung1\/wp-content\/uploads\/2021\/06\/tam-loc-dieu-hoa-funiki-1024x536-768x402.jpg 768w, http:\/\/maudep.com.vn\/giadung1\/wp-content\/uploads\/2021\/06\/tam-loc-dieu-hoa-funiki-1024x536-180x94.jpg 180w, http:\/\/maudep.com.vn\/giadung1\/wp-content\/uploads\/2021\/06\/tam-loc-dieu-hoa-funiki-1024x536-600x314.jpg 600w\" sizes=\"(max-width: 1024px) 100vw, 1024px\" \/><\/p>\n<h3>C\u00f4ng su\u1ea5t 9.000 BTU<\/h3>\n<p>\u0110i\u1ec1u h\u00f2a Funiki SH 09MMC2 9000 BTU s\u1ebd gi\u00fap b\u1ea1n x\u00f3a tan c\u00e1i n\u00f3ng m\u00f9a h\u00e8 v\u1edbi c\u00f4ng su\u1ea5t l\u00ean t\u1edbi 9.000BTU, l\u00e0m m\u00e1t kh\u00f4ng kh\u00ed nhanh ch\u00f3ng c\u00f9ng v\u1edbi ch\u1ebf \u0111\u1ed9 t\u1ef1 \u0111\u1ed9ng \u0111\u1ea3o gi\u00f3. Ph\u00f9 h\u1ee3p v\u1edbi c\u0103n ph\u00f2ng di\u1ec7n t\u00edch kho\u1ea3ng 15m2.<\/p>\n<h3>Tinh ch\u1ea5t Nano b\u1ea1c<\/h3>\n<p>V\u1edbi l\u01b0\u1edbi l\u1ecdc Nano b\u1ea1c gi\u00fap \u0110i\u1ec1u h\u00f2a Funiki SH 09MMC2 ng\u0103n ng\u1eeba b\u1ee5i b\u1ea9n \u1ea3nh h\u01b0\u1edfng \u0111\u1ebfn s\u1ee9c kh\u1ecfe gia \u0111\u00ecnh b\u1ea1n.<\/p>\n<p>\u0110i\u1ec1u H\u00f2a Funiki c\u00e0i \u0111\u1eb7t ch\u1ebf \u0111\u1ed9 SLEEP<\/p>\n<p><img loading=\"lazy\" class=\"aligncenter size-full wp-image-3612\" src=\"https:\/\/maudep.com.vn\/giadung1\/wp-content\/uploads\/2021\/06\/Luoi-loc-nano-bac-dieu-hoa-funiki-web5-1024x525.jpg\" alt=\"\" width=\"1024\" height=\"525\" srcset=\"http:\/\/maudep.com.vn\/giadung1\/wp-content\/uploads\/2021\/06\/Luoi-loc-nano-bac-dieu-hoa-funiki-web5-1024x525.jpg 1024w, http:\/\/maudep.com.vn\/giadung1\/wp-content\/uploads\/2021\/06\/Luoi-loc-nano-bac-dieu-hoa-funiki-web5-1024x525-300x154.jpg 300w, http:\/\/maudep.com.vn\/giadung1\/wp-content\/uploads\/2021\/06\/Luoi-loc-nano-bac-dieu-hoa-funiki-web5-1024x525-768x394.jpg 768w, http:\/\/maudep.com.vn\/giadung1\/wp-content\/uploads\/2021\/06\/Luoi-loc-nano-bac-dieu-hoa-funiki-web5-1024x525-180x92.jpg 180w, http:\/\/maudep.com.vn\/giadung1\/wp-content\/uploads\/2021\/06\/Luoi-loc-nano-bac-dieu-hoa-funiki-web5-1024x525-600x308.jpg 600w\" sizes=\"(max-width: 1024px) 100vw, 1024px\" \/><\/p>\n<h3>Ch\u1ee9c n\u0103ng Sleep<\/h3>\n<p>Cho b\u1ea1n m\u1ed9t gi\u1ea5c ng\u1ee7 s\u00e2u nh\u1edd ch\u1ebf \u0111\u1ed9 t\u1ef1 \u0111i\u1ec1u ch\u1ec9nh nhi\u1ec7t \u0111\u1ed9. Kho\u1ea3ng 2 ti\u1ebfng sau khi nh\u1ea5n n\u00fat Sleep tr\u00ean \u0111i\u1ec1u khi\u1ec3n, \u0110i\u1ec1u h\u00f2a Funiki SH 09MMC2 s\u1ebd t\u1ef1 \u0111i\u1ec1u ch\u1ec9nh v\u1ec1 nhi\u1ec7t \u0111\u1ed9 c\u1ee7a ph\u00f2ng t\u0103ng l\u00ean 1 \u0111\u1ed9 C cho ph\u00f9 h\u1ee3p v\u1edbi \u0111i\u1ec1u ki\u1ec7n kh\u00ed h\u1eadu th\u01b0\u1eddng xu\u1ed1ng th\u1ea5p khi v\u1ec1 \u0111\u00eam. B\u1ea1n s\u1ebd kh\u00f4ng lo nhi\u1ec7t \u0111\u1ed9 ph\u00f2ng qu\u00e1 l\u1ea1nh hay qu\u00e1 n\u00f3ng khi \u0111ang ng\u1ee7 say, \u0111\u1ea3m b\u1ea3o s\u1ee9c kh\u1ecfe v\u00e0 tho\u1ea3i m\u00e1i.<\/p>\n<p>&nbsp;<\/p>\n<p><img loading=\"lazy\" class=\"aligncenter size-full wp-image-3606\" src=\"https:\/\/maudep.com.vn\/giadung1\/wp-content\/uploads\/2021\/06\/Chuc-nang-sleep-cua-dieu-hoa-funiki-web6-1024x525.jpg\" alt=\"\" width=\"1024\" height=\"525\" srcset=\"http:\/\/maudep.com.vn\/giadung1\/wp-content\/uploads\/2021\/06\/Chuc-nang-sleep-cua-dieu-hoa-funiki-web6-1024x525.jpg 1024w, http:\/\/maudep.com.vn\/giadung1\/wp-content\/uploads\/2021\/06\/Chuc-nang-sleep-cua-dieu-hoa-funiki-web6-1024x525-300x154.jpg 300w, http:\/\/maudep.com.vn\/giadung1\/wp-content\/uploads\/2021\/06\/Chuc-nang-sleep-cua-dieu-hoa-funiki-web6-1024x525-768x394.jpg 768w, http:\/\/maudep.com.vn\/giadung1\/wp-content\/uploads\/2021\/06\/Chuc-nang-sleep-cua-dieu-hoa-funiki-web6-1024x525-180x92.jpg 180w, http:\/\/maudep.com.vn\/giadung1\/wp-content\/uploads\/2021\/06\/Chuc-nang-sleep-cua-dieu-hoa-funiki-web6-1024x525-600x308.jpg 600w\" sizes=\"(max-width: 1024px) 100vw, 1024px\" \/><\/p>\n<h3>T\u00ednh n\u0103ng Powerful<\/h3>\n<p>T\u00ednh n\u0103ng Powerful cho ph\u00e9p \u0111i\u1ec1u h\u00f2a Funiki SH 09MMC2 \u0111\u1ea1t \u0111\u1ebfn nhi\u1ec7t \u0111\u1ed9 c\u00e0i \u0111\u1eb7t \u1edf kho\u1ea3ng th\u1eddi gian ng\u1eafn nh\u1ea5t b\u1eb1ng c\u00e1ch t\u0103ng t\u1ed1c \u0111\u1ed9 ho\u1ea1t \u0111\u1ed9ng c\u1ee7a m\u00e1y n\u00e9n. M\u1ed9t kh\u00f4ng gian m\u00e1t m\u1ebb, tho\u1ea3i m\u00e1i s\u1ebd \u0111\u01b0\u1ee3c t\u1ea1o ra ch\u1ec9 v\u1edbi m\u1ed9t thao t\u00e1c nh\u1eb9 b\u1ea5m n\u00fat Powerful tr\u00ean \u0111i\u1ec1u khi\u1ec3n t\u1eeb xa.<\/p>\n<h3>T\u1ef1 chu\u1ea9n \u0111o\u00e1n l\u1ed7i<\/h3>\n<p>T\u00ednh n\u0103ng t\u1ef1 ch\u1ea9n \u0111o\u00e1n l\u1ed7i c\u1ee7a \u0111i\u1ec1u h\u00f2a Funiki SH 09MMC2 gi\u00fap cho vi\u1ec7c ph\u00e1t hi\u1ec7n l\u1ed7i c\u0169ng nh\u01b0 s\u1eeda ch\u1eefa \u0111\u01b0\u1ee3c d\u1ec5 d\u00e0ng h\u01a1n. N\u1ebfu \u0111i\u1ec1u h\u00f2a ph\u00e1t sinh tr\u1ee5c tr\u1eb7c, bo m\u1ea1ch th\u00f4ng minh tr\u00ean m\u00e1y s\u1ebd ph\u00e2n t\u00edch v\u00e0 g\u1eedi m\u00e3 l\u1ed7i, hi\u1ec3n th\u1ecb ngay tr\u00ean \u0111\u00e8n led c\u1ee7a m\u1eb7t l\u1ea1nh.<\/p>\n<h2>Th\u00f4ng s\u1ed1 k\u1ef9 thu\u1eadt \u0111i\u1ec1u h\u00f2a Funiki SH 09MMC2 9000 BTU 2 chi\u1ec1u<\/h2>\n<ul>\n<li>Model: SH 09MMC2<\/li>\n<li>Th\u01b0\u01a1ng hi\u1ec7u: Funiki<\/li>\n<li>Xu\u1ea5t x\u1ee9: Malaysia<\/li>\n<li>Ki\u1ec3u m\u00e1y: \u0110i\u1ec1u h\u00f2a 2 chi\u1ec1u<\/li>\n<li>C\u00f4ng su\u1ea5t: 9.000 BTU<\/li>\n<li>Ph\u1ea1m vi hi\u1ec7u qu\u1ea3: ~ 15m2<\/li>\n<li>Kh\u00e1ng khu\u1ea9n kh\u1eed m\u00f9i: C\u00f3<\/li>\n<li>Ch\u1ebf \u0111\u1ed9 h\u1eb9n gi\u1edd: C\u00f3<\/li>\n<li>Ch\u1ebf \u0111\u1ed9 l\u00e0m l\u1ea1nh nhanh: C\u00f3<\/li>\n<li>Lo\u1ea1i Gas l\u1ea1nh: R410a<\/li>\n<\/ul>\n<h3>T\u00ednh n\u0103ng v\u00e0 ti\u1ec7n \u00edch:<\/h3>\n<ul>\n<li>Thi\u1ebft k\u1ebf nh\u1ecf g\u1ecdn, tinh t\u1ebf, sang tr\u1ecdng<\/li>\n<li>L\u01b0\u1edbi l\u1ecdc tinh ch\u1ea5t Nano B\u1ea1c<\/li>\n<li>D\u00e0n trao \u0111\u1ed5i nhi\u1ec7t m\u1ea1 l\u1edbp ch\u1ed1ng r\u1ec9 s\u00e9t \u0111\u1eb7c bi\u1ec7t<\/li>\n<li>\u0110i\u1ec1u khi\u1ec3n t\u1eeb xa trang nh\u00e3, d\u1ec5 s\u1eed d\u1ee5ng<\/li>\n<li>T\u00ednh n\u0103ng Powerful gi\u00fap l\u00e0m l\u1ea1nh nhanh ch\u00f3ng<\/li>\n<li>Ch\u1ee9c n\u0103ng Sleep \u0111\u1ea3m b\u1ea3o s\u1ee9c kh\u1ebbo cho ng\u01b0\u1eddi d\u00f9ng<\/li>\n<li>Ch\u1ee9c n\u0103ng t\u1ef1 chu\u1ea9n \u0111o\u00e1n l\u1ed7i gi\u00fap vi\u1ec7c s\u1eeda ch\u1eefa \u0111\u01b0\u1ee3c nhanh ch\u00f3ng, d\u1ec5 d\u00e0ng h\u01a1n<\/li>\n<li>V\u1ecf m\u00e1y thi\u1ebft k\u1ebf kh\u1ed1i li\u1ec1n gi\u00fap gi\u1ea3m ti\u1ebfng \u1ed3n<\/li>\n<li>Ti\u1ebft ki\u1ec7m n\u0103ng l\u01b0\u1ee3ng , th\u00e2n thi\u1ec7n m\u00f4i tr\u01b0\u1eddng<\/li>\n<\/ul>\n<h3>K\u00edch th\u01b0\u1edbc v\u00e0 tr\u1ecdng l\u01b0\u1ee3ng:<\/h3>\n<ul>\n<li>K\u00edch th\u01b0\u1edbc c\u1ee5c l\u1ea1nh: 290*189*720mm<\/li>\n<li>K\u00edch th\u01b0\u1edbc c\u1ee5c n\u00f3ng: 275*550*700mm<\/li>\n<li>Tr\u1ecdng l\u01b0\u1ee3ng c\u1ee5c l\u1ea1nh: 7.8kg<\/li>\n<li>Tr\u1ecdng l\u01b0\u1ee3ng c\u1ee5c n\u00f3ng: 25.8kg<\/li>\n<\/ul>\n<h3>Ch\u1ebf \u0111\u1ed9 b\u1ea3o h\u00e0nh:<\/h3>\n<ul>\n<li>30 th\u00e1ng<\/li>\n<\/ul>\n<p><img loading=\"lazy\" class=\"aligncenter size-full wp-image-3580\" src=\"https:\/\/maudep.com.vn\/giadung1\/wp-content\/uploads\/2021\/06\/Tem-nang-luong-tu-lanh-mini-50L-funiki-FR-51DSU-512x709.jpg\" alt=\"\" width=\"512\" height=\"709\" srcset=\"http:\/\/maudep.com.vn\/giadung1\/wp-content\/uploads\/2021\/06\/Tem-nang-luong-tu-lanh-mini-50L-funiki-FR-51DSU-512x709.jpg 512w, http:\/\/maudep.com.vn\/giadung1\/wp-content\/uploads\/2021\/06\/Tem-nang-luong-tu-lanh-mini-50L-funiki-FR-51DSU-512x709-217x300.jpg 217w, http:\/\/maudep.com.vn\/giadung1\/wp-content\/uploads\/2021\/06\/Tem-nang-luong-tu-lanh-mini-50L-funiki-FR-51DSU-512x709-130x180.jpg 130w, http:\/\/maudep.com.vn\/giadung1\/wp-content\/uploads\/2021\/06\/Tem-nang-luong-tu-lanh-mini-50L-funiki-FR-51DSU-512x709-433x600.jpg 433w\" sizes=\"(max-width: 512px) 100vw, 512px\" \/><\/p>\n<h3>L\u01b0u \u00fd khi s\u1eed d\u1ee5ng \u0111i\u1ec1u h\u00f2a Funiki SH 09MMC2 9000 BTU 2 chi\u1ec1u<\/h3>\n<ul>\n<li>L\u1eafp \u0111\u1eb7t c\u1ee5c n\u00f3ng t\u1ea1i v\u1ecb tr\u00ed th\u00f4ng tho\u00e1ng, c\u1ed1 g\u1eafng tr\u00e1nh \u00e1nh n\u1eafng tr\u1ef1c ti\u1ebfp<\/li>\n<li>Kh\u00f4ng n\u00ean \u0111\u1ec3 \u0111i\u1ec1u h\u00f2a \u1edf m\u1ee9c nhi\u1ec7t \u0111\u1ed9 qu\u00e1 th\u1ea5p nh\u1ea5t l\u00e0 khi ng\u1ee7. Khi ng\u1ee7 n\u00ean \u0111\u1ec3 \u0111i\u1ec1u h\u00f2a \u1edf ch\u1ebf \u0111\u1ed9 Sleep, gi\u00fap m\u00e1y s\u1ebd t\u1ef1 \u0111\u1ed9ng l\u00e0m t\u0103ng nhi\u1ec7t \u0111\u1ed9 ph\u00f2ng l\u00ean 1oC \u2013 3oC khi v\u1ec1 s\u00e1ng, gi\u00fap c\u01a1 th\u1ec3 d\u1ec5 ch\u1ecbu h\u01a1n trong khi ng\u1ee7 v\u00e0 c\u0169ng ti\u1ebft ki\u1ec7m \u0111i\u1ec7n.<\/li>\n<li>Th\u01b0\u1eddng xuy\u00ean v\u1ec7 sinh c\u00e1c t\u1ea5m l\u1ecdc v\u00e0 lau ch\u00f9i b\u1ee5i b\u1ea9n ch\u1eb7n m\u1eb7t h\u00fat gi\u00f3 c\u1ee5c l\u1ea1nh.<\/li>\n<li>\u0110\u1ecbnh k\u1ef3 v\u1ec7 sinh b\u1ea3o d\u01b0\u1ee1ng c\u1ee5c n\u00f3ng, d\u00e0n t\u1ea3n nhi\u1ec7t, d\u00e0n l\u1ea1nh (kho\u1ea3ng 1 n\u0103m\/ l\u1ea7n) gi\u00fap duy tr\u00ec hi\u1ec7u su\u1ea5t v\u00e0 tu\u1ed5i th\u1ecd thi\u1ebft b\u1ecb.<\/li>\n<\/ul>\n","protected":false},"excerpt":{"rendered":"<ul>\n<li>Model: SH 09MMC2<\/li>\n<li>Th\u01b0\u01a1ng hi\u1ec7u: Funiki<\/li>\n<li>Xu\u1ea5t x\u1ee9: Malaysia<\/li>\n<li>Ki\u1ec3u m\u00e1y: \u0110i\u1ec1u h\u00f2a 2 chi\u1ec1u<\/li>\n<li>C\u00f4ng su\u1ea5t: 9.000 BTU<\/li>\n<li>B\u1ea3o h\u00e0nh: 30 th\u00e1ng<\/li>\n<\/ul>\n","protected":false},"featured_media":3619,"comment_status":"open","ping_status":"closed","template":"","meta":[],"_links":{"self":[{"href":"http:\/\/maudep.com.vn\/giadung1\/wp-json\/wp\/v2\/product\/3631"}],"collection":[{"href":"http:\/\/maudep.com.vn\/giadung1\/wp-json\/wp\/v2\/product"}],"about":[{"href":"http:\/\/maudep.com.vn\/giadung1\/wp-json\/wp\/v2\/types\/product"}],"replies":[{"embeddable":true,"href":"http:\/\/maudep.com.vn\/giadung1\/wp-json\/wp\/v2\/comments?post=3631"}],"wp:featuredmedia":[{"embeddable":true,"href":"http:\/\/maudep.com.vn\/giadung1\/wp-json\/wp\/v2\/media\/3619"}],"wp:attachment":[{"href":"http:\/\/maudep.com.vn\/giadung1\/wp-json\/wp\/v2\/media?parent=3631"}],"curies":[{"name":"wp","href":"https:\/\/api.w.org\/{rel}","templated":true}]}}