{"id":2902,"date":"2021-04-26T20:47:30","date_gmt":"2021-04-26T13:47:30","guid":{"rendered":"https:\/\/maudep.com.vn\/thucpham\/?page_id=2902"},"modified":"2021-04-26T20:47:30","modified_gmt":"2021-04-26T13:47:30","slug":"chinh-sach-bao-mat-thong-tin-ca-nhan","status":"publish","type":"page","link":"http:\/\/maudep.com.vn\/thucpham\/?page_id=2902","title":{"rendered":"Ch\u00ednh s\u00e1ch b\u1ea3o m\u1eadt th\u00f4ng tin c\u00e1 nh\u00e2n"},"content":{"rendered":"<p><strong>Ch\u00ednh s\u00e1ch b\u1ea3o m\u1eadt th\u00f4ng tin c\u00e1 nh\u00e2n<\/strong><\/p>\n<p><strong style=\"color: #333333;\">Mu\u0323c \u0111i\u0301ch va\u0300 pha\u0323m vi thu th\u00e2\u0323p<\/strong><\/p>\n<p>Vi\u1ec7c thu th\u1eadp d\u1eef li\u1ec7u ch\u1ee7 y\u1ebfu tr\u00ean website hoangvietmaudep.com.vn\/thucpham bao g\u1ed3m: email, \u0111i\u1ec7n tho\u1ea1i, t\u00ean \u0111\u0103ng nh\u1eadp, m\u1eadt kh\u1ea9u \u0111\u0103ng nh\u1eadp, \u0111\u1ecba ch\u1ec9 kh\u00e1ch h\u00e0ng (th\u00e0nh vi\u00ean). \u0110\u00e2y l\u00e0 c\u00e1c th\u00f4ng tin m\u00e0 hoangvietmaudep.com.vn\/thucpham c\u00e2\u0300n tha\u0300nh vi\u00ean cung c\u00e2\u0301p b\u0103\u0301t bu\u00f4\u0323c khi \u0111\u0103ng ky\u0301 s\u01b0\u0309 du\u0323ng di\u0323ch vu\u0323 va\u0300 \u0111\u00ea\u0309 hoangvietmaudep.com.vn\/thucpham li\u00ean h\u00ea\u0323 xa\u0301c nh\u00e2\u0323n khi kha\u0301ch ha\u0300ng \u0111\u0103ng ky\u0301 s\u01b0\u0309 du\u0323ng di\u0323ch vu\u0323 tr\u00ean website nh\u0103\u0300m \u0111a\u0309m ba\u0309o quy\u00ea\u0300n l\u01a1\u0323i cho ng\u01b0\u01a1\u0300i ti\u00eau du\u0300ng.<\/p>\n<p>Trong qu\u00e1 tr\u00ecnh giao d\u1ecbch thanh to\u00e1n t\u1ea1i website hoangvietmaudep.com.vn\/thucpham, chu\u0301ng t\u00f4i ch\u1ec9 l\u01b0u gi\u1eef th\u00f4ng tin chi ti\u1ebft v\u1ec1 \u0111\u01a1n h\u00e0ng \u0111\u00e3 thanh to\u00e1n c\u1ee7a th\u00e0nh vi\u00ean, c\u00e1c th\u00f4ng tin v\u1ec1 s\u1ed1 t\u00e0i kho\u1ea3n ng\u00e2n h\u00e0ng c\u1ee7a th\u00e0nh vi\u00ean s\u1ebd kh\u00f4ng \u0111\u01b0\u1ee3c l\u01b0u gi\u1eef.<\/p>\n<p>C\u00e1c th\u00e0nh vi\u00ean s\u1ebd t\u1ef1 ch\u1ecbu tr\u00e1ch nhi\u1ec7m v\u1ec1 b\u1ea3o m\u1eadt v\u00e0 l\u01b0u gi\u1eef m\u1ecdi ho\u1ea1t \u0111\u1ed9ng s\u1eed d\u1ee5ng d\u1ecbch v\u1ee5 d\u01b0\u1edbi t\u00ean \u0111\u0103ng k\u00fd, m\u1eadt kh\u1ea9u v\u00e0 h\u1ed9p th\u01b0 \u0111i\u1ec7n t\u1eed c\u1ee7a m\u00ecnh. Ngo\u00e0i ra, th\u00e0nh vi\u00ean c\u00f3 tr\u00e1ch nhi\u1ec7m th\u00f4ng b\u00e1o k\u1ecbp th\u1eddi cho webiste hoangvietmaudep.com.vn\/thucpham v\u00ea\u0300 nh\u01b0\u0303ng ha\u0300nh vi s\u01b0\u0309 du\u0323ng tra\u0301i phe\u0301p, la\u0323m du\u0323ng, vi pha\u0323m ba\u0309o m\u00e2\u0323t, l\u01b0u gi\u01b0\u0303 t\u00ean \u0111\u0103ng ky\u0301 va\u0300 m\u00e2\u0323t kh\u00e2\u0309u cu\u0309a b\u00ean th\u01b0\u0301 ba \u0111\u00ea\u0309 co\u0301 bi\u00ea\u0323n pha\u0301p gia\u0309i quy\u00ea\u0301t phu\u0300 h\u01a1\u0323p.<\/p>\n<p><strong>Ph\u1ea1m vi s\u1eed d\u1ee5ng th\u00f4ng tin<\/strong><\/p>\n<p>C\u00f4ng ty s\u1eed d\u1ee5ng th\u00f4ng tin th\u00e0nh vi\u00ean cung c\u1ea5p \u0111\u1ec3:<\/p>\n<ul>\n<li>Cung c\u1ea5p c\u00e1c d\u1ecbch v\u1ee5 \u0111\u1ebfn th\u00e0nh vi\u00ean;<\/li>\n<li>G\u1eedi h\u00e0ng h\u00f3a theo \u0111\u1ecba ch\u1ec9 th\u00e0nh vi\u00ean mua cung c\u1ea5p;<\/li>\n<li>G\u1eedi th\u00f4ng tin qu\u1ea3ng c\u00e1o, khuy\u1ebfn m\u1ea1i n\u1ebfu th\u00e0nh vi\u00ean ch\u1ea5p nh\u1eadn \u0111i\u1ec1u kho\u1ea3n n\u00e0y trong khi \u0111\u0103ng k\u00fd:<\/li>\n<\/ul>\n<p>_\u00a0\u00a0\u00a0\u00a0\u00a0 G\u1eedi c\u00e1c th\u00f4ng b\u00e1o v\u1ec1 c\u00e1c ho\u1ea1t \u0111\u1ed9ng trao \u0111\u1ed5i th\u00f4ng tin gi\u1eefa th\u00e0nh vi\u00ean v\u00e0 website hoangvietmaudep.com.vn\/thucpham;<\/p>\n<ul>\n<li>Ng\u0103n ng\u1eeba c\u00e1c ho\u1ea1t \u0111\u1ed9ng ph\u00e1 h\u1ee7y t\u00e0i kho\u1ea3n ng\u01b0\u1eddi d\u00f9ng c\u1ee7a th\u00e0nh vi\u00ean ho\u1eb7c c\u00e1c ho\u1ea1t \u0111\u1ed9ng gi\u1ea3 m\u1ea1o th\u00e0nh vi\u00ean;<\/li>\n<li>Li\u00ean l\u1ea1c v\u00e0 gi\u1ea3i quy\u1ebft v\u1edbi th\u00e0nh vi\u00ean trong nh\u1eefng tr\u01b0\u1eddng h\u1ee3p \u0111\u1eb7c bi\u1ec7t;<\/li>\n<\/ul>\n<p>&#8211;\u00a0\u00a0\u00a0\u00a0\u00a0 Kh\u00f4ng s\u1eed d\u1ee5ng th\u00f4ng tin c\u00e1 nh\u00e2n c\u1ee7a th\u00e0nh vi\u00ean ngo\u00e0i m\u1ee5c \u0111\u00edch x\u00e1c nh\u1eadn v\u00e0 li\u00ean h\u1ec7 c\u00f3 li\u00ean quan \u0111\u1ebfn giao d\u1ecbch t\u1ea1i hoangvietmaudep.com.vn\/thucpham;<\/p>\n<ul>\n<li>Trong tr\u01b0\u1eddng h\u1ee3p c\u00f3 y\u00eau c\u1ea7u c\u1ee7a ph\u00e1p lu\u1eadt: C\u00f4ng ty c\u00f3 tr\u00e1ch nhi\u1ec7m h\u1ee3p t\u00e1c cung c\u1ea5p th\u00f4ng tin c\u00e1 nh\u00e2n th\u00e0nh vi\u00ean khi c\u00f3 y\u00eau c\u1ea7u t\u1eeb c\u01a1 quan t\u01b0 ph\u00e1p bao g\u1ed3m: Vi\u1ec7n ki\u1ec3m s\u00e1t, t\u00f2a \u00e1n, c\u01a1 quan c\u00f4ng an \u0111i\u1ec1u tra li\u00ean quan \u0111\u1ebfn h\u00e0nh vi vi ph\u1ea1m ph\u00e1p lu\u1eadt n\u00e0o \u0111\u00f3 c\u1ee7a kh\u00e1ch h\u00e0ng. Ngo\u00e0i ra, kh\u00f4ng ai c\u00f3 quy\u1ec1n x\u00e2m ph\u1ea1m v\u00e0o th\u00f4ng tin c\u00e1 nh\u00e2n c\u1ee7a th\u00e0nh vi\u00ean.<\/li>\n<\/ul>\n<p><strong>Th\u1eddi gian l\u01b0u tr\u1eef th\u00f4ng tin<\/strong><\/p>\n<p>D\u1eef li\u1ec7u c\u00e1 nh\u00e2n c\u1ee7a th\u00e0nh vi\u00ean s\u1ebd \u0111\u01b0\u1ee3c l\u01b0u tr\u1eef cho \u0111\u1ebfn khi c\u00f3 y\u00eau c\u1ea7u h\u1ee7y b\u1ecf ho\u1eb7c t\u1ef1 th\u00e0nh vi\u00ean \u0111\u0103ng nh\u1eadp v\u00e0 th\u1ef1c hi\u1ec7n h\u1ee7y b\u1ecf. C\u00f2n l\u1ea1i trong m\u1ecdi tr\u01b0\u1eddng h\u1ee3p th\u00f4ng tin c\u00e1 nh\u00e2n th\u00e0nh vi\u00ean s\u1ebd \u0111\u01b0\u1ee3c b\u1ea3o m\u1eadt tr\u00ean m\u00e1y ch\u1ee7 c\u1ee7a hoangvietmaudep.com.vn\/thucpham.<\/p>\n<ol>\n<li><strong>\u0110\u1ecba ch\u1ec9 c\u1ee7a \u0111\u01a1n v\u1ecb thu th\u1eadp v\u00e0 qu\u1ea3n l\u00fd th\u00f4ng tin c\u00e1 nh\u00e2n<\/strong><\/li>\n<\/ol>\n<ol start=\"5\">\n<li><strong>C\u00d4NG TY C<\/strong><strong>\u1ed4<\/strong><strong> PH<\/strong><strong>\u1ea6<\/strong><strong>N S<\/strong><strong>\u1ea2<\/strong><strong>N XU<\/strong><strong>\u1ea4<\/strong><strong>T TH<\/strong><strong>\u1ef0<\/strong><strong>C PH<\/strong><strong>\u1ea8<\/strong><strong>M 5G<\/strong><\/li>\n<li>\u0110\u1ecba ch\u1ec9: L\u00f4 \u0111\u1ea5t CN2 khu c\u00f4ng nghi\u1ec7p Ph\u00fa Ngh\u0129a, X\u00e3 Ph\u00fa ngh\u0129a, Huy\u1ec7n Ch\u01b0\u01a1ng M\u1ef9, Th\u00e0nh Ph\u1ed1 H\u00e0 N\u1ed9i<\/li>\n<li>Email: cskh@hoangvietmaudep.com.vn\/thucpham<\/li>\n<li>\u0110i\u00ea\u0323n thoa\u0323i: 0976 386 999<\/li>\n<\/ol>\n<p><strong>Ph\u01b0\u01a1ng ti\u1ec7n v\u00e0 c\u00f4ng c\u1ee5 \u0111\u1ec3 ng\u01b0\u1eddi d\u00f9ng ti\u1ebfp c\u1eadn v\u00e0 ch\u1ec9nh s\u1eeda d\u1eef li\u1ec7u c\u00e1 nh\u00e2n c\u1ee7a m\u00ecnh<\/strong>.<\/p>\n<p>Th\u00e0nh vi\u00ean c\u00f3 quy\u1ec1n t\u1ef1 ki\u1ec3m tra, c\u1eadp nh\u1eadt, \u0111i\u1ec1u ch\u1ec9nh ho\u1eb7c h\u1ee7y b\u1ecf th\u00f4ng tin c\u00e1 nh\u00e2n c\u1ee7a m\u00ecnh b\u1eb1ng c\u00e1ch \u0111\u0103ng nh\u1eadp v\u00e0o t\u00e0i kho\u1ea3n v\u00e0 ch\u1ec9nh s\u1eeda th\u00f4ng tin c\u00e1 nh\u00e2n ho\u1eb7c y\u00eau c\u1ea7u hoangvietmaudep.com.vn\/thucpham th\u01b0\u0323c hi\u00ea\u0323n vi\u00ea\u0323c na\u0300y;<\/p>\n<p>Th\u00e0nh vi\u00ean c\u00f3 quy\u1ec1n g\u1eedi khi\u1ebfu n\u1ea1i v\u1ec1 ch\u1ea5t l\u01b0\u1ee3ng h\u00e0ng h\u00f3a, th\u1eddi gian giao h\u00e0ng \u0111\u1ebfn Ban qu\u1ea3n tr\u1ecb c\u1ee7a website hoangvietmaudep.com.vn\/thucpham.<\/p>\n<p>Khi ti\u00ea\u0301p nh\u00e2\u0323n nh\u01b0\u0303ng pha\u0309n h\u00f4\u0300i na\u0300y,\u00a0 hoangvietmaudep.com.vn\/thucpham se\u0303 xa\u0301c nh\u00e2\u0323n la\u0323i th\u00f4ng tin, tr\u01b0\u01a1\u0300ng h\u01a1\u0323p \u0111u\u0301ng nh\u01b0 pha\u0309n a\u0301nh cu\u0309a tha\u0300nh vi\u00ean tu\u0300y theo m\u01b0\u0301c \u0111\u00f4\u0323, hoangvietmaudep.com.vn\/thucpham. se\u0303 co\u0301 nh\u01b0\u0303ng bi\u00ea\u0323n pha\u0301p x\u01b0\u0309 ly\u0301 ki\u0323p th\u01a1\u0300i.<\/p>\n<p><strong>Cam k\u1ebft b\u1ea3o m\u1eadt th\u00f4ng tin c\u00e1 nh\u00e2n kh\u00e1ch h\u00e0ng<\/strong><\/p>\n<p>Th\u00f4ng tin c\u00e1 nh\u00e2n c\u1ee7a th\u00e0nh vi\u00ean tr\u00ean hoangvietmaudep.com.vn\/thucpham \u0111\u01b0\u01a1\u0323c hoangvietmaudep.com.vn\/thucpham cam k\u1ebft b\u1ea3o m\u1eadt tuy\u1ec7t \u0111\u1ed1i theo ch\u00ednh s\u00e1ch b\u1ea3o v\u1ec7 th\u00f4ng tin c\u00e1 nh\u00e2n c\u1ee7a hoangvietmaudep.com.vn\/thucpham. Vi\u1ec7c thu th\u1eadp v\u00e0 s\u1eed d\u1ee5ng th\u00f4ng tin c\u1ee7a m\u1ed7i th\u00e0nh vi\u00ean ch\u1ec9 \u0111\u01b0\u1ee3c th\u1ef1c hi\u1ec7n khi c\u00f3 s\u1ef1 \u0111\u1ed3ng \u00fd c\u1ee7a kh\u00e1ch h\u00e0ng \u0111\u00f3 tr\u1eeb nh\u1eefng tr\u01b0\u1eddng h\u1ee3p ph\u00e1p lu\u1eadt c\u00f3 quy \u0111\u1ecbnh kh\u00e1c;<\/p>\n<p>Kh\u00f4ng s\u1eed d\u1ee5ng, kh\u00f4ng chuy\u1ec3n giao, cung c\u1ea5p hay ti\u1ebft l\u1ed9 cho b\u00ean th\u1ee9 3 n\u00e0o v\u1ec1 th\u00f4ng tin c\u00e1 nh\u00e2n c\u1ee7a th\u00e0nh vi\u00ean khi kh\u00f4ng c\u00f3 s\u1ef1 cho ph\u00e9p \u0111\u1ed3ng \u00fd t\u1eeb th\u00e0nh vi\u00ean;<\/p>\n<p>Trong tr\u01b0\u1eddng h\u1ee3p m\u00e1y ch\u1ee7 l\u01b0u tr\u1eef th\u00f4ng tin b\u1ecb hacker t\u1ea5n c\u00f4ng d\u1eabn \u0111\u1ebfn m\u1ea5t m\u00e1t d\u1eef li\u1ec7u c\u00e1 nh\u00e2n th\u00e0nh vi\u00ean, hoangvietmaudep.com.vn\/thucpham. s\u1ebd c\u00f3 tr\u00e1ch nhi\u1ec7m th\u00f4ng b\u00e1o v\u1ee5 vi\u1ec7c cho c\u01a1 quan ch\u1ee9c n\u0103ng \u0111i\u1ec1u tra x\u1eed l\u00fd k\u1ecbp th\u1eddi v\u00e0 th\u00f4ng b\u00e1o cho th\u00e0nh vi\u00ean \u0111\u01b0\u1ee3c bi\u1ebft;<\/p>\n<p>B\u1ea3o m\u1eadt tuy\u1ec7t \u0111\u1ed1i m\u1ecdi th\u00f4ng tin giao d\u1ecbch tr\u1ef1c tuy\u1ebfn c\u1ee7a th\u00e0nh vi\u00ean bao g\u1ed3m th\u00f4ng tin h\u00f3a \u0111\u01a1n k\u1ebf to\u00e1n ch\u1ee9ng t\u1eeb s\u1ed1 h\u00f3a tr\u00ean hoangvietmaudep.com.vn\/thucpham.<\/p>\n<p>Ban qu\u1ea3n l\u00fd hoangvietmaudep.com.vn\/thucpham y\u00eau c\u1ea7u c\u00e1c c\u00e1 nh\u00e2n khi \u0111\u0103ng k\u00fd\/ mua h\u00e0ng l\u00e0 th\u00e0nh vi\u00ean, ph\u1ea3i cung c\u1ea5p \u0111\u1ea7y \u0111\u1ee7 th\u00f4ng tin c\u00e1 nh\u00e2n c\u00f3 li\u00ean quan nh\u01b0: H\u1ecd v\u00e0 t\u00ean, \u0111\u1ecba ch\u1ec9 li\u00ean l\u1ea1c, email, s\u1ed1 ch\u1ee9ng minh nh\u00e2n d\u00e2n, \u0111i\u1ec7n tho\u1ea1i, s\u1ed1 t\u00e0i kho\u1ea3n, s\u1ed1 th\u1ebb thanh to\u00e1n \u2026., v\u00e0 ch\u1ecbu tr\u00e1ch nhi\u1ec7m v\u1ec1 t\u00ednh ph\u00e1p l\u00fd c\u1ee7a nh\u1eefng th\u00f4ng tin tr\u00ean. Ban qu\u1ea3n tr\u1ecb hoangvietmaudep.com.vn\/thucpham kh\u00f4ng ch\u1ecbu tr\u00e1ch nhi\u1ec7m c\u0169ng nh\u01b0 kh\u00f4ng gi\u1ea3i quy\u1ebft m\u1ecdi khi\u1ebfu n\u1ea1i c\u00f3 li\u00ean quan \u0111\u1ebfn quy\u1ec1n l\u1ee3i c\u1ee7a th\u00e0nh vi\u00ean \u0111\u00f3 n\u1ebfu x\u00e9t th\u1ea5y t\u1ea5t c\u1ea3 th\u00f4ng tin c\u00e1 nh\u00e2n c\u1ee7a th\u00e0nh vi\u00ean \u0111\u00f3 cung c\u1ea5p khi \u0111\u0103ng k\u00fd ban \u0111\u1ea7u l\u00e0 kh\u00f4ng ch\u00ednh x\u00e1c.<\/p>\n","protected":false},"excerpt":{"rendered":"<p>Ch\u00ednh s\u00e1ch b\u1ea3o m\u1eadt th\u00f4ng tin c\u00e1 nh\u00e2n Mu\u0323c \u0111i\u0301ch va\u0300 pha\u0323m vi thu th\u00e2\u0323p Vi\u1ec7c thu th\u1eadp d\u1eef li\u1ec7u ch\u1ee7 y\u1ebfu tr\u00ean website hoangvietmaudep.com.vn\/thucpham bao g\u1ed3m: email, \u0111i\u1ec7n tho\u1ea1i, t\u00ean \u0111\u0103ng nh\u1eadp, m\u1eadt kh\u1ea9u \u0111\u0103ng nh\u1eadp, \u0111\u1ecba ch\u1ec9 kh\u00e1ch h\u00e0ng (th\u00e0nh vi\u00ean). \u0110\u00e2y l\u00e0 c\u00e1c th\u00f4ng tin m\u00e0 hoangvietmaudep.com.vn\/thucpham c\u00e2\u0300n tha\u0300nh vi\u00ean cung c\u00e2\u0301p [&#8230;]\n","protected":false},"author":5,"featured_media":0,"parent":0,"menu_order":4,"comment_status":"closed","ping_status":"closed","template":"","meta":[],"yoast_head":"<!-- This site is optimized with the Yoast SEO plugin v14.7 - https:\/\/yoast.com\/wordpress\/plugins\/seo\/ -->\n<title>Ch\u00ednh s\u00e1ch b\u1ea3o m\u1eadt th\u00f4ng tin c\u00e1 nh\u00e2n - Th\u1ef1c Ph\u1ea9m RT 1<\/title>\n<meta name=\"robots\" content=\"index, follow\" \/>\n<meta name=\"googlebot\" content=\"index, follow, max-snippet:-1, max-image-preview:large, max-video-preview:-1\" \/>\n<meta name=\"bingbot\" content=\"index, follow, max-snippet:-1, max-image-preview:large, max-video-preview:-1\" \/>\n<link rel=\"canonical\" href=\"http:\/\/maudep.com.vn\/thucpham\/?page_id=2902\" \/>\n<meta property=\"og:locale\" content=\"vi_VN\" \/>\n<meta property=\"og:type\" content=\"article\" \/>\n<meta property=\"og:title\" content=\"Ch\u00ednh s\u00e1ch b\u1ea3o m\u1eadt th\u00f4ng tin c\u00e1 nh\u00e2n - Th\u1ef1c Ph\u1ea9m RT 1\" \/>\n<meta property=\"og:description\" content=\"Ch\u00ednh s\u00e1ch b\u1ea3o m\u1eadt th\u00f4ng tin c\u00e1 nh\u00e2n Mu\u0323c \u0111i\u0301ch va\u0300 pha\u0323m vi thu th\u00e2\u0323p Vi\u1ec7c thu th\u1eadp d\u1eef li\u1ec7u ch\u1ee7 y\u1ebfu tr\u00ean website hoangvietmaudep.com.vn\/thucpham bao g\u1ed3m: email, \u0111i\u1ec7n tho\u1ea1i, t\u00ean \u0111\u0103ng nh\u1eadp, m\u1eadt kh\u1ea9u \u0111\u0103ng nh\u1eadp, \u0111\u1ecba ch\u1ec9 kh\u00e1ch h\u00e0ng (th\u00e0nh vi\u00ean). \u0110\u00e2y l\u00e0 c\u00e1c th\u00f4ng tin m\u00e0 hoangvietmaudep.com.vn\/thucpham c\u00e2\u0300n tha\u0300nh vi\u00ean cung c\u00e2\u0301p [...]\" \/>\n<meta property=\"og:url\" content=\"http:\/\/maudep.com.vn\/thucpham\/?page_id=2902\" \/>\n<meta property=\"og:site_name\" content=\"Th\u1ef1c Ph\u1ea9m RT 1\" \/>\n<meta property=\"article:publisher\" content=\"https:\/\/www.facebook.com\/hoangvietmaudep.com.vn\/thucpham\" \/>\n<meta name=\"twitter:card\" content=\"summary_large_image\" \/>\n<script type=\"application\/ld+json\" class=\"yoast-schema-graph\">{\"@context\":\"https:\/\/schema.org\",\"@graph\":[{\"@type\":\"WebSite\",\"@id\":\"http:\/\/maudep.com.vn\/thucpham\/#website\",\"url\":\"http:\/\/maudep.com.vn\/thucpham\/\",\"name\":\"Th\\u1ef1c Ph\\u1ea9m RT 1\",\"description\":\"\",\"potentialAction\":[{\"@type\":\"SearchAction\",\"target\":\"http:\/\/maudep.com.vn\/thucpham\/?s={search_term_string}\",\"query-input\":\"required name=search_term_string\"}],\"inLanguage\":\"vi\"},{\"@type\":\"WebPage\",\"@id\":\"http:\/\/maudep.com.vn\/thucpham\/?page_id=2902#webpage\",\"url\":\"http:\/\/maudep.com.vn\/thucpham\/?page_id=2902\",\"name\":\"Ch\\u00ednh s\\u00e1ch b\\u1ea3o m\\u1eadt th\\u00f4ng tin c\\u00e1 nh\\u00e2n - Th\\u1ef1c Ph\\u1ea9m RT 1\",\"isPartOf\":{\"@id\":\"http:\/\/maudep.com.vn\/thucpham\/#website\"},\"datePublished\":\"2021-04-26T13:47:30+00:00\",\"dateModified\":\"2021-04-26T13:47:30+00:00\",\"breadcrumb\":{\"@id\":\"http:\/\/maudep.com.vn\/thucpham\/?page_id=2902#breadcrumb\"},\"inLanguage\":\"vi\",\"potentialAction\":[{\"@type\":\"ReadAction\",\"target\":[\"http:\/\/maudep.com.vn\/thucpham\/?page_id=2902\"]}]},{\"@type\":\"BreadcrumbList\",\"@id\":\"http:\/\/maudep.com.vn\/thucpham\/?page_id=2902#breadcrumb\",\"itemListElement\":[{\"@type\":\"ListItem\",\"position\":1,\"item\":{\"@type\":\"WebPage\",\"@id\":\"http:\/\/maudep.com.vn\/thucpham\/\",\"url\":\"http:\/\/maudep.com.vn\/thucpham\/\",\"name\":\"Trang ch\\u1ee7\"}},{\"@type\":\"ListItem\",\"position\":2,\"item\":{\"@type\":\"WebPage\",\"@id\":\"http:\/\/maudep.com.vn\/thucpham\/?page_id=2902\",\"url\":\"http:\/\/maudep.com.vn\/thucpham\/?page_id=2902\",\"name\":\"Ch\\u00ednh s\\u00e1ch b\\u1ea3o m\\u1eadt th\\u00f4ng tin c\\u00e1 nh\\u00e2n\"}}]}]}<\/script>\n<!-- \/ Yoast SEO plugin. -->","_links":{"self":[{"href":"http:\/\/maudep.com.vn\/thucpham\/index.php?rest_route=\/wp\/v2\/pages\/2902"}],"collection":[{"href":"http:\/\/maudep.com.vn\/thucpham\/index.php?rest_route=\/wp\/v2\/pages"}],"about":[{"href":"http:\/\/maudep.com.vn\/thucpham\/index.php?rest_route=\/wp\/v2\/types\/page"}],"author":[{"embeddable":true,"href":"http:\/\/maudep.com.vn\/thucpham\/index.php?rest_route=\/wp\/v2\/users\/5"}],"replies":[{"embeddable":true,"href":"http:\/\/maudep.com.vn\/thucpham\/index.php?rest_route=%2Fwp%2Fv2%2Fcomments&post=2902"}],"version-history":[{"count":1,"href":"http:\/\/maudep.com.vn\/thucpham\/index.php?rest_route=\/wp\/v2\/pages\/2902\/revisions"}],"predecessor-version":[{"id":2903,"href":"http:\/\/maudep.com.vn\/thucpham\/index.php?rest_route=\/wp\/v2\/pages\/2902\/revisions\/2903"}],"wp:attachment":[{"href":"http:\/\/maudep.com.vn\/thucpham\/index.php?rest_route=%2Fwp%2Fv2%2Fmedia&parent=2902"}],"curies":[{"name":"wp","href":"https:\/\/api.w.org\/{rel}","templated":true}]}}