{"id":2115,"date":"2020-09-23T09:22:39","date_gmt":"2020-09-23T02:22:39","guid":{"rendered":"https:\/\/maudep.com.vn\/thucpham\/?post_type=product&#038;p=2115"},"modified":"2021-01-13T09:58:51","modified_gmt":"2021-01-13T02:58:51","slug":"suon-vai","status":"publish","type":"product","link":"http:\/\/maudep.com.vn\/thucpham\/?product=suon-vai","title":{"rendered":"D\u1ebb s\u01b0\u1eddn b\u00f2"},"content":{"rendered":"<p style=\"text-align: justify;\">D\u1ebb s\u01b0\u1eddn b\u00f2(Rib Finger), l\u00e0 ph\u1ea7n th\u1ecbt n\u1eb1m \u1edf \u1ee9c c\u1ee7a con b\u00f2, \u0111\u01b0\u1ee3c pha l\u00f3c t\u1eeb ph\u1ea7n s\u01b0\u1eddn tr\u01b0\u1edbc. \u0110\u1eb7c tr\u01b0ng c\u1ee7a d\u1ebb s\u01b0\u1eddn l\u00e0 h\u01b0\u01a1ng th\u01a1m c\u00f9ng v\u1ecb b\u00e9o ng\u1eady b\u1edfi nh\u1eefng l\u1edbp m\u1ee1 d\u00e0y tr\u1ea3i d\u1ecdc d\u1ebb s\u01b0\u1eddn.<\/p>\n<p style=\"text-align: justify;\">D\u1ebb s\u01b0\u1eddn r\u1ea5t th\u00edch h\u1ee3p cho m\u00f3n nh\u01b0 h\u1ea7m, kho, s\u1ed1t vang. V\u1edbi \u0111\u1eb7c tr\u01b0ng ph\u1ea7n th\u1ecbt, khi ch\u1ebf bi\u1ebfn nh\u1eefng m\u00f3n \u0103n k\u1ec3 tr\u00ean v\u1edbi d\u1ebb s\u01b0\u1eddn s\u1ebd \u0111\u1eb7c bi\u1ec7t ph\u00f9 h\u1ee3p. Ngo\u00e0i ra,d\u1ebb s\u01b0\u1eddn c\u0169ng \u0111\u01b0\u1ee3c s\u1eed d\u1ee5ng \u0111\u1ec3 l\u00e0m m\u00f3n n\u01b0\u1edbng. V\u1edbi ph\u1ea7n th\u1ecbt n\u00e0y, b\u1ea1n ch\u1ec9 c\u1ea7n \u01b0\u1edbp th\u1ecbt v\u1edbi m\u1ed9t ch\u00fat x\u1ed1t Bulgogi ki\u1ec3u H\u00e0n Qu\u1ed1c v\u1edbi n\u01b0\u1edbc c\u1ed1t l\u00ea ho\u1eb7c t\u00e1o l\u00e0 \u0111\u00e3 t\u1ea1o ra m\u1ed9t m\u00f3n \u0103n c\u1ef1c k\u1ef3 \u0111\u01b0\u1ee3c y\u00eau th\u00edch v\u1edbi b\u1ea5t k\u1ef3 th\u00e0nh vi\u00ean n\u00e0o trong gia \u0111\u00ecnh.<\/p>\n<p style=\"text-align: justify;\">V\u1ecb ngon \u0111\u1ed9c \u0111\u00e1o t\u1eeb m\u00f3n d\u1ebb s\u01b0\u1eddn b\u00f2 \u00dac n\u01b0\u1edbng ch\u1eafc ch\u1eafn s\u1ebd khi\u1ebfn c\u00e1c t\u00edn \u0111\u1ed3 ghi\u1ec1n \u0103n b\u00f2 m\u00ea t\u00edt. Khi n\u01b0\u1edbng, m\u00f9i th\u01a1m \u0111\u1eb7c tr\u01b0ng c\u1ee7a th\u1ecbt b\u00f2 lan t\u1ecfa, h\u00f2a quy\u1ec7n v\u1edbi m\u00f9i c\u1ee7a gia v\u1ecb, khi ch\u00edn, v\u1ecb th\u1ecbt b\u00f2 ng\u1ecdt m\u1ec1m b\u00e9o ng\u1eady h\u00f2a quy\u1ec7n v\u1edbi v\u1ecb thanh m\u00e1t c\u1ee7a c\u00e1c lo\u1ea1i rau \u0103n k\u00e8m, t\u1ea5t c\u1ea3 s\u1ebd t\u1ea1o ra m\u1ed9t m\u00f3n \u0103n ho\u00e0n h\u1ea3o chinh ph\u1ee5c b\u1ea5t k\u1ef3 th\u1ef1c kh\u00e1ch kh\u00f3 t\u00ednh n\u00e0o, nh\u1ea5t l\u00e0 trong nh\u1eefng ng\u00e0y ti\u1ebft tr\u1eddi se l\u1ea1nh.<\/p>\n<p><strong>L\u01b0u \u00fd:<\/strong><\/p>\n<p>Ch\u1ec9 s\u1ef1 d\u1ee5ng s\u1ea3n ph\u1ea9m khi bao b\u00ec c\u00f2n nguy\u00ean v\u1eb9n.<br \/>\nKh\u00f4ng s\u1eed d\u1ee5ng s\u1ea3n ph\u1ea9m n\u1ebfu \u0111\u00e3 c\u00f3 m\u00f9i l\u1ea1.<\/p>\n","protected":false},"excerpt":{"rendered":"<p><strong>Nh\u00e3n hi\u1ec7u:<\/strong> Ho\u00e0ng Vi\u1ec7t 5G foods<\/p>\n<p><strong>Xu\u1ea5t x\u1ee9:<\/strong> \u00dac<\/p>\n<p><strong>\u0110\u00f3ng g\u00f3i:<\/strong> h\u00fat ch\u00e2n kh\u00f4ng<\/p>\n<p><strong>B\u1ea3o qu\u1ea3n:<\/strong> ng\u0103n m\u00e1t<\/p>\n<p>Th\u1ecbt b\u00f2 t\u01b0\u01a1i Ho\u00e0ng Vi\u1ec7t 5G foods \u0111\u1ea3m b\u1ea3o t\u01b0\u01a1i ngon an to\u00e0n v\u1ec7 sinh th\u1ef1c ph\u1ea9m &#8211; \u0111\u1ea1t chu\u1ea9n iso 22000:2018<\/p>\n","protected":false},"featured_media":2222,"comment_status":"open","ping_status":"closed","template":"","meta":[],"yoast_head":"<!-- This site is optimized with the Yoast SEO plugin v14.7 - https:\/\/yoast.com\/wordpress\/plugins\/seo\/ -->\n<title>D\u1ebb s\u01b0\u1eddn b\u00f2 - Th\u1ef1c Ph\u1ea9m RT 1<\/title>\n<meta name=\"description\" content=\"D\u1ebb s\u01b0\u1eddn b\u00f2 \u00dac hay c\u00f2n g\u1ecdi l\u00e0 Rib Finger, l\u00e0 ph\u1ea7n th\u1ecbt n\u1eb1m \u1edf \u1ee9c c\u1ee7a con b\u00f2, \u0111\u01b0\u1ee3c pha l\u00f3c t\u1eeb ph\u1ea7n s\u01b0\u1eddn tr\u01b0\u1edbc.\" \/>\n<meta name=\"robots\" content=\"index, follow\" \/>\n<meta name=\"googlebot\" content=\"index, follow, max-snippet:-1, max-image-preview:large, max-video-preview:-1\" \/>\n<meta name=\"bingbot\" content=\"index, follow, max-snippet:-1, max-image-preview:large, max-video-preview:-1\" \/>\n<link rel=\"canonical\" href=\"http:\/\/maudep.com.vn\/thucpham\/?product=suon-vai\" \/>\n<meta property=\"og:locale\" content=\"vi_VN\" \/>\n<meta property=\"og:type\" content=\"article\" \/>\n<meta property=\"og:title\" content=\"D\u1ebb s\u01b0\u1eddn b\u00f2 - Th\u1ef1c Ph\u1ea9m RT 1\" \/>\n<meta property=\"og:description\" content=\"D\u1ebb s\u01b0\u1eddn b\u00f2 \u00dac hay c\u00f2n g\u1ecdi l\u00e0 Rib Finger, l\u00e0 ph\u1ea7n th\u1ecbt n\u1eb1m \u1edf \u1ee9c c\u1ee7a con b\u00f2, \u0111\u01b0\u1ee3c pha l\u00f3c t\u1eeb ph\u1ea7n s\u01b0\u1eddn tr\u01b0\u1edbc.\" \/>\n<meta property=\"og:url\" content=\"http:\/\/maudep.com.vn\/thucpham\/?product=suon-vai\" \/>\n<meta property=\"og:site_name\" content=\"Th\u1ef1c Ph\u1ea9m RT 1\" \/>\n<meta property=\"article:publisher\" content=\"https:\/\/www.facebook.com\/hoangvietmaudep.com.vn\/thucpham\" \/>\n<meta property=\"article:modified_time\" content=\"2021-01-13T02:58:51+00:00\" \/>\n<meta property=\"og:image\" content=\"http:\/\/maudep.com.vn\/thucpham\/wp-content\/uploads\/2020\/09\/chon-mua-thit-de-suon-bo-431x323-1537973018.jpg\" \/>\n\t<meta property=\"og:image:width\" content=\"431\" \/>\n\t<meta property=\"og:image:height\" content=\"323\" \/>\n<meta name=\"twitter:card\" content=\"summary_large_image\" \/>\n<script type=\"application\/ld+json\" class=\"yoast-schema-graph\">{\"@context\":\"https:\/\/schema.org\",\"@graph\":[{\"@type\":\"WebSite\",\"@id\":\"http:\/\/maudep.com.vn\/thucpham\/#website\",\"url\":\"http:\/\/maudep.com.vn\/thucpham\/\",\"name\":\"Th\\u1ef1c Ph\\u1ea9m RT 1\",\"description\":\"\",\"potentialAction\":[{\"@type\":\"SearchAction\",\"target\":\"http:\/\/maudep.com.vn\/thucpham\/?s={search_term_string}\",\"query-input\":\"required name=search_term_string\"}],\"inLanguage\":\"vi\"},{\"@type\":\"ImageObject\",\"@id\":\"http:\/\/maudep.com.vn\/thucpham\/?product=suon-vai#primaryimage\",\"inLanguage\":\"vi\",\"url\":\"http:\/\/maudep.com.vn\/thucpham\/wp-content\/uploads\/2020\/09\/chon-mua-thit-de-suon-bo-431x323-1537973018.jpg\",\"width\":431,\"height\":323},{\"@type\":\"WebPage\",\"@id\":\"http:\/\/maudep.com.vn\/thucpham\/?product=suon-vai#webpage\",\"url\":\"http:\/\/maudep.com.vn\/thucpham\/?product=suon-vai\",\"name\":\"D\\u1ebb s\\u01b0\\u1eddn b\\u00f2 - Th\\u1ef1c Ph\\u1ea9m RT 1\",\"isPartOf\":{\"@id\":\"http:\/\/maudep.com.vn\/thucpham\/#website\"},\"primaryImageOfPage\":{\"@id\":\"http:\/\/maudep.com.vn\/thucpham\/?product=suon-vai#primaryimage\"},\"datePublished\":\"2020-09-23T02:22:39+00:00\",\"dateModified\":\"2021-01-13T02:58:51+00:00\",\"description\":\"D\\u1ebb s\\u01b0\\u1eddn b\\u00f2 \\u00dac hay c\\u00f2n g\\u1ecdi l\\u00e0 Rib Finger, l\\u00e0 ph\\u1ea7n th\\u1ecbt n\\u1eb1m \\u1edf \\u1ee9c c\\u1ee7a con b\\u00f2, \\u0111\\u01b0\\u1ee3c pha l\\u00f3c t\\u1eeb ph\\u1ea7n s\\u01b0\\u1eddn tr\\u01b0\\u1edbc.\",\"breadcrumb\":{\"@id\":\"http:\/\/maudep.com.vn\/thucpham\/?product=suon-vai#breadcrumb\"},\"inLanguage\":\"vi\",\"potentialAction\":[{\"@type\":\"ReadAction\",\"target\":[\"http:\/\/maudep.com.vn\/thucpham\/?product=suon-vai\"]}]},{\"@type\":\"BreadcrumbList\",\"@id\":\"http:\/\/maudep.com.vn\/thucpham\/?product=suon-vai#breadcrumb\",\"itemListElement\":[{\"@type\":\"ListItem\",\"position\":1,\"item\":{\"@type\":\"WebPage\",\"@id\":\"http:\/\/maudep.com.vn\/thucpham\/\",\"url\":\"http:\/\/maudep.com.vn\/thucpham\/\",\"name\":\"Trang ch\\u1ee7\"}},{\"@type\":\"ListItem\",\"position\":2,\"item\":{\"@type\":\"WebPage\",\"@id\":\"http:\/\/maudep.com.vn\/thucpham\/?page_id=63\",\"url\":\"http:\/\/maudep.com.vn\/thucpham\/?page_id=63\",\"name\":\"Shop\"}},{\"@type\":\"ListItem\",\"position\":3,\"item\":{\"@type\":\"WebPage\",\"@id\":\"http:\/\/maudep.com.vn\/thucpham\/?product=suon-vai\",\"url\":\"http:\/\/maudep.com.vn\/thucpham\/?product=suon-vai\",\"name\":\"D\\u1ebb s\\u01b0\\u1eddn b\\u00f2\"}}]}]}<\/script>\n<!-- \/ Yoast SEO plugin. -->","_links":{"self":[{"href":"http:\/\/maudep.com.vn\/thucpham\/index.php?rest_route=\/wp\/v2\/product\/2115"}],"collection":[{"href":"http:\/\/maudep.com.vn\/thucpham\/index.php?rest_route=\/wp\/v2\/product"}],"about":[{"href":"http:\/\/maudep.com.vn\/thucpham\/index.php?rest_route=\/wp\/v2\/types\/product"}],"replies":[{"embeddable":true,"href":"http:\/\/maudep.com.vn\/thucpham\/index.php?rest_route=%2Fwp%2Fv2%2Fcomments&post=2115"}],"wp:featuredmedia":[{"embeddable":true,"href":"http:\/\/maudep.com.vn\/thucpham\/index.php?rest_route=\/wp\/v2\/media\/2222"}],"wp:attachment":[{"href":"http:\/\/maudep.com.vn\/thucpham\/index.php?rest_route=%2Fwp%2Fv2%2Fmedia&parent=2115"}],"curies":[{"name":"wp","href":"https:\/\/api.w.org\/{rel}","templated":true}]}}