{"id":2124,"date":"2020-09-24T02:06:22","date_gmt":"2020-09-23T19:06:22","guid":{"rendered":"https:\/\/maudep.com.vn\/thucpham\/?post_type=product&#038;p=2124"},"modified":"2021-02-04T11:03:37","modified_gmt":"2021-02-04T04:03:37","slug":"loi-rua","status":"publish","type":"product","link":"http:\/\/maudep.com.vn\/thucpham\/?product=loi-rua","title":{"rendered":"L\u00f5i r\u00f9a"},"content":{"rendered":"<p style=\"text-align: justify;\"><strong>L\u00f2i r\u00f9a <\/strong>(Heel Muscle beef) hay c\u00f2n \u0111\u01b0\u1ee3c g\u1ecdi l\u00e0 b\u1eafp hoa, ph\u1ea7n c\u01a1 nh\u1ecf n\u1eb1m b\u00ean trong b\u1eafp ch\u00e2n tr\u01b0\u1edbc c\u1ee7a con b\u00f2. Th\u1ecbt b\u1eafp hoa c\u00f3 m\u00e0ng g\u00e2n bao quanh, m\u00e0u \u0111\u1ecf s\u1eabm, l\u00e0 ph\u1ea7n c\u01a1 v\u1eadn \u0111\u1ed9ng nhi\u1ec1u nh\u1ea5t c\u1ee7a con b\u00f2 n\u00ean th\u1edb th\u1ecbt nh\u1ecf, s\u0103n ch\u1eafc. \u0110\u1ed3ng th\u1eddi, ph\u1ea7n th\u1ecbt n\u00e0y c\u00f3 nhi\u1ec1u v\u00e2n gi\u1ed1ng nh\u01b0 c\u00e1nh hoa n\u00ean g\u1ecdi l\u00e0 b\u1eafp hoa. B\u1eafp hoa kh\u00f4ng c\u00f3 ho\u1eb7c h\u1ea7u nh\u01b0 kh\u00f4ng c\u00f3 m\u1ee1, \u0103n gi\u00f2n v\u00e0 r\u1ea5t th\u01a1m.<\/p>\n<p style=\"text-align: justify;\">B\u1eafp hoa chi\u1ebfm t\u1ec9 l\u1ec7 r\u1ea5t nh\u1ecf trong con b\u00f2. L\u00e0 lo\u1ea1i th\u1ecbt ngon, l\u1ea1i hi\u1ebfm n\u00ean b\u1eafp hoa r\u1ea5t \u0111\u01b0\u1ee3c c\u00e1c b\u00e0 n\u1ed9i tr\u1ee3 \u01b0a chu\u1ed9ng khi ch\u1ebf bi\u1ebfn m\u00f3n \u0103n li\u00ean quan \u0111\u1ebfn th\u1ecbt b\u00f2. B\u1eafp hoa c\u00f3 v\u1ecb ng\u1ecdt ngon, dai gi\u00f2n n\u00ean \u0111\u01b0\u1ee3c r\u1ea5t nhi\u1ec1u ng\u01b0\u1eddi \u01b0a th\u00edch, b\u1eafp hoa \u0111\u1eb7c bi\u1ec7t ngon khi l\u00e0m m\u00f3n ph\u1edf ho\u1eb7c b\u1eafp hoa ng\u00e2m m\u1eafm.<\/p>\n<p style=\"text-align: justify;\">Ph\u1ea7n th\u1ecbt n\u00e0y sau khi \u0111\u01b0\u1ee3c l\u00e0m s\u1ea1ch c\u00f3 th\u1ec3 ch\u1ebf bi\u1ebfn \u0111\u01b0\u1ee3c nhi\u1ec1u m\u00f3n \u0103n h\u1ea5p d\u1eabn \u0111\u1ec3 d\u00f9ng h\u00e0ng ng\u00e0y trong gia \u0111\u00ecnh ho\u1eb7c d\u00f9ng chi\u00eau \u0111\u00e3i kh\u00e1ch \u0111\u1ebfn nh\u00e0 trong nh\u1eefng d\u1ecbp \u0111\u1eb7c bi\u1ec7t. Ngo\u00e0i m\u00f3n ph\u1edf ho\u1eb7c ng\u00e2m m\u1eafm, m\u1ed9t s\u1ed1 m\u00f3n ngon kh\u00e1c c\u00f3 th\u1ec3 l\u00e0m t\u1eeb b\u1eafp b\u00f2 nh\u01b0 b\u1eafp b\u00f2 ch\u1ea7n h\u00e0nh gi\u00e1, salad b\u1eafp b\u00f2, l\u1ea9u ri\u00eau cua b\u1eafp b\u00f2 s\u01b0\u1eddn s\u1ee5n, canh b\u1eafp b\u00f2 n\u1ea5u kh\u1ebf, g\u1ecfi b\u1eafp b\u00f2 c\u1ea7n t\u00e2y, b\u1eafp b\u00f2 lu\u1ed9c ng\u0169 v\u1ecb&#8230;<\/p>\n<p><strong>L\u01b0u \u00fd:<\/strong><\/p>\n<p>Ch\u1ec9 s\u1ef1 d\u1ee5ng s\u1ea3n ph\u1ea9m khi bao b\u00ec c\u00f2n nguy\u00ean v\u1eb9n.<br \/>\nKh\u00f4ng s\u1eed d\u1ee5ng s\u1ea3n ph\u1ea9m n\u1ebfu \u0111\u00e3 c\u00f3 m\u00f9i l\u1ea1.<\/p>\n","protected":false},"excerpt":{"rendered":"<p><strong>Nh\u00e3n hi\u1ec7u:<\/strong> Ho\u00e0ng Vi\u1ec7t 5G foods<\/p>\n<p><strong>Xu\u1ea5t x\u1ee9:<\/strong> \u00dac<\/p>\n<p><strong>\u0110\u00f3ng g\u00f3i:<\/strong> h\u00fat ch\u00e2n kh\u00f4ng<\/p>\n<p><strong>B\u1ea3o qu\u1ea3n:<\/strong> ng\u0103n m\u00e1t<\/p>\n<p>Th\u1ecbt b\u00f2 t\u01b0\u01a1i Ho\u00e0ng Vi\u1ec7t 5G foods \u0111\u1ea3m b\u1ea3o t\u01b0\u01a1i ngon an to\u00e0n v\u1ec7 sinh th\u1ef1c ph\u1ea9m &#8211; \u0111\u1ea1t chu\u1ea9n iso 22000:2018<\/p>\n<p>&nbsp;<\/p>\n","protected":false},"featured_media":2844,"comment_status":"open","ping_status":"closed","template":"","meta":[],"yoast_head":"<!-- This site is optimized with the Yoast SEO plugin v14.7 - https:\/\/yoast.com\/wordpress\/plugins\/seo\/ -->\n<title>L\u00f5i r\u00f9a - Th\u1ef1c Ph\u1ea9m RT 1<\/title>\n<meta name=\"description\" content=\"Ph\u1ea7n th\u1ecbt n\u00e0y c\u00f3 nhi\u1ec1u v\u00e2n gi\u1ed1ng nh\u01b0 c\u00e1nh hoa n\u00ean g\u1ecdi l\u00e0 b\u1eafp hoa. B\u1eafp hoa kh\u00f4ng c\u00f3 ho\u1eb7c h\u1ea7u nh\u01b0 kh\u00f4ng c\u00f3 m\u1ee1, \u0103n gi\u00f2n v\u00e0 r\u1ea5t th\u01a1m.\" \/>\n<meta name=\"robots\" content=\"index, follow\" \/>\n<meta name=\"googlebot\" content=\"index, follow, max-snippet:-1, max-image-preview:large, max-video-preview:-1\" \/>\n<meta name=\"bingbot\" content=\"index, follow, max-snippet:-1, max-image-preview:large, max-video-preview:-1\" \/>\n<link rel=\"canonical\" href=\"http:\/\/maudep.com.vn\/thucpham\/?product=loi-rua\" \/>\n<meta property=\"og:locale\" content=\"vi_VN\" \/>\n<meta property=\"og:type\" content=\"article\" \/>\n<meta property=\"og:title\" content=\"L\u00f5i r\u00f9a - Th\u1ef1c Ph\u1ea9m RT 1\" \/>\n<meta property=\"og:description\" content=\"Ph\u1ea7n th\u1ecbt n\u00e0y c\u00f3 nhi\u1ec1u v\u00e2n gi\u1ed1ng nh\u01b0 c\u00e1nh hoa n\u00ean g\u1ecdi l\u00e0 b\u1eafp hoa. B\u1eafp hoa kh\u00f4ng c\u00f3 ho\u1eb7c h\u1ea7u nh\u01b0 kh\u00f4ng c\u00f3 m\u1ee1, \u0103n gi\u00f2n v\u00e0 r\u1ea5t th\u01a1m.\" \/>\n<meta property=\"og:url\" content=\"http:\/\/maudep.com.vn\/thucpham\/?product=loi-rua\" \/>\n<meta property=\"og:site_name\" content=\"Th\u1ef1c Ph\u1ea9m RT 1\" \/>\n<meta property=\"article:publisher\" content=\"https:\/\/www.facebook.com\/hoangvietmaudep.com.vn\/thucpham\" \/>\n<meta property=\"article:modified_time\" content=\"2021-02-04T04:03:37+00:00\" \/>\n<meta property=\"og:image\" content=\"http:\/\/maudep.com.vn\/thucpham\/wp-content\/uploads\/2020\/09\/loi-rua-bo.jpg\" \/>\n\t<meta property=\"og:image:width\" content=\"1092\" \/>\n\t<meta property=\"og:image:height\" content=\"800\" \/>\n<meta name=\"twitter:card\" content=\"summary_large_image\" \/>\n<script type=\"application\/ld+json\" class=\"yoast-schema-graph\">{\"@context\":\"https:\/\/schema.org\",\"@graph\":[{\"@type\":\"WebSite\",\"@id\":\"http:\/\/maudep.com.vn\/thucpham\/#website\",\"url\":\"http:\/\/maudep.com.vn\/thucpham\/\",\"name\":\"Th\\u1ef1c Ph\\u1ea9m RT 1\",\"description\":\"\",\"potentialAction\":[{\"@type\":\"SearchAction\",\"target\":\"http:\/\/maudep.com.vn\/thucpham\/?s={search_term_string}\",\"query-input\":\"required name=search_term_string\"}],\"inLanguage\":\"vi\"},{\"@type\":\"ImageObject\",\"@id\":\"http:\/\/maudep.com.vn\/thucpham\/?product=loi-rua#primaryimage\",\"inLanguage\":\"vi\",\"url\":\"http:\/\/maudep.com.vn\/thucpham\/wp-content\/uploads\/2020\/09\/loi-rua-bo.jpg\",\"width\":1092,\"height\":800,\"caption\":\"loi-rua-bo\"},{\"@type\":\"WebPage\",\"@id\":\"http:\/\/maudep.com.vn\/thucpham\/?product=loi-rua#webpage\",\"url\":\"http:\/\/maudep.com.vn\/thucpham\/?product=loi-rua\",\"name\":\"L\\u00f5i r\\u00f9a - Th\\u1ef1c Ph\\u1ea9m RT 1\",\"isPartOf\":{\"@id\":\"http:\/\/maudep.com.vn\/thucpham\/#website\"},\"primaryImageOfPage\":{\"@id\":\"http:\/\/maudep.com.vn\/thucpham\/?product=loi-rua#primaryimage\"},\"datePublished\":\"2020-09-23T19:06:22+00:00\",\"dateModified\":\"2021-02-04T04:03:37+00:00\",\"description\":\"Ph\\u1ea7n th\\u1ecbt n\\u00e0y c\\u00f3 nhi\\u1ec1u v\\u00e2n gi\\u1ed1ng nh\\u01b0 c\\u00e1nh hoa n\\u00ean g\\u1ecdi l\\u00e0 b\\u1eafp hoa. B\\u1eafp hoa kh\\u00f4ng c\\u00f3 ho\\u1eb7c h\\u1ea7u nh\\u01b0 kh\\u00f4ng c\\u00f3 m\\u1ee1, \\u0103n gi\\u00f2n v\\u00e0 r\\u1ea5t th\\u01a1m.\",\"breadcrumb\":{\"@id\":\"http:\/\/maudep.com.vn\/thucpham\/?product=loi-rua#breadcrumb\"},\"inLanguage\":\"vi\",\"potentialAction\":[{\"@type\":\"ReadAction\",\"target\":[\"http:\/\/maudep.com.vn\/thucpham\/?product=loi-rua\"]}]},{\"@type\":\"BreadcrumbList\",\"@id\":\"http:\/\/maudep.com.vn\/thucpham\/?product=loi-rua#breadcrumb\",\"itemListElement\":[{\"@type\":\"ListItem\",\"position\":1,\"item\":{\"@type\":\"WebPage\",\"@id\":\"http:\/\/maudep.com.vn\/thucpham\/\",\"url\":\"http:\/\/maudep.com.vn\/thucpham\/\",\"name\":\"Trang ch\\u1ee7\"}},{\"@type\":\"ListItem\",\"position\":2,\"item\":{\"@type\":\"WebPage\",\"@id\":\"http:\/\/maudep.com.vn\/thucpham\/?page_id=63\",\"url\":\"http:\/\/maudep.com.vn\/thucpham\/?page_id=63\",\"name\":\"Shop\"}},{\"@type\":\"ListItem\",\"position\":3,\"item\":{\"@type\":\"WebPage\",\"@id\":\"http:\/\/maudep.com.vn\/thucpham\/?product=loi-rua\",\"url\":\"http:\/\/maudep.com.vn\/thucpham\/?product=loi-rua\",\"name\":\"L\\u00f5i r\\u00f9a\"}}]}]}<\/script>\n<!-- \/ Yoast SEO plugin. -->","_links":{"self":[{"href":"http:\/\/maudep.com.vn\/thucpham\/index.php?rest_route=\/wp\/v2\/product\/2124"}],"collection":[{"href":"http:\/\/maudep.com.vn\/thucpham\/index.php?rest_route=\/wp\/v2\/product"}],"about":[{"href":"http:\/\/maudep.com.vn\/thucpham\/index.php?rest_route=\/wp\/v2\/types\/product"}],"replies":[{"embeddable":true,"href":"http:\/\/maudep.com.vn\/thucpham\/index.php?rest_route=%2Fwp%2Fv2%2Fcomments&post=2124"}],"wp:featuredmedia":[{"embeddable":true,"href":"http:\/\/maudep.com.vn\/thucpham\/index.php?rest_route=\/wp\/v2\/media\/2844"}],"wp:attachment":[{"href":"http:\/\/maudep.com.vn\/thucpham\/index.php?rest_route=%2Fwp%2Fv2%2Fmedia&parent=2124"}],"curies":[{"name":"wp","href":"https:\/\/api.w.org\/{rel}","templated":true}]}}