{"id":2131,"date":"2020-09-24T02:08:33","date_gmt":"2020-09-23T19:08:33","guid":{"rendered":"https:\/\/maudep.com.vn\/thucpham\/?post_type=product&#038;p=2131"},"modified":"2021-02-04T10:41:55","modified_gmt":"2021-02-04T03:41:55","slug":"bap-hoa","status":"publish","type":"product","link":"http:\/\/maudep.com.vn\/thucpham\/?product=bap-hoa","title":{"rendered":"B\u1eafp b\u00f2"},"content":{"rendered":"<p style=\"text-align: justify;\"><strong>B\u1eafp b\u00f2<\/strong>(Shin\/Shank), l\u00e0 ph\u1ea7n th\u1ecbt n\u1eb1m \u1edf ph\u1ea7n b\u1eafp \u0111\u00f9i ch\u00e2n tr\u01b0\u1edbc v\u00e0 ch\u00e2n sau c\u1ee7a con b\u00f2, ch\u1ee9a r\u1ea5t nhi\u1ec1u g\u00e2n. V\u1edbi \u0111\u1eb7c tr\u01b0ng l\u00e0 n\u01a1i t\u1eadp trung c\u00e1c c\u01a1 ho\u1ea1t \u0111\u1ed9ng nhi\u1ec1u nh\u1ea5t tr\u00ean c\u01a1 th\u1ec3 con b\u00f2, th\u1ecbt b\u1eafp b\u00f2 r\u1ea5t ch\u1eafc v\u00e0 ng\u1ecdt, c\u00f3 th\u1ec3 ch\u1ebf bi\u1ebfn \u0111\u01b0\u1ee3c nhi\u1ec1u m\u00f3n th\u01a1m ngon, gi\u00f2n dai v\u00e0 kh\u00f4ng ng\u1ea5y.<\/p>\n<p style=\"text-align: justify;\">Th\u1ecbt b\u1eafp b\u00f2 \u00dac ch\u1ee9a r\u1ea5t nhi\u1ec1u ch\u1ea5t dinh d\u01b0\u1ee1ng, \u0111\u1eb7c bi\u1ec7t l\u00e0 gi\u00e0u s\u1eaft, gi\u00fap c\u01a1 th\u1ec3 b\u1ed5 sung l\u01b0\u1ee3ng m\u00e1u v\u00e0 tr\u00e1nh b\u1ecb thi\u1ebfu m\u00e1u. B\u00ean c\u1ea1nh \u0111\u00f3, lo\u1ea1i th\u1ecbt n\u00e0y c\u0169ng gi\u00e0u protein, vitamin B, kali, magie v\u00e0 c\u00e1c ch\u1ea5t kho\u00e1ng c\u1ea7n thi\u1ebft. \u0102n nhi\u1ec1u th\u1ecbt b\u1eafp b\u00f2 s\u1ebd gi\u00fap c\u01a1 th\u1ec3 b\u1ed5 sung m\u1ed9t l\u01b0\u1ee3ng m\u00e1u r\u1ea5t l\u1edbn, \u0111\u1ed3ng th\u1eddi gi\u00fap ph\u00e1t tri\u1ec3n c\u01a1 b\u1eafp, th\u00edch h\u1ee3p cho m\u1ecdi \u0111\u1ed1i t\u01b0\u1ee3ng ng\u01b0\u1eddi d\u00f9ng.<\/p>\n<p style=\"text-align: justify;\">Ch\u00ednh nh\u1edd ngu\u1ed3n dinh d\u01b0\u1ee1ng v\u00e0 kho\u00e1ng ch\u1ea5t d\u1ed3i d\u00e0o nh\u01b0 tr\u00ean, th\u1ecbt b\u1eafp b\u00f2 \u00dac lu\u00f4n \u0111\u01b0\u1ee3c c\u00e1c b\u00e0 n\u1ed9i tr\u1ee3, c\u00e1c nh\u00e0 h\u00e0ng, qu\u00e1n \u0103n, \u0111\u1ecba \u0111i\u1ec3m \u0103n u\u1ed1ng kh\u00e1c \u01b0u ti\u00ean v\u00e0 t\u1eadn d\u1ee5ng lo\u1ea1i th\u1ef1c ph\u1ea9m n\u00e0y. Th\u1ecbt b\u1eafp b\u00f2 \u00dac r\u1ea5t d\u1ec5 s\u1eed d\u1ee5ng, b\u1edfi ch\u00fang c\u00f3 th\u1ec3 \u0111\u01b0\u1ee3c ch\u1ebf bi\u1ebfn ra v\u00f4 s\u1ed1 m\u00f3n \u0103n h\u1ea5p d\u1eabn nh\u01b0: ph\u1edf b\u1eafp b\u00f2, salad b\u1eafp b\u00f2 me chua, b\u1eafp b\u00f2 ch\u1ea7n h\u00e0nh gi\u00e1 ho\u1eb7c b\u1eafp b\u00f2 ng\u00e2m m\u1eafm&#8230;<\/p>\n<p><strong>L\u01b0u \u00fd:<\/strong><\/p>\n<p>Ch\u1ec9 s\u1ef1 d\u1ee5ng s\u1ea3n ph\u1ea9m khi bao b\u00ec c\u00f2n nguy\u00ean v\u1eb9n.<br \/>\nKh\u00f4ng s\u1eed d\u1ee5ng s\u1ea3n ph\u1ea9m n\u1ebfu \u0111\u00e3 c\u00f3 m\u00f9i l\u1ea1.<\/p>\n","protected":false},"excerpt":{"rendered":"<p><strong>Nh\u00e3n hi\u1ec7u:<\/strong> Ho\u00e0ng Vi\u1ec7t 5G foods<\/p>\n<p><strong>Xu\u1ea5t x\u1ee9:<\/strong> \u00dac<\/p>\n<p><strong>\u0110\u00f3ng g\u00f3i:<\/strong> h\u00fat ch\u00e2n kh\u00f4ng<\/p>\n<p><strong>B\u1ea3o qu\u1ea3n:<\/strong> ng\u0103n m\u00e1t<\/p>\n<p>Th\u1ecbt b\u00f2 t\u01b0\u01a1i Ho\u00e0ng Vi\u1ec7t 5G foods \u0111\u1ea3m b\u1ea3o t\u01b0\u01a1i ngon an to\u00e0n v\u1ec7 sinh th\u1ef1c ph\u1ea9m &#8211; \u0111\u1ea1t chu\u1ea9n iso 22000:2018<\/p>\n","protected":false},"featured_media":2843,"comment_status":"open","ping_status":"closed","template":"","meta":[],"yoast_head":"<!-- This site is optimized with the Yoast SEO plugin v14.7 - https:\/\/yoast.com\/wordpress\/plugins\/seo\/ -->\n<title>B\u1eafp b\u00f2 - Th\u1ef1c Ph\u1ea9m RT 1<\/title>\n<meta name=\"description\" content=\"B\u1eafp b\u00f2 \u00dac hay c\u00f2n g\u1ecdi l\u00e0 Shin\/Shank, l\u00e0 ph\u1ea7n th\u1ecbt n\u1eb1m \u1edf ph\u1ea7n b\u1eafp \u0111\u00f9i ch\u00e2n tr\u01b0\u1edbc v\u00e0 ch\u00e2n sau c\u1ee7a con b\u00f2, ch\u1ee9a r\u1ea5t nhi\u1ec1u g\u00e2n.\" \/>\n<meta name=\"robots\" content=\"index, follow\" \/>\n<meta name=\"googlebot\" content=\"index, follow, max-snippet:-1, max-image-preview:large, max-video-preview:-1\" \/>\n<meta name=\"bingbot\" content=\"index, follow, max-snippet:-1, max-image-preview:large, max-video-preview:-1\" \/>\n<link rel=\"canonical\" href=\"http:\/\/maudep.com.vn\/thucpham\/?product=bap-hoa\" \/>\n<meta property=\"og:locale\" content=\"vi_VN\" \/>\n<meta property=\"og:type\" content=\"article\" \/>\n<meta property=\"og:title\" content=\"B\u1eafp b\u00f2 - Th\u1ef1c Ph\u1ea9m RT 1\" \/>\n<meta property=\"og:description\" content=\"B\u1eafp b\u00f2 \u00dac hay c\u00f2n g\u1ecdi l\u00e0 Shin\/Shank, l\u00e0 ph\u1ea7n th\u1ecbt n\u1eb1m \u1edf ph\u1ea7n b\u1eafp \u0111\u00f9i ch\u00e2n tr\u01b0\u1edbc v\u00e0 ch\u00e2n sau c\u1ee7a con b\u00f2, ch\u1ee9a r\u1ea5t nhi\u1ec1u g\u00e2n.\" \/>\n<meta property=\"og:url\" content=\"http:\/\/maudep.com.vn\/thucpham\/?product=bap-hoa\" \/>\n<meta property=\"og:site_name\" content=\"Th\u1ef1c Ph\u1ea9m RT 1\" \/>\n<meta property=\"article:publisher\" content=\"https:\/\/www.facebook.com\/hoangvietmaudep.com.vn\/thucpham\" \/>\n<meta property=\"article:modified_time\" content=\"2021-02-04T03:41:55+00:00\" \/>\n<meta property=\"og:image\" content=\"http:\/\/maudep.com.vn\/thucpham\/wp-content\/uploads\/2020\/09\/bap-bo.jpg\" \/>\n\t<meta property=\"og:image:width\" content=\"1092\" \/>\n\t<meta property=\"og:image:height\" content=\"800\" \/>\n<meta name=\"twitter:card\" content=\"summary_large_image\" \/>\n<script type=\"application\/ld+json\" class=\"yoast-schema-graph\">{\"@context\":\"https:\/\/schema.org\",\"@graph\":[{\"@type\":\"WebSite\",\"@id\":\"http:\/\/maudep.com.vn\/thucpham\/#website\",\"url\":\"http:\/\/maudep.com.vn\/thucpham\/\",\"name\":\"Th\\u1ef1c Ph\\u1ea9m RT 1\",\"description\":\"\",\"potentialAction\":[{\"@type\":\"SearchAction\",\"target\":\"http:\/\/maudep.com.vn\/thucpham\/?s={search_term_string}\",\"query-input\":\"required name=search_term_string\"}],\"inLanguage\":\"vi\"},{\"@type\":\"ImageObject\",\"@id\":\"http:\/\/maudep.com.vn\/thucpham\/?product=bap-hoa#primaryimage\",\"inLanguage\":\"vi\",\"url\":\"http:\/\/maudep.com.vn\/thucpham\/wp-content\/uploads\/2020\/09\/bap-bo.jpg\",\"width\":1092,\"height\":800,\"caption\":\"bap-bo-uc\"},{\"@type\":\"WebPage\",\"@id\":\"http:\/\/maudep.com.vn\/thucpham\/?product=bap-hoa#webpage\",\"url\":\"http:\/\/maudep.com.vn\/thucpham\/?product=bap-hoa\",\"name\":\"B\\u1eafp b\\u00f2 - Th\\u1ef1c Ph\\u1ea9m RT 1\",\"isPartOf\":{\"@id\":\"http:\/\/maudep.com.vn\/thucpham\/#website\"},\"primaryImageOfPage\":{\"@id\":\"http:\/\/maudep.com.vn\/thucpham\/?product=bap-hoa#primaryimage\"},\"datePublished\":\"2020-09-23T19:08:33+00:00\",\"dateModified\":\"2021-02-04T03:41:55+00:00\",\"description\":\"B\\u1eafp b\\u00f2 \\u00dac hay c\\u00f2n g\\u1ecdi l\\u00e0 Shin\/Shank, l\\u00e0 ph\\u1ea7n th\\u1ecbt n\\u1eb1m \\u1edf ph\\u1ea7n b\\u1eafp \\u0111\\u00f9i ch\\u00e2n tr\\u01b0\\u1edbc v\\u00e0 ch\\u00e2n sau c\\u1ee7a con b\\u00f2, ch\\u1ee9a r\\u1ea5t nhi\\u1ec1u g\\u00e2n.\",\"breadcrumb\":{\"@id\":\"http:\/\/maudep.com.vn\/thucpham\/?product=bap-hoa#breadcrumb\"},\"inLanguage\":\"vi\",\"potentialAction\":[{\"@type\":\"ReadAction\",\"target\":[\"http:\/\/maudep.com.vn\/thucpham\/?product=bap-hoa\"]}]},{\"@type\":\"BreadcrumbList\",\"@id\":\"http:\/\/maudep.com.vn\/thucpham\/?product=bap-hoa#breadcrumb\",\"itemListElement\":[{\"@type\":\"ListItem\",\"position\":1,\"item\":{\"@type\":\"WebPage\",\"@id\":\"http:\/\/maudep.com.vn\/thucpham\/\",\"url\":\"http:\/\/maudep.com.vn\/thucpham\/\",\"name\":\"Trang ch\\u1ee7\"}},{\"@type\":\"ListItem\",\"position\":2,\"item\":{\"@type\":\"WebPage\",\"@id\":\"http:\/\/maudep.com.vn\/thucpham\/?page_id=63\",\"url\":\"http:\/\/maudep.com.vn\/thucpham\/?page_id=63\",\"name\":\"Shop\"}},{\"@type\":\"ListItem\",\"position\":3,\"item\":{\"@type\":\"WebPage\",\"@id\":\"http:\/\/maudep.com.vn\/thucpham\/?product=bap-hoa\",\"url\":\"http:\/\/maudep.com.vn\/thucpham\/?product=bap-hoa\",\"name\":\"B\\u1eafp b\\u00f2\"}}]}]}<\/script>\n<!-- \/ Yoast SEO plugin. -->","_links":{"self":[{"href":"http:\/\/maudep.com.vn\/thucpham\/index.php?rest_route=\/wp\/v2\/product\/2131"}],"collection":[{"href":"http:\/\/maudep.com.vn\/thucpham\/index.php?rest_route=\/wp\/v2\/product"}],"about":[{"href":"http:\/\/maudep.com.vn\/thucpham\/index.php?rest_route=\/wp\/v2\/types\/product"}],"replies":[{"embeddable":true,"href":"http:\/\/maudep.com.vn\/thucpham\/index.php?rest_route=%2Fwp%2Fv2%2Fcomments&post=2131"}],"wp:featuredmedia":[{"embeddable":true,"href":"http:\/\/maudep.com.vn\/thucpham\/index.php?rest_route=\/wp\/v2\/media\/2843"}],"wp:attachment":[{"href":"http:\/\/maudep.com.vn\/thucpham\/index.php?rest_route=%2Fwp%2Fv2%2Fmedia&parent=2131"}],"curies":[{"name":"wp","href":"https:\/\/api.w.org\/{rel}","templated":true}]}}